{"id":2205,"date":"2022-09-17T12:03:55","date_gmt":"2022-09-17T12:03:55","guid":{"rendered":"https:\/\/sites.rutgers.edu\/edwin-bryant\/?page_id=2205"},"modified":"2022-11-08T23:42:48","modified_gmt":"2022-11-08T23:42:48","slug":"bhagavata-svadhyaya","status":"publish","type":"page","link":"https:\/\/sites.rutgers.edu\/edwin-bryant\/bhagavata-svadhyaya\/","title":{"rendered":"Bhagavata Tales and Teachings"},"content":{"rendered":"<h4><a href=\"https:\/\/cdnapisec.kaltura.com\/p\/879252\/sp\/87925200\/playManifest\/entryId\/1_8g9kbl12\/flavorId\/1_c7ig1fh6\/format\/url\/protocol\/http\/a.mp4\" target=\"_blank\" rel=\"noopener noreferrer\">King Par\u012bk\u1e63it Preparing for Death &#8211; 2020<\/a><\/h4>\n<p>&nbsp;<\/p>\n<h4><strong>Bh\u0101gavata Tales and Teachings\u00a0 September 2022<\/strong><\/h4>\n<h4><\/h4>\n<h4><a href=\"https:\/\/rutgers.mediaspace.kaltura.com\/media\/1_i3x9szsr\" target=\"_blank\" rel=\"noopener noreferrer\">I: The Tales of Sages Vy\u0101sa and N\u0101rada<\/a><\/h4>\n<h4><a href=\"https:\/\/rutgers.mediaspace.kaltura.com\/media\/1_fdd2q15t\" target=\"_blank\" rel=\"noopener\">II: Sage \u015aukadeva Gosw\u0101m\u012b and King Par\u012bk\u1e63it<\/a><\/h4>\n<h4><a href=\"https:\/\/rutgers.mediaspace.kaltura.com\/media\/1_yyupcmhl\" target=\"_blank\" rel=\"noopener\">III: Tale of Brahm\u0101<\/a><\/h4>\n<h4><a href=\"https:\/\/rutgers.mediaspace.kaltura.com\/media\/1_n3fku6cx\" target=\"_blank\" rel=\"noopener\">IV: Kapila and S\u0101\u1e43khya<\/a><\/h4>\n<h4><a href=\"https:\/\/rutgers.mediaspace.kaltura.com\/media\/1_ysstuo2l\" target=\"_blank\" rel=\"noopener\">V: Tale of Bharata<\/a><\/h4>\n<h4><a href=\"https:\/\/rutgers.mediaspace.kaltura.com\/media\/1_yrzftm9n\" target=\"_blank\" rel=\"noopener\">VI: Tale of Citraketu<\/a><\/h4>\n<h4><a href=\"https:\/\/rutgers.mediaspace.kaltura.com\/media\/1_znfz0u81\" target=\"_blank\" rel=\"noopener\">VII: Tale of Dhruva<\/a><\/h4>\n<h4><a href=\"https:\/\/rutgers.mediaspace.kaltura.com\/media\/1_t0vdlx09\" target=\"_blank\" rel=\"noopener\">VIII: Krishna L\u012bl\u0101<\/a><\/h4>\n<p>&nbsp;<\/p>\n","protected":false},"excerpt":{"rendered":"<p>King Par\u012bk\u1e63it Preparing for Death &#8211; 2020 &nbsp; Bh\u0101gavata Tales and Teachings\u00a0 September 2022 I: The Tales of Sages Vy\u0101sa and N\u0101rada II: Sage \u015aukadeva Gosw\u0101m\u012b and King Par\u012bk\u1e63it III: &hellip; <a href=\"https:\/\/sites.rutgers.edu\/edwin-bryant\/bhagavata-svadhyaya\/\" class=\"\">Read More<\/a><\/p>\n","protected":false},"author":652,"featured_media":0,"parent":0,"menu_order":0,"comment_status":"closed","ping_status":"closed","template":"template-custom.php","meta":{"_acf_changed":false,"footnotes":""},"class_list":["post-2205","page","type-page","status-publish","hentry"],"acf":[],"yoast_head":"<!-- This site is optimized with the Yoast SEO plugin v23.5 - https:\/\/yoast.com\/wordpress\/plugins\/seo\/ -->\n<title>Bhagavata Tales and Teachings - Edwin Bryant<\/title>\n<meta name=\"robots\" content=\"index, follow, max-snippet:-1, max-image-preview:large, max-video-preview:-1\" \/>\n<link rel=\"canonical\" href=\"https:\/\/sites.rutgers.edu\/edwin-bryant\/bhagavata-svadhyaya\/\" \/>\n<meta property=\"og:locale\" content=\"en_US\" \/>\n<meta property=\"og:type\" content=\"article\" \/>\n<meta property=\"og:title\" content=\"Bhagavata Tales and Teachings - Edwin Bryant\" \/>\n<meta property=\"og:description\" content=\"King Par\u012bk\u1e63it Preparing for Death &#8211; 2020 &nbsp; Bh\u0101gavata Tales and Teachings\u00a0 September 2022 I: The Tales of Sages Vy\u0101sa and N\u0101rada II: Sage \u015aukadeva Gosw\u0101m\u012b and King Par\u012bk\u1e63it III: &hellip; Read More\" \/>\n<meta property=\"og:url\" content=\"https:\/\/sites.rutgers.edu\/edwin-bryant\/bhagavata-svadhyaya\/\" \/>\n<meta property=\"og:site_name\" content=\"Edwin Bryant\" \/>\n<meta property=\"article:modified_time\" content=\"2022-11-08T23:42:48+00:00\" \/>\n<meta name=\"twitter:card\" content=\"summary_large_image\" \/>\n<script type=\"application\/ld+json\" class=\"yoast-schema-graph\">{\"@context\":\"https:\/\/schema.org\",\"@graph\":[{\"@type\":\"WebPage\",\"@id\":\"https:\/\/sites.rutgers.edu\/edwin-bryant\/bhagavata-svadhyaya\/\",\"url\":\"https:\/\/sites.rutgers.edu\/edwin-bryant\/bhagavata-svadhyaya\/\",\"name\":\"Bhagavata Tales and Teachings - Edwin Bryant\",\"isPartOf\":{\"@id\":\"https:\/\/sites.rutgers.edu\/edwin-bryant\/#website\"},\"datePublished\":\"2022-09-17T12:03:55+00:00\",\"dateModified\":\"2022-11-08T23:42:48+00:00\",\"breadcrumb\":{\"@id\":\"https:\/\/sites.rutgers.edu\/edwin-bryant\/bhagavata-svadhyaya\/#breadcrumb\"},\"inLanguage\":\"en-US\",\"potentialAction\":[{\"@type\":\"ReadAction\",\"target\":[\"https:\/\/sites.rutgers.edu\/edwin-bryant\/bhagavata-svadhyaya\/\"]}]},{\"@type\":\"BreadcrumbList\",\"@id\":\"https:\/\/sites.rutgers.edu\/edwin-bryant\/bhagavata-svadhyaya\/#breadcrumb\",\"itemListElement\":[{\"@type\":\"ListItem\",\"position\":1,\"name\":\"Home\",\"item\":\"https:\/\/sites.rutgers.edu\/edwin-bryant\/\"},{\"@type\":\"ListItem\",\"position\":2,\"name\":\"Bhagavata Tales and Teachings\"}]},{\"@type\":\"WebSite\",\"@id\":\"https:\/\/sites.rutgers.edu\/edwin-bryant\/#website\",\"url\":\"https:\/\/sites.rutgers.edu\/edwin-bryant\/\",\"name\":\"Edwin Bryant\",\"description\":\"\",\"potentialAction\":[{\"@type\":\"SearchAction\",\"target\":{\"@type\":\"EntryPoint\",\"urlTemplate\":\"https:\/\/sites.rutgers.edu\/edwin-bryant\/?s={search_term_string}\"},\"query-input\":{\"@type\":\"PropertyValueSpecification\",\"valueRequired\":true,\"valueName\":\"search_term_string\"}}],\"inLanguage\":\"en-US\"}]}<\/script>\n<!-- \/ Yoast SEO plugin. -->","yoast_head_json":{"title":"Bhagavata Tales and Teachings - Edwin Bryant","robots":{"index":"index","follow":"follow","max-snippet":"max-snippet:-1","max-image-preview":"max-image-preview:large","max-video-preview":"max-video-preview:-1"},"canonical":"https:\/\/sites.rutgers.edu\/edwin-bryant\/bhagavata-svadhyaya\/","og_locale":"en_US","og_type":"article","og_title":"Bhagavata Tales and Teachings - Edwin Bryant","og_description":"King Par\u012bk\u1e63it Preparing for Death &#8211; 2020 &nbsp; Bh\u0101gavata Tales and Teachings\u00a0 September 2022 I: The Tales of Sages Vy\u0101sa and N\u0101rada II: Sage \u015aukadeva Gosw\u0101m\u012b and King Par\u012bk\u1e63it III: &hellip; Read More","og_url":"https:\/\/sites.rutgers.edu\/edwin-bryant\/bhagavata-svadhyaya\/","og_site_name":"Edwin Bryant","article_modified_time":"2022-11-08T23:42:48+00:00","twitter_card":"summary_large_image","schema":{"@context":"https:\/\/schema.org","@graph":[{"@type":"WebPage","@id":"https:\/\/sites.rutgers.edu\/edwin-bryant\/bhagavata-svadhyaya\/","url":"https:\/\/sites.rutgers.edu\/edwin-bryant\/bhagavata-svadhyaya\/","name":"Bhagavata Tales and Teachings - Edwin Bryant","isPartOf":{"@id":"https:\/\/sites.rutgers.edu\/edwin-bryant\/#website"},"datePublished":"2022-09-17T12:03:55+00:00","dateModified":"2022-11-08T23:42:48+00:00","breadcrumb":{"@id":"https:\/\/sites.rutgers.edu\/edwin-bryant\/bhagavata-svadhyaya\/#breadcrumb"},"inLanguage":"en-US","potentialAction":[{"@type":"ReadAction","target":["https:\/\/sites.rutgers.edu\/edwin-bryant\/bhagavata-svadhyaya\/"]}]},{"@type":"BreadcrumbList","@id":"https:\/\/sites.rutgers.edu\/edwin-bryant\/bhagavata-svadhyaya\/#breadcrumb","itemListElement":[{"@type":"ListItem","position":1,"name":"Home","item":"https:\/\/sites.rutgers.edu\/edwin-bryant\/"},{"@type":"ListItem","position":2,"name":"Bhagavata Tales and Teachings"}]},{"@type":"WebSite","@id":"https:\/\/sites.rutgers.edu\/edwin-bryant\/#website","url":"https:\/\/sites.rutgers.edu\/edwin-bryant\/","name":"Edwin Bryant","description":"","potentialAction":[{"@type":"SearchAction","target":{"@type":"EntryPoint","urlTemplate":"https:\/\/sites.rutgers.edu\/edwin-bryant\/?s={search_term_string}"},"query-input":{"@type":"PropertyValueSpecification","valueRequired":true,"valueName":"search_term_string"}}],"inLanguage":"en-US"}]}},"_links":{"self":[{"href":"https:\/\/sites.rutgers.edu\/edwin-bryant\/wp-json\/wp\/v2\/pages\/2205"}],"collection":[{"href":"https:\/\/sites.rutgers.edu\/edwin-bryant\/wp-json\/wp\/v2\/pages"}],"about":[{"href":"https:\/\/sites.rutgers.edu\/edwin-bryant\/wp-json\/wp\/v2\/types\/page"}],"author":[{"embeddable":true,"href":"https:\/\/sites.rutgers.edu\/edwin-bryant\/wp-json\/wp\/v2\/users\/652"}],"replies":[{"embeddable":true,"href":"https:\/\/sites.rutgers.edu\/edwin-bryant\/wp-json\/wp\/v2\/comments?post=2205"}],"version-history":[{"count":25,"href":"https:\/\/sites.rutgers.edu\/edwin-bryant\/wp-json\/wp\/v2\/pages\/2205\/revisions"}],"predecessor-version":[{"id":2263,"href":"https:\/\/sites.rutgers.edu\/edwin-bryant\/wp-json\/wp\/v2\/pages\/2205\/revisions\/2263"}],"wp:attachment":[{"href":"https:\/\/sites.rutgers.edu\/edwin-bryant\/wp-json\/wp\/v2\/media?parent=2205"}],"curies":[{"name":"wp","href":"https:\/\/api.w.org\/{rel}","templated":true}]}}