{"id":764,"date":"2020-03-24T21:21:21","date_gmt":"2020-03-24T21:21:21","guid":{"rendered":"http:\/\/sites.rutgers.edu\/edwin-bryant\/?page_id=764"},"modified":"2021-12-03T02:24:43","modified_gmt":"2021-12-03T02:24:43","slug":"hindu-philosophy-course-videos","status":"publish","type":"page","link":"https:\/\/sites.rutgers.edu\/edwin-bryant\/hindu-philosophy-course-videos\/","title":{"rendered":"Hindu Philosophy Course Videos"},"content":{"rendered":"<h5>The Hindu Philosophy course videos will be uploaded weekly as the course is being taught online during the Fall 2020 semester.<\/h5>\n<h4><a href=\"http:\/\/sites.rutgers.edu\/edwin-bryant\/wp-content\/uploads\/sites\/169\/2020\/09\/0.Syllabus-and-Course-Reader.pdf\">0.Syllabus and Course Reader<\/a><\/h4>\n<h4><a href=\"https:\/\/cdnapisec.kaltura.com\/p\/879252\/sp\/87925200\/playManifest\/entryId\/0_eilfwmzv\/flavorId\/0_quxo71fh\/format\/url\/protocol\/http\/a.mp4\" target=\"_blank\" rel=\"noopener noreferrer\">Introduction I: Reason and Belief<\/a><\/h4>\n<h4><a href=\"https:\/\/cdnapisec.kaltura.com\/p\/879252\/sp\/87925200\/playManifest\/entryId\/1_f5k0ukyj\/flavorId\/1_n23hegss\/format\/url\/protocol\/http\/a.mp4\" target=\"_blank\" rel=\"noopener noreferrer\">Introduction II: Brahmanical Beginnings<\/a><\/h4>\n<h4><a href=\"https:\/\/cdnapisec.kaltura.com\/p\/879252\/sp\/87925200\/playManifest\/entryId\/0_9n679o6m\/flavorId\/0_190eng8b\/format\/url\/protocol\/http\/a.mp4\" target=\"_blank\" rel=\"noopener noreferrer\">Introduction III: Renouncing the Household and the Buddha&#8217;s Middle Way<\/a><\/h4>\n<h4><a href=\"https:\/\/cdnapisec.kaltura.com\/p\/879252\/sp\/87925200\/playManifest\/entryId\/1_zw451j1i\/flavorId\/1_z85muhtl\/format\/url\/protocol\/http\/a.mp4\" target=\"_blank\" rel=\"noopener noreferrer\">Introduction IV: Issues and Polemics &#8211; Language, Grammar and Polemics<\/a><\/h4>\n<h4><a href=\"https:\/\/cdnapisec.kaltura.com\/p\/879252\/sp\/87925200\/playManifest\/entryId\/1_rfj59a04\/flavorId\/1_o0ypjdy8\/format\/url\/protocol\/http\/a.mp4\" target=\"_blank\" rel=\"noopener noreferrer\">Introduction V: Vai\u015be\u1e63ika and Ny\u0101ya: Categories and Method<\/a><\/h4>\n<h4><a href=\"https:\/\/cdnapisec.kaltura.com\/p\/879252\/sp\/87925200\/playManifest\/entryId\/1_0udlhlbu\/flavorId\/1_hcig63ie\/format\/url\/protocol\/http\/a.mp4\" target=\"_blank\" rel=\"noopener noreferrer\">Introduction VI: Things and no Things &#8211; Developments in Buddhist Thought<\/a><\/h4>\n<h4><a href=\"https:\/\/cdnapisec.kaltura.com\/p\/879252\/sp\/87925200\/playManifest\/entryId\/1_95a8hicx\/flavorId\/1_9ko2eu80\/format\/url\/protocol\/http\/a.mp4\" target=\"_blank\" rel=\"noopener noreferrer\">Introduction VII: The Witness and the Watched; Yoga and S\u0101\u1e43khya<\/a><\/h4>\n<h4><a href=\"https:\/\/cdnapisec.kaltura.com\/p\/879252\/sp\/87925200\/playManifest\/entryId\/1_c2l8lfpd\/flavorId\/1_udkr7g3d\/format\/url\/protocol\/http\/a.mp4\" target=\"_blank\" rel=\"noopener noreferrer\">Introduction VIII (Part 1): The Word and the Book &#8211; Bhart\u1e5bhari and M\u012bm\u0101\u1e43s\u0101<\/a><\/h4>\n<h4><a href=\"https:\/\/cdnapisec.kaltura.com\/p\/879252\/sp\/87925200\/playManifest\/entryId\/1_yo0suia8\/flavorId\/1_49y05k1q\/format\/url\/protocol\/http\/a.mp4\" target=\"_blank\" rel=\"noopener noreferrer\">Introduction VIII (Part 2): The Word and the Book &#8211; Ved\u0101nta<\/a><\/h4>\n<h4><a href=\"https:\/\/cdnapisec.kaltura.com\/p\/879252\/sp\/87925200\/playManifest\/entryId\/1_w6660j53\/flavorId\/1_etqtb0xe\/format\/url\/protocol\/http\/a.mp4\" target=\"_blank\" rel=\"noopener noreferrer\">Upani\u1e63ads: B\u1e5bhad\u0101ra\u1e47yaka<\/a><\/h4>\n<h4><a href=\"https:\/\/cdnapisec.kaltura.com\/p\/879252\/sp\/87925200\/playManifest\/entryId\/1_b22yqjxe\/flavorId\/1_anihutkg\/format\/url\/protocol\/http\/a.mp4\" target=\"_blank\" rel=\"noopener noreferrer\">Upani\u1e63ads: Ch\u0101ndogya<\/a><\/h4>\n<h4><a href=\"https:\/\/cdnapisec.kaltura.com\/p\/879252\/sp\/87925200\/playManifest\/entryId\/1_cot51ie0\/flavorId\/1_3bhljr7r\/format\/url\/protocol\/http\/a.mp4\" target=\"_blank\" rel=\"noopener noreferrer\">Upani\u1e63ads: Kena and Ka\u1e6dha<\/a><\/h4>\n<h4><a href=\"https:\/\/cdnapisec.kaltura.com\/p\/879252\/sp\/87925200\/playManifest\/entryId\/1_8a9ml99m\/flavorId\/1_sup8z5zp\/format\/url\/protocol\/http\/a.mp4\" target=\"_blank\" rel=\"noopener noreferrer\">Upani\u1e63ads: \u015avet\u0101\u015bvatara<\/a><\/h4>\n<h4><a href=\"https:\/\/cdnapisec.kaltura.com\/p\/879252\/sp\/87925200\/playManifest\/entryId\/1_557frhoa\/flavorId\/1_8ooxr3eq\/format\/url\/protocol\/http\/a.mp4\" target=\"_blank\" rel=\"noopener noreferrer\">Upani\u1e63ads: Mu\u1e47\u1e0daka<\/a><\/h4>\n<h4><a href=\"https:\/\/cdnapisec.kaltura.com\/p\/879252\/sp\/87925200\/playManifest\/entryId\/1_3eo3490r\/flavorId\/1_rswro811\/format\/url\/protocol\/http\/a.mp4\" target=\"_blank\" rel=\"noopener noreferrer\">Ved\u0101nta S\u016btras: Text and Primary commentaries<\/a><\/h4>\n<h4><a href=\"https:\/\/cdnapisec.kaltura.com\/p\/879252\/sp\/87925200\/playManifest\/entryId\/1_lv16dbe2\/flavorId\/1_uc6wajko\/format\/url\/protocol\/http\/a.mp4\" target=\"_blank\" rel=\"noopener noreferrer\">Ved\u0101nta S\u016btras: 1.1.1-1.1.5, Adams<\/a><\/h4>\n<h4><a href=\"https:\/\/sites.rutgers.edu\/edwin-bryant\/vedanta-sutras-course-videos\/\">Ved\u0101nta S\u016btras, entire<\/a><\/h4>\n<h4><a href=\"https:\/\/cdnapisec.kaltura.com\/p\/879252\/sp\/87925200\/playManifest\/entryId\/1_52k2ne8m\/flavorId\/1_u6zvjsuj\/format\/url\/protocol\/http\/a.mp4\" target=\"_blank\" rel=\"noopener noreferrer\">Yoga S\u016btras I.1-11<\/a><\/h4>\n<h4><a href=\"https:\/\/cdnapisec.kaltura.com\/p\/879252\/sp\/87925200\/playManifest\/entryId\/1_jb8o8llp\/flavorId\/1_lgllzkra\/format\/url\/protocol\/http\/a.mp4\" target=\"_blank\" rel=\"noopener noreferrer\">Yoga S\u016btras I.11-28<\/a><\/h4>\n<h4><a href=\"https:\/\/cdnapisec.kaltura.com\/p\/879252\/sp\/87925200\/playManifest\/entryId\/1_vgjdwxe2\/flavorId\/1_5nwjm755\/format\/url\/protocol\/http\/a.mp4\" target=\"_blank\" rel=\"noopener noreferrer\">Yoga S\u016btras II.1-17<\/a><\/h4>\n<h4><a href=\"https:\/\/cdnapisec.kaltura.com\/p\/879252\/sp\/87925200\/playManifest\/entryId\/1_w5rdjazt\/flavorId\/1_4p3yugnr\/format\/url\/protocol\/http\/a.mp4\" target=\"_blank\" rel=\"noopener noreferrer\">Yoga S\u016btras II.18-28<\/a><\/h4>\n<h4><a href=\"https:\/\/cdnapisec.kaltura.com\/p\/879252\/sp\/87925200\/playManifest\/entryId\/1_jzpsik1f\/flavorId\/1_pxwlygnw\/format\/url\/protocol\/http\/a.mp4\" target=\"_blank\" rel=\"noopener noreferrer\">Yoga S\u016btras II.28-III.3<\/a><\/h4>\n<h4><a href=\"https:\/\/cdnapisec.kaltura.com\/p\/879252\/sp\/87925200\/playManifest\/entryId\/1_0912273q\/flavorId\/1_08w7zxd3\/format\/url\/protocol\/http\/a.mp4\" target=\"_blank\" rel=\"noopener noreferrer\">Ny\u0101ya S\u016btras Chapter 1: Knowledge Sources<\/a><\/h4>\n<h4><a href=\"https:\/\/cdnapisec.kaltura.com\/p\/879252\/sp\/87925200\/playManifest\/entryId\/1_r45m6fny\/flavorId\/1_ft3ci1t6\/format\/url\/protocol\/http\/a.mp4\" target=\"_blank\" rel=\"noopener noreferrer\">Ny\u0101ya S\u016btras Chapter 2: Doubt and the Philosophical Method<\/a><\/h4>\n<h4><a href=\"https:\/\/cdnapisec.kaltura.com\/p\/879252\/sp\/87925200\/playManifest\/entryId\/1_c9p0aag9\/flavorId\/1_p6px9clr\/format\/url\/protocol\/http\/a.mp4\" target=\"_blank\" rel=\"noopener noreferrer\">Ny\u0101ya S\u016btras Chapter 4: The Soul<\/a><\/h4>\n<h4><a href=\"https:\/\/cdnapisec.kaltura.com\/p\/879252\/sp\/87925200\/playManifest\/entryId\/1_o0ziox51\/flavorId\/1_09n86q0d\/format\/url\/protocol\/http\/a.mp4\" target=\"_blank\" rel=\"noopener noreferrer\">Ny\u0101ya S\u016btras Chapter 6: \u012a\u015bvara<\/a><\/h4>\n<h4><a href=\"https:\/\/cdnapisec.kaltura.com\/p\/879252\/sp\/87925200\/playManifest\/entryId\/1_8r3uwqpt\/flavorId\/1_zuc65kl0\/format\/url\/protocol\/http\/a.mp4\" target=\"_blank\" rel=\"noopener noreferrer\">Ny\u0101ya S\u016btras Chapter 8: The Right and the Good<\/a><\/h4>\n<h4><a href=\"https:\/\/cdnapisec.kaltura.com\/p\/879252\/sp\/87925200\/playManifest\/entryId\/1_8kjo7353\/flavorId\/1_m75a8q36\/format\/url\/protocol\/http\/a.mp4\" target=\"_blank\" rel=\"noopener noreferrer\">Ny\u0101ya S\u016btras Chapter 9: Debate<\/a><\/h4>\n<h4><a href=\"https:\/\/ru-stream.rutgers.edu\/media\/Bhagavad+G%C4%ABt%C4%81+II-IIIA+J%C3%B1%C4%81na+yoga+and+Karma+yoga.\/1_kgxsjg7j\" target=\"_blank\" rel=\"noopener noreferrer\">Bhagavad G\u012bt\u0101 II-III: J\u00f1\u0101na yoga and Karma yoga<\/a><\/h4>\n<h4><a href=\"https:\/\/ru-stream.rutgers.edu\/media\/1_j6chc6mn\" target=\"_blank\" rel=\"noopener noreferrer\">Bhagavad G\u012bt\u0101 III-IV<\/a><\/h4>\n<h4><a href=\"https:\/\/ru-stream.rutgers.edu\/media\/1_7zxn83aw\" target=\"_blank\" rel=\"noopener noreferrer\">Bhagavad G\u012bt\u0101 VI-IX<\/a><\/h4>\n<h4><a href=\"https:\/\/ru-stream.rutgers.edu\/media\/1_vxbtwnpk\" target=\"_blank\" rel=\"noopener noreferrer\">Bhagavad G\u012bt\u0101 X-XVIII<\/a><\/h4>\n<h4><a href=\"https:\/\/ru-stream.rutgers.edu\/media\/1_s7o2y15b\" target=\"_blank\" rel=\"noopener noreferrer\">Bh\u0101gavata Pur\u0101\u1e47a X.8-9<\/a><\/h4>\n","protected":false},"excerpt":{"rendered":"<p>The Hindu Philosophy course videos will be uploaded weekly as the course is being taught online during the Fall 2020 semester. 0.Syllabus and Course Reader Introduction I: Reason and Belief &hellip; <a href=\"https:\/\/sites.rutgers.edu\/edwin-bryant\/hindu-philosophy-course-videos\/\" class=\"\">Read More<\/a><\/p>\n","protected":false},"author":652,"featured_media":0,"parent":0,"menu_order":0,"comment_status":"closed","ping_status":"closed","template":"template-custom.php","meta":{"_acf_changed":false,"footnotes":""},"class_list":["post-764","page","type-page","status-publish","hentry"],"acf":[],"yoast_head":"<!-- This site is optimized with the Yoast SEO plugin v23.5 - https:\/\/yoast.com\/wordpress\/plugins\/seo\/ -->\n<title>Hindu Philosophy Course Videos - Edwin Bryant<\/title>\n<meta name=\"robots\" content=\"index, follow, max-snippet:-1, max-image-preview:large, max-video-preview:-1\" \/>\n<link rel=\"canonical\" href=\"https:\/\/sites.rutgers.edu\/edwin-bryant\/hindu-philosophy-course-videos\/\" \/>\n<meta property=\"og:locale\" content=\"en_US\" \/>\n<meta property=\"og:type\" content=\"article\" \/>\n<meta property=\"og:title\" content=\"Hindu Philosophy Course Videos - Edwin Bryant\" \/>\n<meta property=\"og:description\" content=\"The Hindu Philosophy course videos will be uploaded weekly as the course is being taught online during the Fall 2020 semester. 0.Syllabus and Course Reader Introduction I: Reason and Belief &hellip; Read More\" \/>\n<meta property=\"og:url\" content=\"https:\/\/sites.rutgers.edu\/edwin-bryant\/hindu-philosophy-course-videos\/\" \/>\n<meta property=\"og:site_name\" content=\"Edwin Bryant\" \/>\n<meta property=\"article:modified_time\" content=\"2021-12-03T02:24:43+00:00\" \/>\n<meta name=\"twitter:card\" content=\"summary_large_image\" \/>\n<meta name=\"twitter:label1\" content=\"Est. reading time\" \/>\n\t<meta name=\"twitter:data1\" content=\"1 minute\" \/>\n<script type=\"application\/ld+json\" class=\"yoast-schema-graph\">{\"@context\":\"https:\/\/schema.org\",\"@graph\":[{\"@type\":\"WebPage\",\"@id\":\"https:\/\/sites.rutgers.edu\/edwin-bryant\/hindu-philosophy-course-videos\/\",\"url\":\"https:\/\/sites.rutgers.edu\/edwin-bryant\/hindu-philosophy-course-videos\/\",\"name\":\"Hindu Philosophy Course Videos - Edwin Bryant\",\"isPartOf\":{\"@id\":\"https:\/\/sites.rutgers.edu\/edwin-bryant\/#website\"},\"datePublished\":\"2020-03-24T21:21:21+00:00\",\"dateModified\":\"2021-12-03T02:24:43+00:00\",\"breadcrumb\":{\"@id\":\"https:\/\/sites.rutgers.edu\/edwin-bryant\/hindu-philosophy-course-videos\/#breadcrumb\"},\"inLanguage\":\"en-US\",\"potentialAction\":[{\"@type\":\"ReadAction\",\"target\":[\"https:\/\/sites.rutgers.edu\/edwin-bryant\/hindu-philosophy-course-videos\/\"]}]},{\"@type\":\"BreadcrumbList\",\"@id\":\"https:\/\/sites.rutgers.edu\/edwin-bryant\/hindu-philosophy-course-videos\/#breadcrumb\",\"itemListElement\":[{\"@type\":\"ListItem\",\"position\":1,\"name\":\"Home\",\"item\":\"https:\/\/sites.rutgers.edu\/edwin-bryant\/\"},{\"@type\":\"ListItem\",\"position\":2,\"name\":\"Hindu Philosophy Course Videos\"}]},{\"@type\":\"WebSite\",\"@id\":\"https:\/\/sites.rutgers.edu\/edwin-bryant\/#website\",\"url\":\"https:\/\/sites.rutgers.edu\/edwin-bryant\/\",\"name\":\"Edwin Bryant\",\"description\":\"\",\"potentialAction\":[{\"@type\":\"SearchAction\",\"target\":{\"@type\":\"EntryPoint\",\"urlTemplate\":\"https:\/\/sites.rutgers.edu\/edwin-bryant\/?s={search_term_string}\"},\"query-input\":{\"@type\":\"PropertyValueSpecification\",\"valueRequired\":true,\"valueName\":\"search_term_string\"}}],\"inLanguage\":\"en-US\"}]}<\/script>\n<!-- \/ Yoast SEO plugin. -->","yoast_head_json":{"title":"Hindu Philosophy Course Videos - Edwin Bryant","robots":{"index":"index","follow":"follow","max-snippet":"max-snippet:-1","max-image-preview":"max-image-preview:large","max-video-preview":"max-video-preview:-1"},"canonical":"https:\/\/sites.rutgers.edu\/edwin-bryant\/hindu-philosophy-course-videos\/","og_locale":"en_US","og_type":"article","og_title":"Hindu Philosophy Course Videos - Edwin Bryant","og_description":"The Hindu Philosophy course videos will be uploaded weekly as the course is being taught online during the Fall 2020 semester. 0.Syllabus and Course Reader Introduction I: Reason and Belief &hellip; Read More","og_url":"https:\/\/sites.rutgers.edu\/edwin-bryant\/hindu-philosophy-course-videos\/","og_site_name":"Edwin Bryant","article_modified_time":"2021-12-03T02:24:43+00:00","twitter_card":"summary_large_image","twitter_misc":{"Est. reading time":"1 minute"},"schema":{"@context":"https:\/\/schema.org","@graph":[{"@type":"WebPage","@id":"https:\/\/sites.rutgers.edu\/edwin-bryant\/hindu-philosophy-course-videos\/","url":"https:\/\/sites.rutgers.edu\/edwin-bryant\/hindu-philosophy-course-videos\/","name":"Hindu Philosophy Course Videos - Edwin Bryant","isPartOf":{"@id":"https:\/\/sites.rutgers.edu\/edwin-bryant\/#website"},"datePublished":"2020-03-24T21:21:21+00:00","dateModified":"2021-12-03T02:24:43+00:00","breadcrumb":{"@id":"https:\/\/sites.rutgers.edu\/edwin-bryant\/hindu-philosophy-course-videos\/#breadcrumb"},"inLanguage":"en-US","potentialAction":[{"@type":"ReadAction","target":["https:\/\/sites.rutgers.edu\/edwin-bryant\/hindu-philosophy-course-videos\/"]}]},{"@type":"BreadcrumbList","@id":"https:\/\/sites.rutgers.edu\/edwin-bryant\/hindu-philosophy-course-videos\/#breadcrumb","itemListElement":[{"@type":"ListItem","position":1,"name":"Home","item":"https:\/\/sites.rutgers.edu\/edwin-bryant\/"},{"@type":"ListItem","position":2,"name":"Hindu Philosophy Course Videos"}]},{"@type":"WebSite","@id":"https:\/\/sites.rutgers.edu\/edwin-bryant\/#website","url":"https:\/\/sites.rutgers.edu\/edwin-bryant\/","name":"Edwin Bryant","description":"","potentialAction":[{"@type":"SearchAction","target":{"@type":"EntryPoint","urlTemplate":"https:\/\/sites.rutgers.edu\/edwin-bryant\/?s={search_term_string}"},"query-input":{"@type":"PropertyValueSpecification","valueRequired":true,"valueName":"search_term_string"}}],"inLanguage":"en-US"}]}},"_links":{"self":[{"href":"https:\/\/sites.rutgers.edu\/edwin-bryant\/wp-json\/wp\/v2\/pages\/764"}],"collection":[{"href":"https:\/\/sites.rutgers.edu\/edwin-bryant\/wp-json\/wp\/v2\/pages"}],"about":[{"href":"https:\/\/sites.rutgers.edu\/edwin-bryant\/wp-json\/wp\/v2\/types\/page"}],"author":[{"embeddable":true,"href":"https:\/\/sites.rutgers.edu\/edwin-bryant\/wp-json\/wp\/v2\/users\/652"}],"replies":[{"embeddable":true,"href":"https:\/\/sites.rutgers.edu\/edwin-bryant\/wp-json\/wp\/v2\/comments?post=764"}],"version-history":[{"count":47,"href":"https:\/\/sites.rutgers.edu\/edwin-bryant\/wp-json\/wp\/v2\/pages\/764\/revisions"}],"predecessor-version":[{"id":1839,"href":"https:\/\/sites.rutgers.edu\/edwin-bryant\/wp-json\/wp\/v2\/pages\/764\/revisions\/1839"}],"wp:attachment":[{"href":"https:\/\/sites.rutgers.edu\/edwin-bryant\/wp-json\/wp\/v2\/media?parent=764"}],"curies":[{"name":"wp","href":"https:\/\/api.w.org\/{rel}","templated":true}]}}