{"id":363,"date":"2020-07-09T16:51:59","date_gmt":"2020-07-09T16:51:59","guid":{"rendered":"http:\/\/sites.rutgers.edu\/ira-herniter\/?page_id=363"},"modified":"2023-07-19T16:14:50","modified_gmt":"2023-07-19T16:14:50","slug":"publications","status":"publish","type":"page","link":"https:\/\/sites.rutgers.edu\/ira-herniter\/publications\/","title":{"rendered":"Publications"},"content":{"rendered":"<h3>Peer-Reviewed Publications<\/h3>\n<ul>\n<li><strong>Herniter, I.A.<\/strong>, Y. Kim, Y. Wang, J.S. Havill, J. Johnson-Cicalese, G.J. Muehlbauer, M. Iorizzo, N. Vorsa. 2023. \u201cTrait Mapping of Phenolic Acids in an Interspecific (<em>Vaccinium corymbosum<\/em> <em>caesariense<\/em> \u00d7 <em>V. darrowii<\/em>) Diploid Blueberry Population.\u201d <em>Plants<\/em> 12(6), 1346 doi: 10.3390\/plants12061346<\/li>\n<li>Traband, R.C.; Wang, X.; Lui, J.; Yu, L.; Hiraoka, Y.; <strong>Herniter, I.A.<\/strong>; Bowman, C.; Resendiz, M.; Wang, Z.; Knowles, S.P.; et al. \u201cExploring the Phylogenetic Relationship among Citrus through Leaf Shape Traits: A Morphological Study on Citrus Leaves.\u201d Horticulturae 2023, 9, 793. <a href=\"https:\/\/doi.org\/10.3390\/horticulturae9070793\">doi: 10.3390\/horticulturae9070793<\/a><\/li>\n<li>Bowman, C.S., R. Traband, X. Wang, S.P. Knowles, S. Lo, Z. Jia, N. Vorsa, <strong>I.<\/strong><strong>A. Herniter<\/strong>. 2023. \u201cMultiple Leaf Sample Extraction System (MuLES): A tool to improve automated morphometric leaf studies.\u201d <em>Applications in Plant Sciences<\/em> 2023;e11513 doi: 10.1002\/aps3.11513<\/li>\n<li>Gang, J.E., W. Jia, <strong>I.<\/strong><strong>A. Herniter<\/strong>. 2022. \u201cSand and fire: applying the sandpile model of self-organised criticality to wildfire mitigation.\u201d <em>International Journal of Wildland Fire<\/em>. 2022:1-10 doi: 10.1071\/WF22017<\/li>\n<li>Mu\u00f1oz-Amatria\u00edn, M., S. Lo, <strong>I.A. Herniter<\/strong>, O. Boukar, C. Fatokun, M. Carvalho, I. Castro, Y.-N. Guo, B.-L. Huynh, P.A. Roberts, V. Carnide, T.J. Close. 2021. \u201cThe UCR Minicore.\u201d <em>Legume Science<\/em> 2021:1-15 doi: <a href=\"http:\/\/doi.org\/10.1002\/leg3.95\">10.1002\/leg3.95<\/a><\/li>\n<li><strong>Herniter, I.A.<\/strong>, M. Mu\u00f1oz-Amatria\u00edn, T.J. Close. 2020. \u201cGenetic, textual, and archaeological evidence of the historical global spread of cowpea (<em>Vigna unguiculata<\/em> [L.] Walp.\u201d <em>Legume Science<\/em> 2020:e57 doi: <a href=\"https:\/\/doi.org\/10.1002\/leg3.57\">10.1002\/leg3.57<\/a><\/li>\n<li><strong>Herniter, I.A.<\/strong>, Z. Jia, and F. Kusi. 2019. \u201cMarket preferences for cowpea (<em>Vigna unguiculata<\/em> [L.] Walp) dry grain in Ghana.\u201d <em>African Journal of Agricultural Research<\/em> 14(22):928-934. doi: <a href=\"https:\/\/doi.org\/10.5897\/AJAR2019.13997\">10.5897\/AJAR2019.13997<\/a><\/li>\n<li><strong>Herniter, I. A.<\/strong>, R. Lo, M. Mu\u00f1oz-Amatria\u00edn, S. Lo, Y.-N. Guo, B.-L. Huynh, M. Lucas, Z. Jia, P.A. Roberts, S. Lonardi, and T.J. Close. 2019. \u201cSeed Coat Pattern QTL and Development in Cowpea (<em>Vigna unguiculata<\/em> [L.] Walp.)\u201d <em>Frontiers in Plant Science<\/em> 10:1346. doi: <a href=\"https:\/\/doi.org\/10.3389\/fpls.2019.01346\">10.3389\/fpls.2019.01346<\/a><\/li>\n<li><strong>Herniter, I. A.<\/strong>, M. Mu\u00f1oz-Amatria\u00edn, S. Lo, Y.N. Guo, T.J. Close. 2018. \u201cIdentification of candidate genes controlling black seed coat and pod tip color in cowpea (<em>Vigna unguiculata<\/em> [L.] Walp).\u201d <em>G3<\/em> 8(10):3347-3355. doi: <a href=\"https:\/\/doi.org\/10.1534\/g3.118.200521\">10.1534\/g3.118.200521<\/a><\/li>\n<li>Huynh, B. L., J.D. Ehlers, M. Mu\u00f1oz-Amatria\u00edn, S. Lonardi, J.R.P. Santos, A. Ndeve, B.J. Batieno, O. Boukar, N. Ciss\u00e9, I. Drabo, C. Fatokun, F. Kusi, R.Y. Agyare, Y.N. Guo, <strong>I. Herniter<\/strong>, S. Lo, S. Wanamaker, T.J. Close, P.A. Roberts. 2018. &#8220;A multi-parent advanced generation inter-cross population for genetic analysis of multiple traits in cowpea (<em>Vigna unguiculata<\/em> L. Walp.).&#8221; <em>The Plant Journal<\/em> 93(6):1129-1142. doi: <a href=\"https:\/\/doi.org\/10.1111\/tpj.13827\">10.1111\/tpj.13827<\/a><\/li>\n<li>Lo, S., M. Mu\u00f1oz-Amatria\u00edn, O. Boukar, <strong>I. <\/strong><strong>Herniter, <\/strong>N. Ciss\u00e9, Y.N. Guo, P.A. Roberts, S. Xu, C. Fatokun, T.J. Close. 2018. &#8220;Identification of genetic factors controlling domestication-related traits in cowpea (<em>Vigna unguiculata<\/em> L. Walp).&#8221; <em>Scientific Reports<\/em> 8(1):6261. doi: <a href=\"https:\/\/doi.org\/10.1038\/s41598-018-24349-4\">10.1038\/s41598-018-24349-4<\/a><\/li>\n<\/ul>\n<h3>Invited &amp; Conference Talks<\/h3>\n<ul>\n<li><strong>Herniter, I. <\/strong>\u201cDeveloping genetic resources for blueberry (<em>Vaccinium<\/em> spp.).\u201d American Society of Plant Biologists, Plant Biology 2022. 9-13 July 2022. Portland, Oregon.<\/li>\n<li><strong>Herniter, I. A.<\/strong> &#8220;Developing resources for research and breeding in blueberry (<em>Vaccinium<\/em> sect. <em>Cyanococcus<\/em>).&#8221; Botany and Plant Sciences 250 Spring Seminar Series 2022. 19 January 2022. Genomics, University of California, Riverside, Riverside, CA. Seminar Presentation.<\/li>\n<li><strong>Herniter, I. A.<\/strong>, M. Mu\u00f1oz-Amatria\u00edn, S. Lo, Y.N. Guo, E. Castillo, S. Phengsy, T.J. Close. \u201cTowards a model of seed coat pattern in cowpea (<em>Vigna unguiculata<\/em> [L.] Walp).\u201d Plant and Animal Genome Conference XXVII. 12-16 January 2019. Town and Country Hotel, San Diego, CA.<\/li>\n<li><strong>Herniter, I. A., <\/strong> Kusi, T.J. Close. \u201cConsumer Preferences for Cowpea (<em>Vigna unguiculata<\/em> [L.] Walp) in Ghana.\u201d College of Natural and Agricultural Sciences Poster Session. 9 November 2018. University of California, Riverside, Riverside, CA.<\/li>\n<li><strong>Herniter, I. A.<\/strong> \u201cQTL Mapping training session.\u201d CSIR-SARI training session. 17-18 September 2018. Manga Station, Manga, Upper East Region, Ghana.<\/li>\n<li><strong>Herniter, I. A.<\/strong>, M. Mu\u00f1oz-Amatria\u00edn, S. Lo, Y.N. Guo, T.J. Close. \u201cP0817 Mapping Consumer Related Traits in Cowpea (<em>Vigna unguiculata<\/em> walp).\u201d Plant and Animal Genome Conference XXVI. 13-17 January 2018. Town and Country Hotel, San Diego, CA.<\/li>\n<li><strong>Herniter, I. A.<\/strong> \u201cSeed Coat and Leaf Shape Traits in Cowpea (<em>Vigna unguiculata<\/em>).\u201d Botany and Plant Sciences 250 Fall Seminar Series 2017. 18 October 2017. Genomics, University of California, Riverside, Riverside, CA. Seminar Presentation.<\/li>\n<li>Huynh, B.L., J.L. Gracin-Dixon, Y.N. Guo, J.R.P. Santos, A. Ndeve, M. Mu\u00f1oz-Amatria\u00edn, S. Lo, <strong>I. Herniter<\/strong>, S.I. Wanamaker, T.T.T. Duong, S. St. Clair, M.R. Lucas, J.D. Ehlers, T.J. Close, P.A. Roberts. \u201cP1015 A Multiparent Advanced Generation Inter-Cross Population for Genetic Analysis and Breeding in Cowpea (<em>Vigna unguiculata<\/em> L. Walp.)\u201d Plant and Animal Genome Conference XXIV. 9-13 January 2017. Town and Country Hotel, San Diego, CA.<\/li>\n<li>Lo, S., M. Mu\u00f1oz-Amatria\u00edn, <strong>I. Herniter<\/strong>, O. Boukar, N. Ciss\u00e9, Y.N. Guo, P.A. Roberts, S. Xu, C. Fatokun, T.J. Close. \u201cP0689 Identification of Loci Controlling Domestication-Related Traits in Cowpea (<em>Vigna unguiculata<\/em> L. Walp). Plant and Animal Genome Conference XXV. 14-18 January 2017. Town and Country Hotel, San Diego, CA.<\/li>\n<li><strong>Herniter, I. A.<\/strong>, M. Mu\u00f1oz-Amatria\u00edn, S. Lo, Y.N. Guo, T.J. Close. \u201cP0690 Identification of a Candidate Gene Controlling Black Seed Coat Color in Cowpea Seed Coats.\u201d Plant and Animal Genome Conference XXV. 14-18 January 2017. Town and Country Hotel, San Diego, CA.<\/li>\n<li>Liu, Z., R. Shahan, C. Kang, R. Xia, <strong>I. Herniter.<\/strong> \u201cGenome-scale insights into early-stage fruit development in diploid strawberry.\u201d American Society of Plant Biology Conference, 2015. Minneapolis, Minnesota.<\/li>\n<\/ul>\n","protected":false},"excerpt":{"rendered":"<p>Peer-Reviewed Publications Herniter, I.A., Y. Kim, Y. Wang, J.S. Havill, J. Johnson-Cicalese, G.J. Muehlbauer, M. Iorizzo, N. Vorsa. 2023. \u201cTrait Mapping of Phenolic Acids in an Interspecific (Vaccinium corymbosum caesariense &hellip; <a href=\"https:\/\/sites.rutgers.edu\/ira-herniter\/publications\/\" class=\"\">Read More<\/a><\/p>\n","protected":false},"author":21,"featured_media":0,"parent":0,"menu_order":0,"comment_status":"closed","ping_status":"closed","template":"","meta":{"_acf_changed":false,"footnotes":""},"class_list":["post-363","page","type-page","status-publish","hentry"],"acf":[],"yoast_head":"<!-- This site is optimized with the Yoast SEO plugin v23.5 - https:\/\/yoast.com\/wordpress\/plugins\/seo\/ -->\n<title>Publications - Ira Herniter<\/title>\n<meta name=\"robots\" content=\"index, follow, max-snippet:-1, max-image-preview:large, max-video-preview:-1\" \/>\n<link rel=\"canonical\" href=\"https:\/\/sites.rutgers.edu\/ira-herniter\/publications\/\" \/>\n<meta property=\"og:locale\" content=\"en_US\" \/>\n<meta property=\"og:type\" content=\"article\" \/>\n<meta property=\"og:title\" content=\"Publications - Ira Herniter\" \/>\n<meta property=\"og:description\" content=\"Peer-Reviewed Publications Herniter, I.A., Y. Kim, Y. Wang, J.S. Havill, J. Johnson-Cicalese, G.J. Muehlbauer, M. Iorizzo, N. Vorsa. 2023. \u201cTrait Mapping of Phenolic Acids in an Interspecific (Vaccinium corymbosum caesariense &hellip; Read More\" \/>\n<meta property=\"og:url\" content=\"https:\/\/sites.rutgers.edu\/ira-herniter\/publications\/\" \/>\n<meta property=\"og:site_name\" content=\"Ira Herniter\" \/>\n<meta property=\"article:modified_time\" content=\"2023-07-19T16:14:50+00:00\" \/>\n<meta name=\"twitter:card\" content=\"summary_large_image\" \/>\n<meta name=\"twitter:label1\" content=\"Est. reading time\" \/>\n\t<meta name=\"twitter:data1\" content=\"4 minutes\" \/>\n<script type=\"application\/ld+json\" class=\"yoast-schema-graph\">{\"@context\":\"https:\/\/schema.org\",\"@graph\":[{\"@type\":\"WebPage\",\"@id\":\"https:\/\/sites.rutgers.edu\/ira-herniter\/publications\/\",\"url\":\"https:\/\/sites.rutgers.edu\/ira-herniter\/publications\/\",\"name\":\"Publications - Ira Herniter\",\"isPartOf\":{\"@id\":\"https:\/\/sites.rutgers.edu\/ira-herniter\/#website\"},\"datePublished\":\"2020-07-09T16:51:59+00:00\",\"dateModified\":\"2023-07-19T16:14:50+00:00\",\"breadcrumb\":{\"@id\":\"https:\/\/sites.rutgers.edu\/ira-herniter\/publications\/#breadcrumb\"},\"inLanguage\":\"en-US\",\"potentialAction\":[{\"@type\":\"ReadAction\",\"target\":[\"https:\/\/sites.rutgers.edu\/ira-herniter\/publications\/\"]}]},{\"@type\":\"BreadcrumbList\",\"@id\":\"https:\/\/sites.rutgers.edu\/ira-herniter\/publications\/#breadcrumb\",\"itemListElement\":[{\"@type\":\"ListItem\",\"position\":1,\"name\":\"Home\",\"item\":\"https:\/\/sites.rutgers.edu\/ira-herniter\/\"},{\"@type\":\"ListItem\",\"position\":2,\"name\":\"Publications\"}]},{\"@type\":\"WebSite\",\"@id\":\"https:\/\/sites.rutgers.edu\/ira-herniter\/#website\",\"url\":\"https:\/\/sites.rutgers.edu\/ira-herniter\/\",\"name\":\"Ira Herniter\",\"description\":\"\",\"potentialAction\":[{\"@type\":\"SearchAction\",\"target\":{\"@type\":\"EntryPoint\",\"urlTemplate\":\"https:\/\/sites.rutgers.edu\/ira-herniter\/?s={search_term_string}\"},\"query-input\":{\"@type\":\"PropertyValueSpecification\",\"valueRequired\":true,\"valueName\":\"search_term_string\"}}],\"inLanguage\":\"en-US\"}]}<\/script>\n<!-- \/ Yoast SEO plugin. -->","yoast_head_json":{"title":"Publications - Ira Herniter","robots":{"index":"index","follow":"follow","max-snippet":"max-snippet:-1","max-image-preview":"max-image-preview:large","max-video-preview":"max-video-preview:-1"},"canonical":"https:\/\/sites.rutgers.edu\/ira-herniter\/publications\/","og_locale":"en_US","og_type":"article","og_title":"Publications - Ira Herniter","og_description":"Peer-Reviewed Publications Herniter, I.A., Y. Kim, Y. Wang, J.S. Havill, J. Johnson-Cicalese, G.J. Muehlbauer, M. Iorizzo, N. Vorsa. 2023. \u201cTrait Mapping of Phenolic Acids in an Interspecific (Vaccinium corymbosum caesariense &hellip; Read More","og_url":"https:\/\/sites.rutgers.edu\/ira-herniter\/publications\/","og_site_name":"Ira Herniter","article_modified_time":"2023-07-19T16:14:50+00:00","twitter_card":"summary_large_image","twitter_misc":{"Est. reading time":"4 minutes"},"schema":{"@context":"https:\/\/schema.org","@graph":[{"@type":"WebPage","@id":"https:\/\/sites.rutgers.edu\/ira-herniter\/publications\/","url":"https:\/\/sites.rutgers.edu\/ira-herniter\/publications\/","name":"Publications - Ira Herniter","isPartOf":{"@id":"https:\/\/sites.rutgers.edu\/ira-herniter\/#website"},"datePublished":"2020-07-09T16:51:59+00:00","dateModified":"2023-07-19T16:14:50+00:00","breadcrumb":{"@id":"https:\/\/sites.rutgers.edu\/ira-herniter\/publications\/#breadcrumb"},"inLanguage":"en-US","potentialAction":[{"@type":"ReadAction","target":["https:\/\/sites.rutgers.edu\/ira-herniter\/publications\/"]}]},{"@type":"BreadcrumbList","@id":"https:\/\/sites.rutgers.edu\/ira-herniter\/publications\/#breadcrumb","itemListElement":[{"@type":"ListItem","position":1,"name":"Home","item":"https:\/\/sites.rutgers.edu\/ira-herniter\/"},{"@type":"ListItem","position":2,"name":"Publications"}]},{"@type":"WebSite","@id":"https:\/\/sites.rutgers.edu\/ira-herniter\/#website","url":"https:\/\/sites.rutgers.edu\/ira-herniter\/","name":"Ira Herniter","description":"","potentialAction":[{"@type":"SearchAction","target":{"@type":"EntryPoint","urlTemplate":"https:\/\/sites.rutgers.edu\/ira-herniter\/?s={search_term_string}"},"query-input":{"@type":"PropertyValueSpecification","valueRequired":true,"valueName":"search_term_string"}}],"inLanguage":"en-US"}]}},"_links":{"self":[{"href":"https:\/\/sites.rutgers.edu\/ira-herniter\/wp-json\/wp\/v2\/pages\/363"}],"collection":[{"href":"https:\/\/sites.rutgers.edu\/ira-herniter\/wp-json\/wp\/v2\/pages"}],"about":[{"href":"https:\/\/sites.rutgers.edu\/ira-herniter\/wp-json\/wp\/v2\/types\/page"}],"author":[{"embeddable":true,"href":"https:\/\/sites.rutgers.edu\/ira-herniter\/wp-json\/wp\/v2\/users\/21"}],"replies":[{"embeddable":true,"href":"https:\/\/sites.rutgers.edu\/ira-herniter\/wp-json\/wp\/v2\/comments?post=363"}],"version-history":[{"count":16,"href":"https:\/\/sites.rutgers.edu\/ira-herniter\/wp-json\/wp\/v2\/pages\/363\/revisions"}],"predecessor-version":[{"id":502,"href":"https:\/\/sites.rutgers.edu\/ira-herniter\/wp-json\/wp\/v2\/pages\/363\/revisions\/502"}],"wp:attachment":[{"href":"https:\/\/sites.rutgers.edu\/ira-herniter\/wp-json\/wp\/v2\/media?parent=363"}],"curies":[{"name":"wp","href":"https:\/\/api.w.org\/{rel}","templated":true}]}}