{"id":574,"date":"2021-08-16T03:01:26","date_gmt":"2021-08-16T03:01:26","guid":{"rendered":"https:\/\/sites.rutgers.edu\/march2rugardens\/?page_id=574"},"modified":"2021-09-23T20:17:44","modified_gmt":"2021-09-23T20:17:44","slug":"march2rugardens-program","status":"publish","type":"page","link":"https:\/\/sites.rutgers.edu\/march2rugardens\/march2rugardens-program\/","title":{"rendered":"Program"},"content":{"rendered":"<h4><\/h4>\n<p><img loading=\"lazy\" decoding=\"async\" class=\"alignnone wp-image-861\" src=\"http:\/\/sites.rutgers.edu\/march2rugardens\/wp-content\/uploads\/sites\/688\/2021\/08\/MarchToRUGardens-Logo-5884px-300x70.jpg\" alt=\"\" width=\"917\" height=\"214\" srcset=\"https:\/\/sites.rutgers.edu\/march2rugardens\/wp-content\/uploads\/sites\/688\/2021\/08\/MarchToRUGardens-Logo-5884px-300x70.jpg 300w, https:\/\/sites.rutgers.edu\/march2rugardens\/wp-content\/uploads\/sites\/688\/2021\/08\/MarchToRUGardens-Logo-5884px-1024x239.jpg 1024w, https:\/\/sites.rutgers.edu\/march2rugardens\/wp-content\/uploads\/sites\/688\/2021\/08\/MarchToRUGardens-Logo-5884px-768x179.jpg 768w, https:\/\/sites.rutgers.edu\/march2rugardens\/wp-content\/uploads\/sites\/688\/2021\/08\/MarchToRUGardens-Logo-5884px-1536x359.jpg 1536w, https:\/\/sites.rutgers.edu\/march2rugardens\/wp-content\/uploads\/sites\/688\/2021\/08\/MarchToRUGardens-Logo-5884px-2048x479.jpg 2048w\" sizes=\"(max-width: 917px) 100vw, 917px\" \/><\/p>\n<h5><strong><em>Despl\u00e1cese hacia abajo para acceder al programa en espa\u00f1ol.<\/em><\/strong><\/h5>\n<h3 style=\"text-align: left\"><strong>March2RUGardens \u2013 <\/strong><strong>September 25, 2021, <\/strong><strong>10am-1pm <\/strong><\/h3>\n<p style=\"text-align: left\"><strong>(rain date September 26)\u00a0<\/strong><\/p>\n<p><em>Program Subject to Change<\/em><\/p>\n<p style=\"text-align: left\"><strong>GATHER behind Woodbury Bunting-Cobb Residence Hall<br \/>\n<\/strong><span class=\"Y2IQFc\" lang=\"en\">(Parking lots 76, 97, 98A and 98B)<\/span><\/p>\n<p><b>Introductions<\/b><strong>\u00a0from the AIR Collaborative<br \/>\n<\/strong>Dr. Julia M. Ritter (Professor, Dance) and Dr. Anette Freytag (Professor, Landscape Architecture), AIR Collaborative Co-Founders<\/p>\n<p style=\"margin: 0in;background: white\"><b><span style=\"color: #201f1e\">Welcome Back, Rutgers!<\/span><\/b><\/p>\n<p style=\"margin: 0in;background: white;text-align: start\"><span style=\"color: #201f1e\">Francine Conway, Ph.D.<\/span><\/p>\n<p style=\"margin: 0in;background: white;text-align: start\"><span style=\"color: #201f1e\">Chancellor-Provost, Rutgers University\u2013New Brunswick<\/span><\/p>\n<p>&nbsp;<\/p>\n<p style=\"margin: 0in;background: white;text-align: start\"><strong>Visions for a Just and Collaborative Future<br \/>\n<\/strong>Dr. Michelle Stephens, Executive Director of the Institute for the Study of Global Racial Justice<\/p>\n<p>&nbsp;<\/p>\n<p style=\"text-align: left\"><strong>Choreographed Acknowledgement of Indigenous Peoples &amp; Land<\/strong><\/p>\n<ul style=\"text-align: left\">\n<li>Led by Dr. Alessandra Williams, Assistant Professor of Dance and Diversity Advocate with the RU-NB Division of Diversity, Inclusion &amp; Community Engagement, with BFA Dance majors of Mason Gross School of the Arts (MGSA), with Cliff Matias, Director and Co-Founder, Redhawk Native American Arts Council<\/li>\n<\/ul>\n<p style=\"text-align: left\"><strong>Scarlet &amp; Black Project \u2013 Learn about the Historical Marker at Wood Lawn Mansion<\/strong><\/p>\n<ul style=\"text-align: left\">\n<li>Dr. Tracey Johnson, Scarlet and Black Postdoctoral Associate, <a href=\"https:\/\/scarletandblack.rutgers.edu\/\">Scarlet and Black Project<\/a><\/li>\n<\/ul>\n<p><strong>GirlTrek \u2013 Meet Local Representatives. Take a Walk &amp; Join a Movement!<\/strong><\/p>\n<ul style=\"text-align: left\">\n<li>Chasity Davis, Local GirlTrek Leader: Learn about the largest public health nonprofit for African-American women and girls in the United States, pioneering a health movement grounded in civil rights history and principles through walking campaigns, community leadership, and health advocacy. <a href=\"https:\/\/www.girltrek.org\/\">GirlTrek.org<\/a><\/li>\n<\/ul>\n<p style=\"text-align: left\"><strong>Designing Just and Healthy Landscapes &amp; Learning about the \u201cLiving Labs\u201d<\/strong><\/p>\n<ul style=\"text-align: left\">\n<li>Dr. Laura Lawson, Interim Executive Dean of the School of Environmental and Biological Sciences<br \/>\nDirector of the New Jersey Agricultural Experiment Station<\/li>\n<\/ul>\n<p><strong style=\"font-size: 1rem\">Inspiration, Imagination, and Inclusion<\/strong><\/p>\n<ul>\n<li>Dr. Jason Geary, Dean of Mason Gross School of the Arts<\/li>\n<\/ul>\n<p style=\"text-align: left\"><strong>~~~ March to Skelley Field ~~~<\/strong><\/p>\n<p style=\"text-align: left\"><strong>Explore a Fluxus Score \u2013 Introduction to the Fluxus Art Movement at Rutgers<\/strong><\/p>\n<ul style=\"text-align: left\">\n<li>Dr. Donna Gustafson, Interim Director and Curator of the Zimmerli Museum<\/li>\n<li>Rutgers students engaging the audience to small Fluxus performances<\/li>\n<\/ul>\n<p style=\"text-align: left\"><strong>~~~ March to Cook Farm ~~~<\/strong><\/p>\n<p style=\"text-align: left\"><strong>Meet the Animals of Cook Farm &#8211; Introduction to Cook Farm &amp; Animal Sciences<\/strong><\/p>\n<ul style=\"text-align: left\">\n<li>Dr. Wendie Cohick, Dean of Research &amp; Graduate Education, NJAES\/SEBS<\/li>\n<li>Clint Burgher, Research Farm Manager<\/li>\n<\/ul>\n<p style=\"text-align: left\"><strong>~~~ March to Cow Tunnel ~~~<\/strong><\/p>\n<p style=\"text-align: left\"><strong>Performances of Dance, Theater, and Music<\/strong><\/p>\n<p style=\"text-align: left\">Students, alums, and faculty of Mason Gross School of the Arts<\/p>\n<ul>\n<li>Christopher Cartmill, Head of Dramaturgy, Associate Chair, Theater Department<\/li>\n<li>Dr. Brandon Williams, Assistant Professor, Music Department<\/li>\n<li>Dr. Scott Ordway, Assistant Professor, Music Department<\/li>\n<li>Camille Moten, MFA Alum, Dance Department<\/li>\n<\/ul>\n<p style=\"text-align: left\"><strong>~~~ March to Ryders Lane ~~~<\/strong><\/p>\n<p style=\"text-align: left\"><strong>Connecting a Beloved Community \u2013 Imagining and Designing a Pedestrian-Bicycle Bridge<\/strong><\/p>\n<ul style=\"text-align: left\">\n<li>Dr. Nenad Gucunski, Professor and Chairman, Civil &amp; Environmental Engineering, Rutgers School of Engineering (SoE)<\/li>\n<\/ul>\n<p style=\"text-align: left\">Listen to Sound &amp; Landscape Interventions by Byrne Seminar students<\/p>\n<p style=\"text-align: left\"><strong>~~~ CROSS RYDERS LANE WITH RUPD ~~~<\/strong><\/p>\n<p style=\"text-align: left\"><strong>ARRIVE AT COOK\u2019S MARKET \u2013 ENTRANCE TO RUTGERS GARDENS<\/strong><\/p>\n<p style=\"text-align: left\"><strong>Fanfare by the Rutgers Marching Band<br \/>\n<\/strong>Directed by Todd Nichols, Director of University Bands, Music Department, and Dr. Julia Baumanis, Assistant Director of University Bands, Music Department<\/p>\n<ul style=\"text-align: left\">\n<li>Welcome from Ariana Arancibia, Director of Rutgers Gardens<\/li>\n<li>Designing Inclusive Access by Dr. Javier Robles, Director of The Center for Disability Sports, Health, and Wellness, Kinesiology Department, School of Arts &amp; Sciences (SAS)<\/li>\n<li>Gerry Began, Co-Curator of <em>Seize the Time\u00a0<\/em>inviting to get on the Shuttle Bus to the Zimmerli Museum<\/li>\n<li>New Jersey Folk Festival Podcast Booth: Capturing Stories for the &#8220;On the Move: Transportation and Migration&#8221; 2022 festival. Tell your story!<\/li>\n<\/ul>\n<p style=\"text-align: left\"><strong>AFTER THE MARCH<\/strong><\/p>\n<ul style=\"text-align: left\">\n<li>Grab a Lunch Box (cash only or prepaid orders see &#8220;events&#8221;)<\/li>\n<li>Take a free shuttle to return to Parking Lots 76, 97, 98A, and 98B<\/li>\n<li>Take a free shuttle to Zimmerli Art Museum for the exhibition <i>Angela Davis &#8211; Seize the Time.<\/i> Greeting by the curators Dr. Donna Gusafson and Gerald Beegan, Professor, Art &amp; Design Department.<\/li>\n<li>Explore Rutgers Garden (trail maps provided &#8211; return transportation not provided)<\/li>\n<\/ul>\n<h3><\/h3>\n<p>&nbsp;<\/p>\n<p><img loading=\"lazy\" decoding=\"async\" class=\"alignnone wp-image-861\" src=\"http:\/\/sites.rutgers.edu\/march2rugardens\/wp-content\/uploads\/sites\/688\/2021\/08\/MarchToRUGardens-Logo-5884px-300x70.jpg\" alt=\"\" width=\"912\" height=\"213\" srcset=\"https:\/\/sites.rutgers.edu\/march2rugardens\/wp-content\/uploads\/sites\/688\/2021\/08\/MarchToRUGardens-Logo-5884px-300x70.jpg 300w, https:\/\/sites.rutgers.edu\/march2rugardens\/wp-content\/uploads\/sites\/688\/2021\/08\/MarchToRUGardens-Logo-5884px-1024x239.jpg 1024w, https:\/\/sites.rutgers.edu\/march2rugardens\/wp-content\/uploads\/sites\/688\/2021\/08\/MarchToRUGardens-Logo-5884px-768x179.jpg 768w, https:\/\/sites.rutgers.edu\/march2rugardens\/wp-content\/uploads\/sites\/688\/2021\/08\/MarchToRUGardens-Logo-5884px-1536x359.jpg 1536w, https:\/\/sites.rutgers.edu\/march2rugardens\/wp-content\/uploads\/sites\/688\/2021\/08\/MarchToRUGardens-Logo-5884px-2048x479.jpg 2048w\" sizes=\"(max-width: 912px) 100vw, 912px\" \/><\/p>\n<h3><strong><em><span class=\"Y2IQFc\" lang=\"es\">PROGRAMA EN ESPA\u00d1OL \u2013 <\/span><\/em><\/strong><strong>March2RUGardens<\/strong><\/h3>\n<h3 style=\"text-align: left\"><strong>Septiembre 25, 2021, <\/strong><strong>10am-1pm <\/strong><\/h3>\n<p style=\"text-align: left\"><strong>(Si llueve la marcha se llevara acabo el 26 de Septiembre)<\/strong><\/p>\n<pre id=\"tw-target-text\" class=\"tw-data-text tw-text-large XcVN5d tw-ta\" data-placeholder=\"Translation\"><em><span class=\"Y2IQFc\" lang=\"es\">Programa sujeto a cambios<\/span><\/em><\/pre>\n<p style=\"text-align: left\"><strong>Los participantes se reunir\u00e1n detr\u00e1s de los dormitorios Woodbury Bunting-Cobb<br \/>\n<\/strong>(Lotes de estacionamiento 76, 97, 98A and 98B)<\/p>\n<p id=\"tw-target-text\" class=\"tw-data-text tw-text-large XcVN5d tw-ta\" dir=\"ltr\" data-placeholder=\"Translation\"><span class=\"Y2IQFc\" lang=\"es\"><strong>Hola desde AIR Collaborative<\/strong><br \/>\n<\/span><span class=\"Y2IQFc\" lang=\"es\">Discurso de bienvenida de Dr. Julia M. Ritter (Profesora, Danza) y Dr. Anette Freytag (Profesora, Arquitectura del Paisaje), Co-Fundadoras de AIR Collaborative<\/span><\/p>\n<p dir=\"ltr\" data-placeholder=\"Translation\"><strong>\u00a1Bienvenido de nuevo, Rutgers!<\/strong><br \/>\nFrancine Conway, Ph.D.<br \/>\nRector-Rector, Universidad de Rutgers-New Brunswick<\/p>\n<p class=\"tw-data-text tw-text-large XcVN5d tw-ta\" dir=\"ltr\" data-placeholder=\"Translation\"><strong>Visiones para un futuro justo<br \/>\n<\/strong>Dr. Michelle Stephens, Directora Ejecutiva del Instituto para el Estudio de la Justicia Racial Global<\/p>\n<p style=\"text-align: left\"><strong>Choreographed Acknowledgement of Indigenous Peoples &amp; Land<\/strong><\/p>\n<ul style=\"text-align: left\">\n<li>Dirigido por Dr. Alessandra Williams, Profesora asistente de danza y defensora de la diversidad con la RU-NB Division of Diversity, Inclusion &amp; Community Engagement , y con licenciatura en danza de Mason Gross School of the Arts, con Cliff Matias, Director y Co-Fundador, Redhawk Native American Arts Council<\/li>\n<\/ul>\n<p style=\"text-align: left\"><strong>Scarlet &amp; Black Project \u2013 Aprende sobre el Historical Marker en Wood Lawn Mansion<\/strong><\/p>\n<ul style=\"text-align: left\">\n<li>Dr. Tracey Johnson,\u00a0 Asociada Postdoctoral Scarlet and Black, \u00a0<a href=\"https:\/\/scarletandblack.rutgers.edu\/\">Scarlet and Black Project<\/a><\/li>\n<\/ul>\n<p style=\"text-align: left\"><strong>GirlTrek \u2013 Conoce a los representantes locales. <em>Take a Walk &amp; Join a Movement!<\/em> <\/strong><\/p>\n<ul>\n<li style=\"text-align: left\">Chasity \u00a0Davis, GirlTrek: Aprenda m\u00e1s sobre la organizaci\u00f3n no gubernamental de salud p\u00fablica para mujeres y ni\u00f1as afroamericanas m\u00e1s grande de los Estados Unidos, pionera en un movimiento de salud para mujeres y ni\u00f1as afroamericanas basado en la historia y los principios de los derechos civiles a trav\u00e9s de campa\u00f1as de caminata, liderazgo comunitario y defensa de la salud.\u00a0<a href=\"https:\/\/www.girltrek.org\/\">GirlTrek.org<\/a><\/li>\n<\/ul>\n<p id=\"tw-target-text\" class=\"tw-data-text tw-text-large XcVN5d tw-ta\" dir=\"ltr\" data-placeholder=\"Translation\"><strong><span class=\"Y2IQFc\" lang=\"es\">Dise\u00f1ar paisajes justos y saludables y aprender sobre los &#8220;laboratorios vivientes&#8221;<\/span><\/strong><\/p>\n<ul style=\"text-align: left\">\n<li>Dr. Laura Lawson, Decana Ejecutiva Interina, School of Environmental and Biological Sciences<\/li>\n<\/ul>\n<p style=\"text-align: left\"><strong>Inspiraci\u00f3n, Imaginaci\u00f3n, e Inclusi\u00f3n <\/strong><\/p>\n<ul style=\"text-align: left\">\n<li>Dr. Jason Geary, Decano de Mason Gross School of the Arts<\/li>\n<\/ul>\n<p style=\"text-align: left\"><strong>~~~ Marcha a Skelley Field ~~~<\/strong><\/p>\n<p style=\"text-align: left\"><strong>Explore una partitura Fluxus: introducci\u00f3n al movimiento art\u00edstico Fluxus en Rutgers<\/strong><\/p>\n<ul style=\"text-align: left\">\n<li>Dr. Donna Gustafson, Directora Interina y Curadora de Museo Zimmerli<\/li>\n<\/ul>\n<p><strong>~~~ Marcha a Cook Farm ~~~<\/strong><\/p>\n<p style=\"text-align: left\"><strong>Conozca a los animales de Cook Farm \u2013 Introducci\u00f3n a Cook Farm &amp; ciencias de animales <\/strong><\/p>\n<ul style=\"text-align: left\">\n<li>Dr. Wendie Cohick, Decana de Investigaci\u00f3n y Educaci\u00f3n de Posgrado, NJAES \/ SEBS<\/li>\n<li>Clint Burgher, Director de la Granja de Investigaci\u00f3n<\/li>\n<\/ul>\n<p style=\"text-align: left\"><strong>~~~ Marcha al Cow Tunnel ~~~<\/strong><\/p>\n<p style=\"text-align: left\"><strong>Espect\u00e1culos de baile, teatro, y m\u00fasica<\/strong><\/p>\n<p style=\"text-align: left\">Estudiantes, ex-alumnos y profesores de Mason Gross School of the Arts<\/p>\n<ul>\n<li>Christopher Cartmill, Director de Dramaturgia, C\u00e1tedra Asociada, Departamento de Teatro<\/li>\n<li>Dr. Brandon Williams, Profesor Asistente, Departamento de M\u00fasica<\/li>\n<li>Dr. Scott Ordway, Profesor Asistente, Departamento de M\u00fasica<\/li>\n<li>Camille Moten, Alumbre de MFA, Departamento de Danza<\/li>\n<\/ul>\n<p style=\"text-align: left\"><strong>~~~ Marcha a Ryders Lane ~~~<\/strong><\/p>\n<p style=\"text-align: left\"><strong>Conectando a una comunidad querida \u2013 <span class=\"Y2IQFc\" lang=\"es\">Imaginar y dise\u00f1ar un puente para peatones y bicicletas<\/span><\/strong><\/p>\n<ul style=\"text-align: left\">\n<li>Dr. Nenad Gucunski, Profesor y Director, Ingenier\u00eda Civil y Ambiental, Escuela de Ingenier\u00eda de Rutgers (SoE)<\/li>\n<\/ul>\n<p style=\"text-align: left\">Escuche las intervenciones de sonido y paisaje de los estudiantes del seminario Byrne<\/p>\n<p style=\"text-align: left\"><strong>\u00a0 ~~~ CRUZE DE RYDERS LANE CON RUPD ~~~<\/strong><\/p>\n<p style=\"text-align: left\"><strong>LLEGADA AL COOK\u2019S MARKET \u2013 ENTRADA AL RUTGERS GARDENS<\/strong><\/p>\n<p style=\"text-align: left\"><strong>Fanfare por la Rutgers Marching Band<br \/>\n<\/strong><span class=\"Y2IQFc\" lang=\"es\">Dirigida por Todd Nichols, Director de Bandas Universitarias, Departamento de M\u00fasica, y la Dra. Julia Baumanis, Subdirectora de Bandas Universitarias, Departamento de M\u00fasica<\/span><\/p>\n<ul style=\"text-align: left\">\n<li>Bienvenida de Ariana Arancibia, directora de Rutgers Gardens<\/li>\n<li>Discurso sobre el dise\u00f1o de un acceso inclusivo por el Javier Robles, director del<br \/>\nCenter for Disability Sports, Health, and Wellness, Kinesiology Department, School of Arts &amp; Sciences (SAS)<\/li>\n<li>\n<p id=\"tw-target-text\" class=\"tw-data-text tw-text-large XcVN5d tw-ta\" dir=\"ltr\" data-placeholder=\"Translation\"><span class=\"Y2IQFc\" lang=\"es\">Puesto de podcasts del festival folcl\u00f3rico de Nueva Jersey: capturando historias para el festival 2022 &#8220;On the Move: Transportation and Migration&#8221;.<br \/>\n\u00a1Cuenta tu historia!<\/span><\/p>\n<\/li>\n<\/ul>\n<p style=\"text-align: left\"><strong>DESPU\u00c9S DE LA MARCHA <\/strong><\/p>\n<ul>\n<li id=\"tw-target-text\" class=\"tw-data-text tw-text-large XcVN5d tw-ta\" data-placeholder=\"Translation\"><span class=\"Y2IQFc\" lang=\"es\">Obtenga alimentos: almuerzos en caja disponibles (solo en efectivo)<\/span><\/li>\n<li class=\"tw-data-text tw-text-large XcVN5d tw-ta\" data-placeholder=\"Translation\">Tome un servicio de transporte gratuito para regresar a los estacionamientos 76, 97, 98A and 98B<\/li>\n<li>Tome un servicio de transporte gratuito al Zimmerli Art Museum para la exhibici\u00f3n de Angela Davis <em style=\"font-size: 1rem;font-family: -apple-system, BlinkMacSystemFont, 'Segoe UI', Roboto, 'Helvetica Neue', Arial, sans-serif\">Seize the Time.<\/em> Saludo de los curadores Dr. Donna Gustafson y Gerald Beegan, Profesor de Departamento de Arte &amp; Dise\u00f1o<\/li>\n<li>Explorar Rutgers Gardens (se proporcionan mapas de senderos; no se proporciona transporte de regreso)<\/li>\n<\/ul>\n<p style=\"text-align: left\">\n","protected":false},"excerpt":{"rendered":"<p>Despl\u00e1cese hacia abajo para acceder al programa en espa\u00f1ol. March2RUGardens \u2013 September 25, 2021, 10am-1pm (rain date September 26)\u00a0 Program Subject to Change GATHER behind Woodbury Bunting-Cobb Residence Hall (Parking &hellip; <a href=\"https:\/\/sites.rutgers.edu\/march2rugardens\/march2rugardens-program\/\" class=\"\">Read More<\/a><\/p>\n","protected":false},"author":1754,"featured_media":0,"parent":0,"menu_order":0,"comment_status":"closed","ping_status":"closed","template":"","meta":{"_acf_changed":false,"footnotes":""},"class_list":["post-574","page","type-page","status-publish","hentry"],"acf":[],"yoast_head":"<!-- This site is optimized with the Yoast SEO plugin v23.5 - https:\/\/yoast.com\/wordpress\/plugins\/seo\/ -->\n<title>Program - March2RUGardens<\/title>\n<meta name=\"robots\" content=\"index, follow, max-snippet:-1, max-image-preview:large, max-video-preview:-1\" \/>\n<link rel=\"canonical\" href=\"https:\/\/sites.rutgers.edu\/march2rugardens\/march2rugardens-program\/\" \/>\n<meta property=\"og:locale\" content=\"en_US\" \/>\n<meta property=\"og:type\" content=\"article\" \/>\n<meta property=\"og:title\" content=\"Program - March2RUGardens\" \/>\n<meta property=\"og:description\" content=\"Despl\u00e1cese hacia abajo para acceder al programa en espa\u00f1ol. March2RUGardens \u2013 September 25, 2021, 10am-1pm (rain date September 26)\u00a0 Program Subject to Change GATHER behind Woodbury Bunting-Cobb Residence Hall (Parking &hellip; Read More\" \/>\n<meta property=\"og:url\" content=\"https:\/\/sites.rutgers.edu\/march2rugardens\/march2rugardens-program\/\" \/>\n<meta property=\"og:site_name\" content=\"March2RUGardens\" \/>\n<meta property=\"article:modified_time\" content=\"2021-09-23T20:17:44+00:00\" \/>\n<meta property=\"og:image\" content=\"http:\/\/sites.rutgers.edu\/march2rugardens\/wp-content\/uploads\/sites\/688\/2021\/08\/MarchToRUGardens-Logo-5884px-300x70.jpg\" \/>\n<meta name=\"twitter:card\" content=\"summary_large_image\" \/>\n<meta name=\"twitter:label1\" content=\"Est. reading time\" \/>\n\t<meta name=\"twitter:data1\" content=\"6 minutes\" \/>\n<script type=\"application\/ld+json\" class=\"yoast-schema-graph\">{\"@context\":\"https:\/\/schema.org\",\"@graph\":[{\"@type\":\"WebPage\",\"@id\":\"https:\/\/sites.rutgers.edu\/march2rugardens\/march2rugardens-program\/\",\"url\":\"https:\/\/sites.rutgers.edu\/march2rugardens\/march2rugardens-program\/\",\"name\":\"Program - March2RUGardens\",\"isPartOf\":{\"@id\":\"https:\/\/sites.rutgers.edu\/march2rugardens\/#website\"},\"primaryImageOfPage\":{\"@id\":\"https:\/\/sites.rutgers.edu\/march2rugardens\/march2rugardens-program\/#primaryimage\"},\"image\":{\"@id\":\"https:\/\/sites.rutgers.edu\/march2rugardens\/march2rugardens-program\/#primaryimage\"},\"thumbnailUrl\":\"http:\/\/sites.rutgers.edu\/march2rugardens\/wp-content\/uploads\/sites\/688\/2021\/08\/MarchToRUGardens-Logo-5884px-300x70.jpg\",\"datePublished\":\"2021-08-16T03:01:26+00:00\",\"dateModified\":\"2021-09-23T20:17:44+00:00\",\"breadcrumb\":{\"@id\":\"https:\/\/sites.rutgers.edu\/march2rugardens\/march2rugardens-program\/#breadcrumb\"},\"inLanguage\":\"en-US\",\"potentialAction\":[{\"@type\":\"ReadAction\",\"target\":[\"https:\/\/sites.rutgers.edu\/march2rugardens\/march2rugardens-program\/\"]}]},{\"@type\":\"ImageObject\",\"inLanguage\":\"en-US\",\"@id\":\"https:\/\/sites.rutgers.edu\/march2rugardens\/march2rugardens-program\/#primaryimage\",\"url\":\"https:\/\/sites.rutgers.edu\/march2rugardens\/wp-content\/uploads\/sites\/688\/2021\/08\/MarchToRUGardens-Logo-5884px-scaled.jpg\",\"contentUrl\":\"https:\/\/sites.rutgers.edu\/march2rugardens\/wp-content\/uploads\/sites\/688\/2021\/08\/MarchToRUGardens-Logo-5884px-scaled.jpg\",\"width\":2560,\"height\":598},{\"@type\":\"BreadcrumbList\",\"@id\":\"https:\/\/sites.rutgers.edu\/march2rugardens\/march2rugardens-program\/#breadcrumb\",\"itemListElement\":[{\"@type\":\"ListItem\",\"position\":1,\"name\":\"Home\",\"item\":\"https:\/\/sites.rutgers.edu\/march2rugardens\/\"},{\"@type\":\"ListItem\",\"position\":2,\"name\":\"Program\"}]},{\"@type\":\"WebSite\",\"@id\":\"https:\/\/sites.rutgers.edu\/march2rugardens\/#website\",\"url\":\"https:\/\/sites.rutgers.edu\/march2rugardens\/\",\"name\":\"March2RUGardens\",\"description\":\"\",\"potentialAction\":[{\"@type\":\"SearchAction\",\"target\":{\"@type\":\"EntryPoint\",\"urlTemplate\":\"https:\/\/sites.rutgers.edu\/march2rugardens\/?s={search_term_string}\"},\"query-input\":{\"@type\":\"PropertyValueSpecification\",\"valueRequired\":true,\"valueName\":\"search_term_string\"}}],\"inLanguage\":\"en-US\"}]}<\/script>\n<!-- \/ Yoast SEO plugin. -->","yoast_head_json":{"title":"Program - March2RUGardens","robots":{"index":"index","follow":"follow","max-snippet":"max-snippet:-1","max-image-preview":"max-image-preview:large","max-video-preview":"max-video-preview:-1"},"canonical":"https:\/\/sites.rutgers.edu\/march2rugardens\/march2rugardens-program\/","og_locale":"en_US","og_type":"article","og_title":"Program - March2RUGardens","og_description":"Despl\u00e1cese hacia abajo para acceder al programa en espa\u00f1ol. March2RUGardens \u2013 September 25, 2021, 10am-1pm (rain date September 26)\u00a0 Program Subject to Change GATHER behind Woodbury Bunting-Cobb Residence Hall (Parking &hellip; Read More","og_url":"https:\/\/sites.rutgers.edu\/march2rugardens\/march2rugardens-program\/","og_site_name":"March2RUGardens","article_modified_time":"2021-09-23T20:17:44+00:00","og_image":[{"url":"http:\/\/sites.rutgers.edu\/march2rugardens\/wp-content\/uploads\/sites\/688\/2021\/08\/MarchToRUGardens-Logo-5884px-300x70.jpg"}],"twitter_card":"summary_large_image","twitter_misc":{"Est. reading time":"6 minutes"},"schema":{"@context":"https:\/\/schema.org","@graph":[{"@type":"WebPage","@id":"https:\/\/sites.rutgers.edu\/march2rugardens\/march2rugardens-program\/","url":"https:\/\/sites.rutgers.edu\/march2rugardens\/march2rugardens-program\/","name":"Program - March2RUGardens","isPartOf":{"@id":"https:\/\/sites.rutgers.edu\/march2rugardens\/#website"},"primaryImageOfPage":{"@id":"https:\/\/sites.rutgers.edu\/march2rugardens\/march2rugardens-program\/#primaryimage"},"image":{"@id":"https:\/\/sites.rutgers.edu\/march2rugardens\/march2rugardens-program\/#primaryimage"},"thumbnailUrl":"http:\/\/sites.rutgers.edu\/march2rugardens\/wp-content\/uploads\/sites\/688\/2021\/08\/MarchToRUGardens-Logo-5884px-300x70.jpg","datePublished":"2021-08-16T03:01:26+00:00","dateModified":"2021-09-23T20:17:44+00:00","breadcrumb":{"@id":"https:\/\/sites.rutgers.edu\/march2rugardens\/march2rugardens-program\/#breadcrumb"},"inLanguage":"en-US","potentialAction":[{"@type":"ReadAction","target":["https:\/\/sites.rutgers.edu\/march2rugardens\/march2rugardens-program\/"]}]},{"@type":"ImageObject","inLanguage":"en-US","@id":"https:\/\/sites.rutgers.edu\/march2rugardens\/march2rugardens-program\/#primaryimage","url":"https:\/\/sites.rutgers.edu\/march2rugardens\/wp-content\/uploads\/sites\/688\/2021\/08\/MarchToRUGardens-Logo-5884px-scaled.jpg","contentUrl":"https:\/\/sites.rutgers.edu\/march2rugardens\/wp-content\/uploads\/sites\/688\/2021\/08\/MarchToRUGardens-Logo-5884px-scaled.jpg","width":2560,"height":598},{"@type":"BreadcrumbList","@id":"https:\/\/sites.rutgers.edu\/march2rugardens\/march2rugardens-program\/#breadcrumb","itemListElement":[{"@type":"ListItem","position":1,"name":"Home","item":"https:\/\/sites.rutgers.edu\/march2rugardens\/"},{"@type":"ListItem","position":2,"name":"Program"}]},{"@type":"WebSite","@id":"https:\/\/sites.rutgers.edu\/march2rugardens\/#website","url":"https:\/\/sites.rutgers.edu\/march2rugardens\/","name":"March2RUGardens","description":"","potentialAction":[{"@type":"SearchAction","target":{"@type":"EntryPoint","urlTemplate":"https:\/\/sites.rutgers.edu\/march2rugardens\/?s={search_term_string}"},"query-input":{"@type":"PropertyValueSpecification","valueRequired":true,"valueName":"search_term_string"}}],"inLanguage":"en-US"}]}},"_links":{"self":[{"href":"https:\/\/sites.rutgers.edu\/march2rugardens\/wp-json\/wp\/v2\/pages\/574"}],"collection":[{"href":"https:\/\/sites.rutgers.edu\/march2rugardens\/wp-json\/wp\/v2\/pages"}],"about":[{"href":"https:\/\/sites.rutgers.edu\/march2rugardens\/wp-json\/wp\/v2\/types\/page"}],"author":[{"embeddable":true,"href":"https:\/\/sites.rutgers.edu\/march2rugardens\/wp-json\/wp\/v2\/users\/1754"}],"replies":[{"embeddable":true,"href":"https:\/\/sites.rutgers.edu\/march2rugardens\/wp-json\/wp\/v2\/comments?post=574"}],"version-history":[{"count":116,"href":"https:\/\/sites.rutgers.edu\/march2rugardens\/wp-json\/wp\/v2\/pages\/574\/revisions"}],"predecessor-version":[{"id":978,"href":"https:\/\/sites.rutgers.edu\/march2rugardens\/wp-json\/wp\/v2\/pages\/574\/revisions\/978"}],"wp:attachment":[{"href":"https:\/\/sites.rutgers.edu\/march2rugardens\/wp-json\/wp\/v2\/media?parent=574"}],"curies":[{"name":"wp","href":"https:\/\/api.w.org\/{rel}","templated":true}]}}