{"id":2426,"date":"2020-07-25T03:24:23","date_gmt":"2020-07-25T03:24:23","guid":{"rendered":"http:\/\/sites.rutgers.edu\/nb-senior-exhibits\/?page_id=2426"},"modified":"2020-07-25T03:31:22","modified_gmt":"2020-07-25T03:31:22","slug":"valentin-valentin-celymar","status":"publish","type":"page","link":"https:\/\/sites.rutgers.edu\/nb-senior-exhibits\/partners\/rise-research-intensive-summer-experience\/valentin-valentin-celymar\/","title":{"rendered":"Valent\u00edn-Valent\u00edn, Celymar: Liposomal Hydrogel Formulations for the Transdermal Drug Delivery of NSAIDs: Developments and Current Status"},"content":{"rendered":"<p><a href=\"http:\/\/sites.rutgers.edu\/nb-senior-exhibits\/wp-content\/uploads\/sites\/442\/2020\/07\/Celymar-Valenti\u0301n-Valenti\u0301n.pdf\" target=\"_blank\" rel=\"noopener noreferrer\"><img loading=\"lazy\" decoding=\"async\" class=\"size-medium wp-image-2337 alignleft\" src=\"http:\/\/sites.rutgers.edu\/nb-senior-exhibits\/wp-content\/uploads\/sites\/442\/2020\/07\/Celymar-Valenti\u0301n-Valenti\u0301n_thumbnail-300x225.png\" alt=\"Celymar Valentin\" width=\"300\" height=\"225\" srcset=\"https:\/\/sites.rutgers.edu\/nb-senior-exhibits\/wp-content\/uploads\/sites\/442\/2020\/07\/Celymar-Valenti\u0301n-Valenti\u0301n_thumbnail-300x225.png 300w, https:\/\/sites.rutgers.edu\/nb-senior-exhibits\/wp-content\/uploads\/sites\/442\/2020\/07\/Celymar-Valenti\u0301n-Valenti\u0301n_thumbnail-1024x768.png 1024w, https:\/\/sites.rutgers.edu\/nb-senior-exhibits\/wp-content\/uploads\/sites\/442\/2020\/07\/Celymar-Valenti\u0301n-Valenti\u0301n_thumbnail-768x576.png 768w, https:\/\/sites.rutgers.edu\/nb-senior-exhibits\/wp-content\/uploads\/sites\/442\/2020\/07\/Celymar-Valenti\u0301n-Valenti\u0301n_thumbnail.png 1067w\" sizes=\"(max-width: 300px) 100vw, 300px\" \/><\/a><br \/>\n<strong><a class=\"btn btn-primary\" href=\"https:\/\/rutgers.box.com\/s\/lo2oz5vsm8dy2h6xcsqwuuyvywod5w9x\" target=\"_blank\" rel=\"noopener noreferrer\">View video presentation<\/a><\/strong><\/p>\n<p><strong>Title:<\/strong> Liposomal Hydrogel Formulations for the Transdermal Drug Delivery of NSAIDs: Developments and Current Status<\/p>\n<p><strong>Name:<\/strong> Celymar Valent\u00edn-Valent\u00edn<\/p>\n<p><strong>Home Institute:<\/strong> University of Puerto Rico &#8211; Mayag\u00fcez<\/p>\n<p><strong>Programs:<\/strong> RISE program<\/p>\n<p><strong>Other contributors:<\/strong> Julia Zhang, Bozena Michniak-Kohn<\/p>\n<p><strong>Abstract:<\/strong> Transdermal Drug Delivery (TDD) offers an alternative delivery route to oral medications for drugs that can cause gastrointestinal adverse effects such as nonsteroidal anti-inflammatory drugs (NSAIDs). A widely studied approach for TDD drug carriers are elastic liposomes. They are flexible phospholipid vesicles that can open extracellular pathways between the skin cells and deliver hydrophilic and lipophilic drugs to the bloodstream. Despite all the benefits they provide for TDD, they lack chemical and physical stability, resulting in a short life. On the other hand, hydrogels, polymeric networks dispersed in water, are also suitable for TDD, but their initial drug release upon contact can sometimes result in an overdose. The combination of these two approaches has been studied with the intention of optimizing both formulations properties. Some of the benefits that have been observed are vesicle stability, prolonged drug release, and enhanced transdermal permeability. We proposed a literature review on the development and status of this synergistic combination for the transdermal delivery of NSAIDs to summarize the most recent advances. Publications reporting liposomal hydrogel formulations tested with NSAIDs were retrieved from PubMed and Google Scholar. Relevant articles are being examined and analyzed to extract the necessary information. The most studied NSAID with liposomal hydrogel formulations was found to be diclofenac. This review serves as an essential introduction to the topic to guide future studies on TDDs of NSAIDs.<\/p>\n<p><strong>Biography:<\/strong> Celymar Valent\u00edn-Valent\u00edn is a rising senior majoring in chemical engineering at the University of Puerto Rico &#8211; Mayag\u00fcez Campus. She is also pursuing minors in pharmaceutical engineering and project management. While working on her degree, Celymar has participated in research concerning organic photovoltaics, laser-induced nucleation, and topical drug administration, and industrial internships with SUNNE Cleantech Labs and Johnson &amp; Johnson Vision. She is an active member of the UPRM Chapter of the American Society for Engineering Education where she enjoys tutoring and helping fellow engineering students. Outside of academics, Celymar enjoys reading, learning new languages, and being outdoors. After graduation, she intends to pursue a Ph.D. in pharmaceutical engineering.<\/p>\n","protected":false},"excerpt":{"rendered":"<p>View video presentation Title: Liposomal Hydrogel Formulations for the Transdermal Drug Delivery of NSAIDs: Developments and Current Status Name: Celymar Valent\u00edn-Valent\u00edn Home Institute: University of Puerto Rico &#8211; Mayag\u00fcez Programs: &hellip; <a href=\"https:\/\/sites.rutgers.edu\/nb-senior-exhibits\/partners\/rise-research-intensive-summer-experience\/valentin-valentin-celymar\/\" class=\"\">Read More<\/a><\/p>\n","protected":false},"author":970,"featured_media":0,"parent":2326,"menu_order":0,"comment_status":"closed","ping_status":"closed","template":"template-custom.php","meta":{"_acf_changed":false,"footnotes":""},"class_list":["post-2426","page","type-page","status-publish","hentry"],"acf":[],"yoast_head":"<!-- This site is optimized with the Yoast SEO plugin v23.5 - https:\/\/yoast.com\/wordpress\/plugins\/seo\/ -->\n<title>Valent\u00edn-Valent\u00edn, Celymar: Liposomal Hydrogel Formulations for the Transdermal Drug Delivery of NSAIDs: Developments and Current Status - Senior Exhibits<\/title>\n<meta name=\"robots\" content=\"index, follow, max-snippet:-1, max-image-preview:large, max-video-preview:-1\" \/>\n<link rel=\"canonical\" href=\"https:\/\/sites.rutgers.edu\/nb-senior-exhibits\/partners\/rise-research-intensive-summer-experience\/valentin-valentin-celymar\/\" \/>\n<meta property=\"og:locale\" content=\"en_US\" \/>\n<meta property=\"og:type\" content=\"article\" \/>\n<meta property=\"og:title\" content=\"Valent\u00edn-Valent\u00edn, Celymar: Liposomal Hydrogel Formulations for the Transdermal Drug Delivery of NSAIDs: Developments and Current Status - Senior Exhibits\" \/>\n<meta property=\"og:description\" content=\"View video presentation Title: Liposomal Hydrogel Formulations for the Transdermal Drug Delivery of NSAIDs: Developments and Current Status Name: Celymar Valent\u00edn-Valent\u00edn Home Institute: University of Puerto Rico &#8211; Mayag\u00fcez Programs: &hellip; Read More\" \/>\n<meta property=\"og:url\" content=\"https:\/\/sites.rutgers.edu\/nb-senior-exhibits\/partners\/rise-research-intensive-summer-experience\/valentin-valentin-celymar\/\" \/>\n<meta property=\"og:site_name\" content=\"Senior Exhibits\" \/>\n<meta property=\"article:modified_time\" content=\"2020-07-25T03:31:22+00:00\" \/>\n<meta name=\"twitter:card\" content=\"summary_large_image\" \/>\n<meta name=\"twitter:label1\" content=\"Est. reading time\" \/>\n\t<meta name=\"twitter:data1\" content=\"2 minutes\" \/>\n<script type=\"application\/ld+json\" class=\"yoast-schema-graph\">{\"@context\":\"https:\/\/schema.org\",\"@graph\":[{\"@type\":\"WebPage\",\"@id\":\"https:\/\/sites.rutgers.edu\/nb-senior-exhibits\/partners\/rise-research-intensive-summer-experience\/valentin-valentin-celymar\/\",\"url\":\"https:\/\/sites.rutgers.edu\/nb-senior-exhibits\/partners\/rise-research-intensive-summer-experience\/valentin-valentin-celymar\/\",\"name\":\"Valent\u00edn-Valent\u00edn, Celymar: Liposomal Hydrogel Formulations for the Transdermal Drug Delivery of NSAIDs: Developments and Current Status - Senior Exhibits\",\"isPartOf\":{\"@id\":\"https:\/\/sites.rutgers.edu\/nb-senior-exhibits\/#website\"},\"datePublished\":\"2020-07-25T03:24:23+00:00\",\"dateModified\":\"2020-07-25T03:31:22+00:00\",\"breadcrumb\":{\"@id\":\"https:\/\/sites.rutgers.edu\/nb-senior-exhibits\/partners\/rise-research-intensive-summer-experience\/valentin-valentin-celymar\/#breadcrumb\"},\"inLanguage\":\"en-US\",\"potentialAction\":[{\"@type\":\"ReadAction\",\"target\":[\"https:\/\/sites.rutgers.edu\/nb-senior-exhibits\/partners\/rise-research-intensive-summer-experience\/valentin-valentin-celymar\/\"]}]},{\"@type\":\"BreadcrumbList\",\"@id\":\"https:\/\/sites.rutgers.edu\/nb-senior-exhibits\/partners\/rise-research-intensive-summer-experience\/valentin-valentin-celymar\/#breadcrumb\",\"itemListElement\":[{\"@type\":\"ListItem\",\"position\":1,\"name\":\"Home\",\"item\":\"https:\/\/sites.rutgers.edu\/nb-senior-exhibits\/\"},{\"@type\":\"ListItem\",\"position\":2,\"name\":\"Our Symposium Partners\",\"item\":\"https:\/\/sites.rutgers.edu\/nb-senior-exhibits\/partners\/\"},{\"@type\":\"ListItem\",\"position\":3,\"name\":\"RISE: Research Intensive Summer Experience\",\"item\":\"https:\/\/sites.rutgers.edu\/nb-senior-exhibits\/partners\/rise-research-intensive-summer-experience\/\"},{\"@type\":\"ListItem\",\"position\":4,\"name\":\"Valent\u00edn-Valent\u00edn, Celymar: Liposomal Hydrogel Formulations for the Transdermal Drug Delivery of NSAIDs: Developments and Current Status\"}]},{\"@type\":\"WebSite\",\"@id\":\"https:\/\/sites.rutgers.edu\/nb-senior-exhibits\/#website\",\"url\":\"https:\/\/sites.rutgers.edu\/nb-senior-exhibits\/\",\"name\":\"Senior Exhibits\",\"description\":\"\",\"potentialAction\":[{\"@type\":\"SearchAction\",\"target\":{\"@type\":\"EntryPoint\",\"urlTemplate\":\"https:\/\/sites.rutgers.edu\/nb-senior-exhibits\/?s={search_term_string}\"},\"query-input\":{\"@type\":\"PropertyValueSpecification\",\"valueRequired\":true,\"valueName\":\"search_term_string\"}}],\"inLanguage\":\"en-US\"}]}<\/script>\n<!-- \/ Yoast SEO plugin. -->","yoast_head_json":{"title":"Valent\u00edn-Valent\u00edn, Celymar: Liposomal Hydrogel Formulations for the Transdermal Drug Delivery of NSAIDs: Developments and Current Status - Senior Exhibits","robots":{"index":"index","follow":"follow","max-snippet":"max-snippet:-1","max-image-preview":"max-image-preview:large","max-video-preview":"max-video-preview:-1"},"canonical":"https:\/\/sites.rutgers.edu\/nb-senior-exhibits\/partners\/rise-research-intensive-summer-experience\/valentin-valentin-celymar\/","og_locale":"en_US","og_type":"article","og_title":"Valent\u00edn-Valent\u00edn, Celymar: Liposomal Hydrogel Formulations for the Transdermal Drug Delivery of NSAIDs: Developments and Current Status - Senior Exhibits","og_description":"View video presentation Title: Liposomal Hydrogel Formulations for the Transdermal Drug Delivery of NSAIDs: Developments and Current Status Name: Celymar Valent\u00edn-Valent\u00edn Home Institute: University of Puerto Rico &#8211; Mayag\u00fcez Programs: &hellip; Read More","og_url":"https:\/\/sites.rutgers.edu\/nb-senior-exhibits\/partners\/rise-research-intensive-summer-experience\/valentin-valentin-celymar\/","og_site_name":"Senior Exhibits","article_modified_time":"2020-07-25T03:31:22+00:00","twitter_card":"summary_large_image","twitter_misc":{"Est. reading time":"2 minutes"},"schema":{"@context":"https:\/\/schema.org","@graph":[{"@type":"WebPage","@id":"https:\/\/sites.rutgers.edu\/nb-senior-exhibits\/partners\/rise-research-intensive-summer-experience\/valentin-valentin-celymar\/","url":"https:\/\/sites.rutgers.edu\/nb-senior-exhibits\/partners\/rise-research-intensive-summer-experience\/valentin-valentin-celymar\/","name":"Valent\u00edn-Valent\u00edn, Celymar: Liposomal Hydrogel Formulations for the Transdermal Drug Delivery of NSAIDs: Developments and Current Status - Senior Exhibits","isPartOf":{"@id":"https:\/\/sites.rutgers.edu\/nb-senior-exhibits\/#website"},"datePublished":"2020-07-25T03:24:23+00:00","dateModified":"2020-07-25T03:31:22+00:00","breadcrumb":{"@id":"https:\/\/sites.rutgers.edu\/nb-senior-exhibits\/partners\/rise-research-intensive-summer-experience\/valentin-valentin-celymar\/#breadcrumb"},"inLanguage":"en-US","potentialAction":[{"@type":"ReadAction","target":["https:\/\/sites.rutgers.edu\/nb-senior-exhibits\/partners\/rise-research-intensive-summer-experience\/valentin-valentin-celymar\/"]}]},{"@type":"BreadcrumbList","@id":"https:\/\/sites.rutgers.edu\/nb-senior-exhibits\/partners\/rise-research-intensive-summer-experience\/valentin-valentin-celymar\/#breadcrumb","itemListElement":[{"@type":"ListItem","position":1,"name":"Home","item":"https:\/\/sites.rutgers.edu\/nb-senior-exhibits\/"},{"@type":"ListItem","position":2,"name":"Our Symposium Partners","item":"https:\/\/sites.rutgers.edu\/nb-senior-exhibits\/partners\/"},{"@type":"ListItem","position":3,"name":"RISE: Research Intensive Summer Experience","item":"https:\/\/sites.rutgers.edu\/nb-senior-exhibits\/partners\/rise-research-intensive-summer-experience\/"},{"@type":"ListItem","position":4,"name":"Valent\u00edn-Valent\u00edn, Celymar: Liposomal Hydrogel Formulations for the Transdermal Drug Delivery of NSAIDs: Developments and Current Status"}]},{"@type":"WebSite","@id":"https:\/\/sites.rutgers.edu\/nb-senior-exhibits\/#website","url":"https:\/\/sites.rutgers.edu\/nb-senior-exhibits\/","name":"Senior Exhibits","description":"","potentialAction":[{"@type":"SearchAction","target":{"@type":"EntryPoint","urlTemplate":"https:\/\/sites.rutgers.edu\/nb-senior-exhibits\/?s={search_term_string}"},"query-input":{"@type":"PropertyValueSpecification","valueRequired":true,"valueName":"search_term_string"}}],"inLanguage":"en-US"}]}},"_links":{"self":[{"href":"https:\/\/sites.rutgers.edu\/nb-senior-exhibits\/wp-json\/wp\/v2\/pages\/2426"}],"collection":[{"href":"https:\/\/sites.rutgers.edu\/nb-senior-exhibits\/wp-json\/wp\/v2\/pages"}],"about":[{"href":"https:\/\/sites.rutgers.edu\/nb-senior-exhibits\/wp-json\/wp\/v2\/types\/page"}],"author":[{"embeddable":true,"href":"https:\/\/sites.rutgers.edu\/nb-senior-exhibits\/wp-json\/wp\/v2\/users\/970"}],"replies":[{"embeddable":true,"href":"https:\/\/sites.rutgers.edu\/nb-senior-exhibits\/wp-json\/wp\/v2\/comments?post=2426"}],"version-history":[{"count":4,"href":"https:\/\/sites.rutgers.edu\/nb-senior-exhibits\/wp-json\/wp\/v2\/pages\/2426\/revisions"}],"predecessor-version":[{"id":2430,"href":"https:\/\/sites.rutgers.edu\/nb-senior-exhibits\/wp-json\/wp\/v2\/pages\/2426\/revisions\/2430"}],"up":[{"embeddable":true,"href":"https:\/\/sites.rutgers.edu\/nb-senior-exhibits\/wp-json\/wp\/v2\/pages\/2326"}],"wp:attachment":[{"href":"https:\/\/sites.rutgers.edu\/nb-senior-exhibits\/wp-json\/wp\/v2\/media?parent=2426"}],"curies":[{"name":"wp","href":"https:\/\/api.w.org\/{rel}","templated":true}]}}