{"id":544,"date":"2024-05-11T23:18:51","date_gmt":"2024-05-11T23:18:51","guid":{"rendered":"https:\/\/sites.rutgers.edu\/shifa-ana\/?page_id=544"},"modified":"2025-09-29T16:36:46","modified_gmt":"2025-09-29T16:36:46","slug":"necro-ist","status":"publish","type":"page","link":"https:\/\/sites.rutgers.edu\/shifa-ana\/necro-ist\/","title":{"rendered":"NECRO-IST"},"content":{"rendered":"<p><b>Necrogeographies of Istanbul (NECRO-IST)<\/b> aims to map out surviving and lost graveyards of Istanbul, identify the individuals buried therein, research their stories, and generate publicly accessible information about them.<\/p>\n<p>Please take a look at our <a class=\"btn btn-secondary\" href=\"https:\/\/necroistyaziyor.tumblr.com\/\" target=\"_self\" rel=\"noopener\">Blog<\/a><\/p>\n<p><a href=\"https:\/\/necroistyaziyor.tumblr.com\/\"><img loading=\"lazy\" decoding=\"async\" class=\"alignnone wp-image-632 size-medium\" src=\"http:\/\/sites.rutgers.edu\/shifa-ana\/wp-content\/uploads\/sites\/1217\/2024\/09\/tumblr_8ed5a86f664c1f31ed2659adb818b201_ce74112f_1280-225x300.jpg\" alt=\"\" width=\"225\" height=\"300\" srcset=\"https:\/\/sites.rutgers.edu\/shifa-ana\/wp-content\/uploads\/sites\/1217\/2024\/09\/tumblr_8ed5a86f664c1f31ed2659adb818b201_ce74112f_1280-225x300.jpg 225w, https:\/\/sites.rutgers.edu\/shifa-ana\/wp-content\/uploads\/sites\/1217\/2024\/09\/tumblr_8ed5a86f664c1f31ed2659adb818b201_ce74112f_1280-768x1024.jpg 768w, https:\/\/sites.rutgers.edu\/shifa-ana\/wp-content\/uploads\/sites\/1217\/2024\/09\/tumblr_8ed5a86f664c1f31ed2659adb818b201_ce74112f_1280-1152x1536.jpg 1152w, https:\/\/sites.rutgers.edu\/shifa-ana\/wp-content\/uploads\/sites\/1217\/2024\/09\/tumblr_8ed5a86f664c1f31ed2659adb818b201_ce74112f_1280.jpg 1280w\" sizes=\"(max-width: 225px) 100vw, 225px\" \/><\/a><\/p>\n<p>&nbsp;<\/p>\n<h3><strong>TEAM<\/strong><\/h3>\n<p><strong>Nukhet Varlik\u00a0<\/strong><\/p>\n<p>Principal Investigator &#8211; Rutgers University<\/p>\n<p><img loading=\"lazy\" decoding=\"async\" class=\"alignnone size-medium wp-image-510\" src=\"http:\/\/sites.rutgers.edu\/shifa-ana\/wp-content\/uploads\/sites\/1217\/2024\/05\/1-VARLIK-web-photo-289x300.jpg\" alt=\"\" width=\"289\" height=\"300\" srcset=\"https:\/\/sites.rutgers.edu\/shifa-ana\/wp-content\/uploads\/sites\/1217\/2024\/05\/1-VARLIK-web-photo-289x300.jpg 289w, https:\/\/sites.rutgers.edu\/shifa-ana\/wp-content\/uploads\/sites\/1217\/2024\/05\/1-VARLIK-web-photo-985x1024.jpg 985w, https:\/\/sites.rutgers.edu\/shifa-ana\/wp-content\/uploads\/sites\/1217\/2024\/05\/1-VARLIK-web-photo-768x799.jpg 768w, https:\/\/sites.rutgers.edu\/shifa-ana\/wp-content\/uploads\/sites\/1217\/2024\/05\/1-VARLIK-web-photo.jpg 1231w\" sizes=\"(max-width: 289px) 100vw, 289px\" \/><\/p>\n<p><a href=\"https:\/\/sasn.rutgers.edu\/nukhet-varlik\">https:\/\/sasn.rutgers.edu\/nukhet-varlik<\/a><\/p>\n<p>N\u00fckhet Varl\u0131k is Associate Professor of History at Rutgers University\u2013Newark. Her research focuses on disease, death, medicine, and public health in the Ottoman Empire. Her first book, <em><a href=\"https:\/\/www.cambridge.org\/us\/universitypress\/subjects\/history\/middle-east-history\/plague-and-empire-early-modern-mediterranean-world-ottoman-experience-13471600?format=PB#titleAwards_authors\">Plague and Empire in the Early Modern Mediterranean World: The Ottoman Experience, 1347\u20131600<\/a><\/em> (Turkish translation: <em><a href=\"https:\/\/www.kitapyayinevi.com\/osmanlilarda-veba\" target=\"_BLANK\" rel=\"noopener\">Akdeniz D\u00fcnyas\u0131nda ve Osmanl\u0131larda Veba, 1347-1600<\/a><\/em>), is the first systematic scholarly study of the Ottoman experience of plague during the Black Death pandemic and the centuries that followed. It was awarded Middle East Studies Association\u2019s <a href=\"https:\/\/mesana.org\/awards\/awardee\/mesa-book-awards\/varlk-nuekhet\">2016 Albert Hourani Book Award<\/a>, the Ottoman and Turkish Studies Association\u2019s <a href=\"https:\/\/www.newark.rutgers.edu\/news\/ru-n-historian-takes-home-two-prestigious-prizes-latest-book\">2016 M. Fuat K\u00f6pr\u00fcl\u00fc Book Prize<\/a>, the Society for the Medieval Mediterranean\u2019s <a href=\"https:\/\/www.societymedievalmediterranean.com\/dionysius-a-agius-prize\">2017 Dionisius A. Agius Prize<\/a>, and the American Association for the History of Medicine\u2019s <a href=\"http:\/\/www.histmed.org\/about\/awards\/george-rosen-prize\">2018 George Rosen Prize<\/a>. She is the editor of <em><a href=\"https:\/\/www.arc-humanities.org\/9781942401155\/plague-and-contagion-in-the-islamic-mediterranean\/\">Plague and Contagion in the Islamic Mediterranean<\/a><\/em>, a collection of articles on the social, cultural, and political responses to epidemics in the post-Black Death Islamic Mediterranean. Together with Lori Jones, Varl\u0131k is co-editor of <em><a href=\"https:\/\/boydellandbrewer.com\/9781914049095\/death-and-disease-in-the-medieval-and-early-modern-world\/\">Death and Disease in the Medieval and Early Modern World: Perspectives From Across the Mediterranean and Beyond<\/a><\/em>.<\/p>\n<p>Varl\u0131k has authored numerous articles and book chapters addressing different aspects of disease, death, and medicine in Ottoman society (see <a href=\"https:\/\/newark-rutgers.academia.edu\/NUKHETVARLIK\">here<\/a>). Her research has been supported by the <a href=\"https:\/\/www.ias.edu\/scholars\/n%C3%BCkhet-varlik\" target=\"_BLANK\" rel=\"noopener\">Institute for Advanced Study-Princeton<\/a>, Social Sciences and Humanities Research Council of Canada, National Endowment for the Humanities, American Research Institute in Turkey, Ko\u00e7 University\u2019s Research Center for Anatolian Civilizations, and Turkish Cultural Foundation. From 2018 to 2022, she served as Editor-in-Chief of the <em><a href=\"https:\/\/iupress.org\/journals\/jotsa\/\" target=\"_BLANK\" rel=\"noopener\">Journal of the Ottoman and Turkish Studies Association<\/a><\/em>. Together with Ali Yayc\u0131o\u011flu, Varl\u0131k serves as co-editor of <a href=\"https:\/\/www.sup.org\/books\/series\/?series=STANFORD%20OTTOMAN%20WORLD%20SERIES:%20CRITICAL%20STUDIES%20IN%20EMPIRE,%20NATURE,%20AND%20KNOWLEDGE\" target=\"_BLANK\" rel=\"noopener\">Stanford Ottoman World Series: Critical Studies in Empire, Nature, and Knowledge<\/a>. She is co-convener of <a href=\"https:\/\/www.chstm.org\/content\/history-infectious-disease-islamicate-world\" target=\"_BLANK\" rel=\"noopener\">History of Infectious Disease in the Islamicate World Working Group<\/a>.<\/p>\n<p>&nbsp;<\/p>\n<p><strong>Akarsu Melike Demirkol<\/strong><\/p>\n<p>Project Coordinator &#8211; Bo\u011fazi\u00e7i University<\/p>\n<p><img loading=\"lazy\" decoding=\"async\" class=\"alignnone size-medium wp-image-514\" src=\"http:\/\/sites.rutgers.edu\/shifa-ana\/wp-content\/uploads\/sites\/1217\/2024\/05\/IMG_0961.HEIC1_-225x300.jpg\" alt=\"\" width=\"225\" height=\"300\" srcset=\"https:\/\/sites.rutgers.edu\/shifa-ana\/wp-content\/uploads\/sites\/1217\/2024\/05\/IMG_0961.HEIC1_-225x300.jpg 225w, https:\/\/sites.rutgers.edu\/shifa-ana\/wp-content\/uploads\/sites\/1217\/2024\/05\/IMG_0961.HEIC1_-768x1024.jpg 768w, https:\/\/sites.rutgers.edu\/shifa-ana\/wp-content\/uploads\/sites\/1217\/2024\/05\/IMG_0961.HEIC1_-1152x1536.jpg 1152w, https:\/\/sites.rutgers.edu\/shifa-ana\/wp-content\/uploads\/sites\/1217\/2024\/05\/IMG_0961.HEIC1_-1536x2048.jpg 1536w, https:\/\/sites.rutgers.edu\/shifa-ana\/wp-content\/uploads\/sites\/1217\/2024\/05\/IMG_0961.HEIC1_-scaled.jpg 1920w\" sizes=\"(max-width: 225px) 100vw, 225px\" \/><\/p>\n<p>Akarsu Melike Demirkol is currently pursuing a master\u2019s degree in Ottoman Literature at Bo\u011fazi\u00e7i University. She initially got involved with the SHIFA-ANA project through her interest in micro-environments of historical cities and how they\u2019re created. She has been traveling around \u0130stanbul with a group of people to discover old cemeteries in \u0130stanbul \u2013 a journey that recently culminated in NECRO-IST. Prior to her master\u2019s studies, Demirkol studied in Department of History and Department of Political Science and International Relations (double major) at Bo\u011fazi\u00e7i University. She is interested in cultural history, and particularly the history of political culture. She is currently studying a sixteenth-century Ottoman miscellany (mecmua) of stories. Akarsu serves as the coordinator of SHIFA-ANA Project, organizing summer schools, arranging social media accounts, and designing the visuals.<\/p>\n<p>&nbsp;<\/p>\n<p><strong>Batu\u011fhan Tatar<\/strong><\/p>\n<p>Project Member &#8211; Rutgers University<\/p>\n<p><img loading=\"lazy\" decoding=\"async\" class=\"alignnone size-medium wp-image-846\" src=\"http:\/\/sites.rutgers.edu\/shifa-ana\/wp-content\/uploads\/sites\/1217\/2024\/09\/IMG_9527-200x300.jpg\" alt=\"\" width=\"200\" height=\"300\" srcset=\"https:\/\/sites.rutgers.edu\/shifa-ana\/wp-content\/uploads\/sites\/1217\/2024\/09\/IMG_9527-200x300.jpg 200w, https:\/\/sites.rutgers.edu\/shifa-ana\/wp-content\/uploads\/sites\/1217\/2024\/09\/IMG_9527-683x1024.jpg 683w, https:\/\/sites.rutgers.edu\/shifa-ana\/wp-content\/uploads\/sites\/1217\/2024\/09\/IMG_9527-768x1152.jpg 768w, https:\/\/sites.rutgers.edu\/shifa-ana\/wp-content\/uploads\/sites\/1217\/2024\/09\/IMG_9527-1024x1536.jpg 1024w, https:\/\/sites.rutgers.edu\/shifa-ana\/wp-content\/uploads\/sites\/1217\/2024\/09\/IMG_9527.jpg 1365w\" sizes=\"(max-width: 200px) 100vw, 200px\" \/><\/p>\n<p>Batu\u011fhan Tatar holds a Bachelor\u2019s degree in History from Middle East Technical University (ODT\u00dc). He is currently pursuing a Master\u2019s degree in the Federated Department of History at Rutgers University with full tuition scholarship awarded by the Dean. His research focuses on the political and cultural history of Eurasian communities. Particularly the migration routes and journeys of Turkic tribes from Inner Asia to Anatolia, incorporating culture, genetics, archaeology, and linguistics into his future studies. In addition to researching the transmission of diseases and their treatments from the Eurasian steppes to Europe with Cumans and Kipchaks.<\/p>\n<p>&nbsp;<\/p>\n<p><strong>\u0130kbal Sezen Polat<\/strong><\/p>\n<p>Project Member &#8211; Middle East Technical University<\/p>\n<p><img loading=\"lazy\" decoding=\"async\" class=\"alignnone size-medium wp-image-852\" src=\"http:\/\/sites.rutgers.edu\/shifa-ana\/wp-content\/uploads\/sites\/1217\/2025\/09\/PHOTO-2025-09-24-17-23-34-300x266.jpg\" alt=\"\" width=\"300\" height=\"266\" srcset=\"https:\/\/sites.rutgers.edu\/shifa-ana\/wp-content\/uploads\/sites\/1217\/2025\/09\/PHOTO-2025-09-24-17-23-34-300x266.jpg 300w, https:\/\/sites.rutgers.edu\/shifa-ana\/wp-content\/uploads\/sites\/1217\/2025\/09\/PHOTO-2025-09-24-17-23-34-1024x907.jpg 1024w, https:\/\/sites.rutgers.edu\/shifa-ana\/wp-content\/uploads\/sites\/1217\/2025\/09\/PHOTO-2025-09-24-17-23-34-768x680.jpg 768w, https:\/\/sites.rutgers.edu\/shifa-ana\/wp-content\/uploads\/sites\/1217\/2025\/09\/PHOTO-2025-09-24-17-23-34-1536x1360.jpg 1536w, https:\/\/sites.rutgers.edu\/shifa-ana\/wp-content\/uploads\/sites\/1217\/2025\/09\/PHOTO-2025-09-24-17-23-34.jpg 1600w\" sizes=\"(max-width: 300px) 100vw, 300px\" \/><\/p>\n<p class=\"s2\" style=\"text-align: left\">\u0130kbal Sezen Polat is an architect and PhD student in Architectural History at Middle East Technical University (METU), holding a BA from Mimar Sinan Fine Arts University. She is currently a Research Assistant at Gebze Technical University\u2019s Department of Architecture. Her research on the cemeteries of Constantinople\/Istanbul during the Byzantine and Ottoman periods earned her the Best MAThesis Award in Social Sciences at METU. She has presented her research at international conferences in Switzerland, Netherlands, UK, and USA, where she has received accolades including the Scott F. Opler Fellowship from the Society of Architectural Historians (SAH). She is also part of the DocTalks organising team, an online platform for PhD students in architectural history and theory.<\/p>\n<p>&nbsp;<\/p>\n<p><strong>Mey\u00e7em Ceren Ulu<\/strong><\/p>\n<p>Project Member &#8211; FreieUniversit\u00e4t Berlin<\/p>\n<p><img loading=\"lazy\" decoding=\"async\" class=\"alignnone size-medium wp-image-853\" src=\"http:\/\/sites.rutgers.edu\/shifa-ana\/wp-content\/uploads\/sites\/1217\/2025\/09\/PHOTO-2025-09-28-13-09-12-225x300.jpg\" alt=\"\" width=\"225\" height=\"300\" srcset=\"https:\/\/sites.rutgers.edu\/shifa-ana\/wp-content\/uploads\/sites\/1217\/2025\/09\/PHOTO-2025-09-28-13-09-12-225x300.jpg 225w, https:\/\/sites.rutgers.edu\/shifa-ana\/wp-content\/uploads\/sites\/1217\/2025\/09\/PHOTO-2025-09-28-13-09-12-768x1024.jpg 768w, https:\/\/sites.rutgers.edu\/shifa-ana\/wp-content\/uploads\/sites\/1217\/2025\/09\/PHOTO-2025-09-28-13-09-12-1152x1536.jpg 1152w, https:\/\/sites.rutgers.edu\/shifa-ana\/wp-content\/uploads\/sites\/1217\/2025\/09\/PHOTO-2025-09-28-13-09-12.jpg 1536w\" sizes=\"(max-width: 225px) 100vw, 225px\" \/><\/p>\n<p><span class=\"s2\">Mey\u00e7em Ceren Ulu<\/span> is a DAAD-funded M.A. student in <span class=\"s3\">Interdisciplinary Studies of the Middle East<\/span> at FreieUniversit\u00e4t Berlin, holding a double B.A. in Psychology and History from Bo\u011fazi\u00e7i University. Her research focuses on the cultural politics of heritage, museum history, and the circulation of objects and human remains in the late Ottoman and early Republican periods. She has conducted archival work in Istanbul and Berlin and presented her work at international workshops and conferences. She previously interned at the Museum of Islamic Art in Berlin and is amember of academic networks in Turkey and Germany.<\/p>\n<p>&nbsp;<\/p>\n<p><strong>Tarkan G\u00f6r\u00fcc\u00fc\u00a0<\/strong><\/p>\n<p>Project Member &#8211; Middle East Technical University<\/p>\n<p><img loading=\"lazy\" decoding=\"async\" class=\"alignnone size-medium wp-image-854\" src=\"http:\/\/sites.rutgers.edu\/shifa-ana\/wp-content\/uploads\/sites\/1217\/2025\/09\/PHOTO-2025-09-29-11-03-16-225x300.jpg\" alt=\"\" width=\"225\" height=\"300\" srcset=\"https:\/\/sites.rutgers.edu\/shifa-ana\/wp-content\/uploads\/sites\/1217\/2025\/09\/PHOTO-2025-09-29-11-03-16-225x300.jpg 225w, https:\/\/sites.rutgers.edu\/shifa-ana\/wp-content\/uploads\/sites\/1217\/2025\/09\/PHOTO-2025-09-29-11-03-16-768x1024.jpg 768w, https:\/\/sites.rutgers.edu\/shifa-ana\/wp-content\/uploads\/sites\/1217\/2025\/09\/PHOTO-2025-09-29-11-03-16-1152x1536.jpg 1152w, https:\/\/sites.rutgers.edu\/shifa-ana\/wp-content\/uploads\/sites\/1217\/2025\/09\/PHOTO-2025-09-29-11-03-16.jpg 1200w\" sizes=\"(max-width: 225px) 100vw, 225px\" \/><\/p>\n<p>Tarkan G\u00f6r\u00fcc\u00fc holds a Bachelor\u2019s degree in History from Middle East Technical University (ODT\u00dc). His academic interests focus on the Ottoman presence in Hungary, particularly on development and transformation of the Ottoman administrative and military organization in the region. During his studies, he completed an Erasmus mobility at the University of Szeged, Hungary, where he gained first-hand academic and cultural experience in the region central to his research interests.<\/p>\n<p>&nbsp;<\/p>\n<p>&nbsp;<\/p>\n","protected":false},"excerpt":{"rendered":"<p>Necrogeographies of Istanbul (NECRO-IST) aims to map out surviving and lost graveyards of Istanbul, identify the individuals buried therein, research their stories, and generate publicly accessible information about them. Please &hellip; <a href=\"https:\/\/sites.rutgers.edu\/shifa-ana\/necro-ist\/\" class=\"\">Read More<\/a><\/p>\n","protected":false},"author":1269,"featured_media":0,"parent":0,"menu_order":0,"comment_status":"closed","ping_status":"closed","template":"","meta":{"_acf_changed":false,"footnotes":""},"class_list":["post-544","page","type-page","status-publish","hentry"],"acf":[],"yoast_head":"<!-- This site is optimized with the Yoast SEO plugin v23.5 - https:\/\/yoast.com\/wordpress\/plugins\/seo\/ -->\n<title>NECRO-IST - SHIFA-ANA: Healing Histories of Death and Disease in Anatolia<\/title>\n<meta name=\"robots\" content=\"index, follow, max-snippet:-1, max-image-preview:large, max-video-preview:-1\" \/>\n<link rel=\"canonical\" href=\"https:\/\/sites.rutgers.edu\/shifa-ana\/necro-ist\/\" \/>\n<meta property=\"og:locale\" content=\"en_US\" \/>\n<meta property=\"og:type\" content=\"article\" \/>\n<meta property=\"og:title\" content=\"NECRO-IST - SHIFA-ANA: Healing Histories of Death and Disease in Anatolia\" \/>\n<meta property=\"og:description\" content=\"Necrogeographies of Istanbul (NECRO-IST) aims to map out surviving and lost graveyards of Istanbul, identify the individuals buried therein, research their stories, and generate publicly accessible information about them. Please &hellip; Read More\" \/>\n<meta property=\"og:url\" content=\"https:\/\/sites.rutgers.edu\/shifa-ana\/necro-ist\/\" \/>\n<meta property=\"og:site_name\" content=\"SHIFA-ANA: Healing Histories of Death and Disease in Anatolia\" \/>\n<meta property=\"article:modified_time\" content=\"2025-09-29T16:36:46+00:00\" \/>\n<meta property=\"og:image\" content=\"http:\/\/sites.rutgers.edu\/shifa-ana\/wp-content\/uploads\/sites\/1217\/2024\/09\/tumblr_8ed5a86f664c1f31ed2659adb818b201_ce74112f_1280-225x300.jpg\" \/>\n<meta name=\"twitter:card\" content=\"summary_large_image\" \/>\n<meta name=\"twitter:label1\" content=\"Est. reading time\" \/>\n\t<meta name=\"twitter:data1\" content=\"5 minutes\" \/>\n<script type=\"application\/ld+json\" class=\"yoast-schema-graph\">{\"@context\":\"https:\/\/schema.org\",\"@graph\":[{\"@type\":\"WebPage\",\"@id\":\"https:\/\/sites.rutgers.edu\/shifa-ana\/necro-ist\/\",\"url\":\"https:\/\/sites.rutgers.edu\/shifa-ana\/necro-ist\/\",\"name\":\"NECRO-IST - SHIFA-ANA: Healing Histories of Death and Disease in Anatolia\",\"isPartOf\":{\"@id\":\"https:\/\/sites.rutgers.edu\/shifa-ana\/#website\"},\"primaryImageOfPage\":{\"@id\":\"https:\/\/sites.rutgers.edu\/shifa-ana\/necro-ist\/#primaryimage\"},\"image\":{\"@id\":\"https:\/\/sites.rutgers.edu\/shifa-ana\/necro-ist\/#primaryimage\"},\"thumbnailUrl\":\"http:\/\/sites.rutgers.edu\/shifa-ana\/wp-content\/uploads\/sites\/1217\/2024\/09\/tumblr_8ed5a86f664c1f31ed2659adb818b201_ce74112f_1280-225x300.jpg\",\"datePublished\":\"2024-05-11T23:18:51+00:00\",\"dateModified\":\"2025-09-29T16:36:46+00:00\",\"breadcrumb\":{\"@id\":\"https:\/\/sites.rutgers.edu\/shifa-ana\/necro-ist\/#breadcrumb\"},\"inLanguage\":\"en-US\",\"potentialAction\":[{\"@type\":\"ReadAction\",\"target\":[\"https:\/\/sites.rutgers.edu\/shifa-ana\/necro-ist\/\"]}]},{\"@type\":\"ImageObject\",\"inLanguage\":\"en-US\",\"@id\":\"https:\/\/sites.rutgers.edu\/shifa-ana\/necro-ist\/#primaryimage\",\"url\":\"https:\/\/sites.rutgers.edu\/shifa-ana\/wp-content\/uploads\/sites\/1217\/2024\/09\/tumblr_8ed5a86f664c1f31ed2659adb818b201_ce74112f_1280.jpg\",\"contentUrl\":\"https:\/\/sites.rutgers.edu\/shifa-ana\/wp-content\/uploads\/sites\/1217\/2024\/09\/tumblr_8ed5a86f664c1f31ed2659adb818b201_ce74112f_1280.jpg\",\"width\":1280,\"height\":1707},{\"@type\":\"BreadcrumbList\",\"@id\":\"https:\/\/sites.rutgers.edu\/shifa-ana\/necro-ist\/#breadcrumb\",\"itemListElement\":[{\"@type\":\"ListItem\",\"position\":1,\"name\":\"Home\",\"item\":\"https:\/\/sites.rutgers.edu\/shifa-ana\/\"},{\"@type\":\"ListItem\",\"position\":2,\"name\":\"NECRO-IST\"}]},{\"@type\":\"WebSite\",\"@id\":\"https:\/\/sites.rutgers.edu\/shifa-ana\/#website\",\"url\":\"https:\/\/sites.rutgers.edu\/shifa-ana\/\",\"name\":\"SHIFA-ANA: Healing Histories of Death and Disease in Anatolia\",\"description\":\"\",\"potentialAction\":[{\"@type\":\"SearchAction\",\"target\":{\"@type\":\"EntryPoint\",\"urlTemplate\":\"https:\/\/sites.rutgers.edu\/shifa-ana\/?s={search_term_string}\"},\"query-input\":{\"@type\":\"PropertyValueSpecification\",\"valueRequired\":true,\"valueName\":\"search_term_string\"}}],\"inLanguage\":\"en-US\"}]}<\/script>\n<!-- \/ Yoast SEO plugin. -->","yoast_head_json":{"title":"NECRO-IST - SHIFA-ANA: Healing Histories of Death and Disease in Anatolia","robots":{"index":"index","follow":"follow","max-snippet":"max-snippet:-1","max-image-preview":"max-image-preview:large","max-video-preview":"max-video-preview:-1"},"canonical":"https:\/\/sites.rutgers.edu\/shifa-ana\/necro-ist\/","og_locale":"en_US","og_type":"article","og_title":"NECRO-IST - SHIFA-ANA: Healing Histories of Death and Disease in Anatolia","og_description":"Necrogeographies of Istanbul (NECRO-IST) aims to map out surviving and lost graveyards of Istanbul, identify the individuals buried therein, research their stories, and generate publicly accessible information about them. Please &hellip; Read More","og_url":"https:\/\/sites.rutgers.edu\/shifa-ana\/necro-ist\/","og_site_name":"SHIFA-ANA: Healing Histories of Death and Disease in Anatolia","article_modified_time":"2025-09-29T16:36:46+00:00","og_image":[{"url":"http:\/\/sites.rutgers.edu\/shifa-ana\/wp-content\/uploads\/sites\/1217\/2024\/09\/tumblr_8ed5a86f664c1f31ed2659adb818b201_ce74112f_1280-225x300.jpg"}],"twitter_card":"summary_large_image","twitter_misc":{"Est. reading time":"5 minutes"},"schema":{"@context":"https:\/\/schema.org","@graph":[{"@type":"WebPage","@id":"https:\/\/sites.rutgers.edu\/shifa-ana\/necro-ist\/","url":"https:\/\/sites.rutgers.edu\/shifa-ana\/necro-ist\/","name":"NECRO-IST - SHIFA-ANA: Healing Histories of Death and Disease in Anatolia","isPartOf":{"@id":"https:\/\/sites.rutgers.edu\/shifa-ana\/#website"},"primaryImageOfPage":{"@id":"https:\/\/sites.rutgers.edu\/shifa-ana\/necro-ist\/#primaryimage"},"image":{"@id":"https:\/\/sites.rutgers.edu\/shifa-ana\/necro-ist\/#primaryimage"},"thumbnailUrl":"http:\/\/sites.rutgers.edu\/shifa-ana\/wp-content\/uploads\/sites\/1217\/2024\/09\/tumblr_8ed5a86f664c1f31ed2659adb818b201_ce74112f_1280-225x300.jpg","datePublished":"2024-05-11T23:18:51+00:00","dateModified":"2025-09-29T16:36:46+00:00","breadcrumb":{"@id":"https:\/\/sites.rutgers.edu\/shifa-ana\/necro-ist\/#breadcrumb"},"inLanguage":"en-US","potentialAction":[{"@type":"ReadAction","target":["https:\/\/sites.rutgers.edu\/shifa-ana\/necro-ist\/"]}]},{"@type":"ImageObject","inLanguage":"en-US","@id":"https:\/\/sites.rutgers.edu\/shifa-ana\/necro-ist\/#primaryimage","url":"https:\/\/sites.rutgers.edu\/shifa-ana\/wp-content\/uploads\/sites\/1217\/2024\/09\/tumblr_8ed5a86f664c1f31ed2659adb818b201_ce74112f_1280.jpg","contentUrl":"https:\/\/sites.rutgers.edu\/shifa-ana\/wp-content\/uploads\/sites\/1217\/2024\/09\/tumblr_8ed5a86f664c1f31ed2659adb818b201_ce74112f_1280.jpg","width":1280,"height":1707},{"@type":"BreadcrumbList","@id":"https:\/\/sites.rutgers.edu\/shifa-ana\/necro-ist\/#breadcrumb","itemListElement":[{"@type":"ListItem","position":1,"name":"Home","item":"https:\/\/sites.rutgers.edu\/shifa-ana\/"},{"@type":"ListItem","position":2,"name":"NECRO-IST"}]},{"@type":"WebSite","@id":"https:\/\/sites.rutgers.edu\/shifa-ana\/#website","url":"https:\/\/sites.rutgers.edu\/shifa-ana\/","name":"SHIFA-ANA: Healing Histories of Death and Disease in Anatolia","description":"","potentialAction":[{"@type":"SearchAction","target":{"@type":"EntryPoint","urlTemplate":"https:\/\/sites.rutgers.edu\/shifa-ana\/?s={search_term_string}"},"query-input":{"@type":"PropertyValueSpecification","valueRequired":true,"valueName":"search_term_string"}}],"inLanguage":"en-US"}]}},"_links":{"self":[{"href":"https:\/\/sites.rutgers.edu\/shifa-ana\/wp-json\/wp\/v2\/pages\/544"}],"collection":[{"href":"https:\/\/sites.rutgers.edu\/shifa-ana\/wp-json\/wp\/v2\/pages"}],"about":[{"href":"https:\/\/sites.rutgers.edu\/shifa-ana\/wp-json\/wp\/v2\/types\/page"}],"author":[{"embeddable":true,"href":"https:\/\/sites.rutgers.edu\/shifa-ana\/wp-json\/wp\/v2\/users\/1269"}],"replies":[{"embeddable":true,"href":"https:\/\/sites.rutgers.edu\/shifa-ana\/wp-json\/wp\/v2\/comments?post=544"}],"version-history":[{"count":19,"href":"https:\/\/sites.rutgers.edu\/shifa-ana\/wp-json\/wp\/v2\/pages\/544\/revisions"}],"predecessor-version":[{"id":856,"href":"https:\/\/sites.rutgers.edu\/shifa-ana\/wp-json\/wp\/v2\/pages\/544\/revisions\/856"}],"wp:attachment":[{"href":"https:\/\/sites.rutgers.edu\/shifa-ana\/wp-json\/wp\/v2\/media?parent=544"}],"curies":[{"name":"wp","href":"https:\/\/api.w.org\/{rel}","templated":true}]}}