{"id":779,"date":"2025-05-06T13:28:50","date_gmt":"2025-05-06T13:28:50","guid":{"rendered":"https:\/\/sites.rutgers.edu\/shifa-ana\/?page_id=779"},"modified":"2025-05-06T13:32:34","modified_gmt":"2025-05-06T13:32:34","slug":"journals","status":"publish","type":"page","link":"https:\/\/sites.rutgers.edu\/shifa-ana\/resources\/journals\/","title":{"rendered":"Journals"},"content":{"rendered":"<ul>\n<li style=\"font-weight: 400\"><b>Society &amp; Animals<\/b><span style=\"font-weight: 400\">: Focuses on the relationship between humans and animals, exploring the social, cultural, and ethical aspects. <\/span><a href=\"https:\/\/brill.com\/view\/journals\/soan\/soan-overview.xml\"><span style=\"font-weight: 400\">Link<\/span><\/a><\/li>\n<\/ul>\n<p>&nbsp;<\/p>\n<ul>\n<li style=\"font-weight: 400\"><b>Journal of Human-Animal Studies<\/b><span style=\"font-weight: 400\">: A multidisciplinary journal examining the interaction between humans and animals. <\/span><a href=\"https:\/\/www.journals.uchicago.edu\/toc\/eh\/current\"><span style=\"font-weight: 400\">Link<\/span><\/a><\/li>\n<\/ul>\n<p>&nbsp;<\/p>\n<ul>\n<li style=\"font-weight: 400\"><b>Environmental History<\/b><span style=\"font-weight: 400\">: Publishes articles on environmental history and the relationship between humans and the environment. <\/span><a href=\"https:\/\/www.whpress.co.uk\/EH.html\"><span style=\"font-weight: 400\">Link<\/span><\/a><\/li>\n<\/ul>\n<p>&nbsp;<\/p>\n<ul>\n<li style=\"font-weight: 400\"><b>Environment and History<\/b><span style=\"font-weight: 400\">: A journal dedicated to the study of environmental history. <\/span><a href=\"https:\/\/www.whpress.co.uk\/EH.html\"><span style=\"font-weight: 400\">Link<\/span><\/a><\/li>\n<\/ul>\n<p>&nbsp;<\/p>\n<ul>\n<li style=\"font-weight: 400\"><b>Public Health Reports<\/b><span style=\"font-weight: 400\">: Covers issues in public health, focusing on health systems and policies. <\/span><a href=\"https:\/\/journals.sagepub.com\/home\/phr\"><span style=\"font-weight: 400\">Link<\/span><\/a><\/li>\n<\/ul>\n<p>&nbsp;<\/p>\n<ul>\n<li style=\"font-weight: 400\"><b>ISIS: A Journal of the History of Science Society<\/b><span style=\"font-weight: 400\">: Focuses on the history of science and its societal impact. <\/span><a href=\"https:\/\/www.journals.uchicago.edu\/toc\/isis\/current\"><span style=\"font-weight: 400\">Link<\/span><\/a><\/li>\n<\/ul>\n<p>&nbsp;<\/p>\n<ul>\n<li style=\"font-weight: 400\"><b>OSIRIS<\/b><span style=\"font-weight: 400\">: Covers the history of science, technology, and medicine. <\/span><a href=\"https:\/\/www.journals.uchicago.edu\/toc\/osiris\/current\"><span style=\"font-weight: 400\">Link<\/span><\/a><\/li>\n<\/ul>\n<p>&nbsp;<\/p>\n<ul>\n<li style=\"font-weight: 400\"><b>Agricultural History<\/b><span style=\"font-weight: 400\">: Focuses on the historical aspects of agriculture and rural life. <\/span><a href=\"https:\/\/read.dukeupress.edu\/agricultural-history\"><span style=\"font-weight: 400\">Link<\/span><\/a><\/li>\n<\/ul>\n<p>&nbsp;<\/p>\n<ul>\n<li style=\"font-weight: 400\"><b>PLOS Neglected Tropical Diseases<\/b><span style=\"font-weight: 400\">: Publishes research on neglected tropical diseases and their global impact. <\/span><a href=\"https:\/\/journals.plos.org\/plosntds\/\"><span style=\"font-weight: 400\">Link<\/span><\/a><\/li>\n<\/ul>\n<p>&nbsp;<\/p>\n<ul>\n<li style=\"font-weight: 400\"><b>The Lancet<\/b><span style=\"font-weight: 400\">: A leading medical journal with a broad range of topics in medicine, health policy, and clinical practice. <\/span><a href=\"https:\/\/www.thelancet.com\/journals\/lancet\/home\"><span style=\"font-weight: 400\">Link<\/span><\/a><\/li>\n<\/ul>\n<p>&nbsp;<\/p>\n<ul>\n<li style=\"font-weight: 400\"><b>Medical History<\/b><span style=\"font-weight: 400\">: Specializes in the history of medicine and health-related topics. <\/span><a href=\"https:\/\/www.cambridge.org\/core\/journals\/medical-history\"><span style=\"font-weight: 400\">Link<\/span><\/a><\/li>\n<\/ul>\n<p>&nbsp;<\/p>\n<ul>\n<li style=\"font-weight: 400\"><b>The Agricultural History Review<\/b><span style=\"font-weight: 400\">: Focuses on agricultural and rural history. <\/span><a href=\"https:\/\/www.bahs.org.uk\/AGHR\/index.html\"><span style=\"font-weight: 400\">Link<\/span><\/a><\/li>\n<\/ul>\n<p>&nbsp;<\/p>\n<ul>\n<li style=\"font-weight: 400\"><b>Valonia: A Journal of Anatolian Pasts<\/b><span style=\"font-weight: 400\">: Explores the history and archaeology of Anatolia. <\/span><a href=\"https:\/\/valoniajournal.org\/\"><span style=\"font-weight: 400\">Link<\/span><\/a><\/li>\n<\/ul>\n<p>&nbsp;<\/p>\n<ul>\n<li style=\"font-weight: 400\"><b>Journal of the History of Biology (Springer)<\/b><span style=\"font-weight: 400\">: Focuses on the history of biology. <\/span><a href=\"https:\/\/link.springer.com\/journal\/10739\"><span style=\"font-weight: 400\">Link<\/span><\/a><\/li>\n<\/ul>\n<p>&nbsp;<\/p>\n<ul>\n<li style=\"font-weight: 400\"><b>Social History of Medicine (Oxford University Press)<\/b><span style=\"font-weight: 400\">: Explores the intersection of social history and medicine. <\/span><a href=\"https:\/\/academic.oup.com\/shm\"><span style=\"font-weight: 400\">Link<\/span><\/a><\/li>\n<\/ul>\n<p>&nbsp;<\/p>\n<ul>\n<li style=\"font-weight: 400\"><b>Hist\u00f3ria, Ci\u00eancias, Sa\u00fade \u2013 Manguinhos (Fiocruz)<\/b><span style=\"font-weight: 400\">: Focuses on the history of science and medicine in Brazil. <\/span><a href=\"https:\/\/revistahcsm.coc.fiocruz.br\/\"><span style=\"font-weight: 400\">Link<\/span><\/a><\/li>\n<\/ul>\n<p>&nbsp;<\/p>\n<ul>\n<li style=\"font-weight: 400\"><b>Journal of Medieval and Early Modern Studies (Duke University Press)<\/b><span style=\"font-weight: 400\">: Covers topics related to medieval and early modern studies.<\/span><a href=\"https:\/\/read.dukeupress.edu\/jmems\"><span style=\"font-weight: 400\"> Link<\/span><\/a><\/li>\n<\/ul>\n<p>&nbsp;<\/p>\n<ul>\n<li style=\"font-weight: 400\"><b>JOTSA<\/b><span style=\"font-weight: 400\">: Journal of Ottoman Studies. <\/span><a href=\"https:\/\/iupress.org\/journals\/jotsa\/\"><span style=\"font-weight: 400\">Link<\/span><\/a><\/li>\n<\/ul>\n<p>&nbsp;<\/p>\n<ul>\n<li style=\"font-weight: 400\"><b>Journal of Ottoman Studies<\/b><span style=\"font-weight: 400\">: Focuses on the history, culture, and society of the Ottoman Empire. <\/span><\/li>\n<\/ul>\n<p>&nbsp;<\/p>\n<ul>\n<li style=\"font-weight: 400\"><b>Bulletin of the History of Medicine | Hopkins Press<\/b><span style=\"font-weight: 400\">: Covers the history of medicine from a global perspective. <\/span><a href=\"https:\/\/www.press.jhu.edu\/journals\/bulletin-history-medicine\"><span style=\"font-weight: 400\">Link<\/span><\/a><\/li>\n<\/ul>\n<p>&nbsp;<\/p>\n<ul>\n<li style=\"font-weight: 400\"><b>Middle Eastern Studies Journal<\/b><span style=\"font-weight: 400\">: Covers a wide range of topics related to Middle Eastern history, culture, and politics. <\/span><a href=\"https:\/\/www.tandfonline.com\/journals\/fmes20\"><span style=\"font-weight: 400\">Link<\/span><\/a><\/li>\n<\/ul>\n<p>&nbsp;<\/p>\n<ul>\n<li style=\"font-weight: 400\"><b>Ke\u015fif Journal for Ottoman Manuscript Studies<\/b><span style=\"font-weight: 400\">: Focuses on Ottoman manuscript studies. <\/span><a href=\"https:\/\/journals.univie.ac.at\/index.php\/keshif\/index\"><span style=\"font-weight: 400\">Link<\/span><\/a><\/li>\n<\/ul>\n<p>&nbsp;<\/p>\n<ul>\n<li style=\"font-weight: 400\"><b>T\u00fcrk Mikrobiyoloji Cemiyeti Dergisi<\/b><span style=\"font-weight: 400\">: Turkish journal related to microbiology.<\/span><a href=\"https:\/\/tmc.dergisi.org\/\"> <span style=\"font-weight: 400\">Link<\/span><\/a><\/li>\n<\/ul>\n<p>&nbsp;<\/p>\n<ul>\n<li style=\"font-weight: 400\"><b>Mersin \u00dcniversitesi T\u0131p Fak\u00fcltesi Lokman Hekim T\u0131p Tarihi ve Folklorik T\u0131p Dergisi<\/b><span style=\"font-weight: 400\">: A journal on the history and folklore of medicine.<\/span><a href=\"https:\/\/dergipark.org.tr\/tr\/pub\/mutftd\"> <span style=\"font-weight: 400\">Link<\/span><\/a><\/li>\n<\/ul>\n<p>&nbsp;<\/p>\n<ul>\n<li style=\"font-weight: 400\"><b>Osmanl\u0131 Bilimi Ara\u015ft\u0131rmalar\u0131 Dergisi<\/b><span style=\"font-weight: 400\">: Focuses on Ottoman science studies.<\/span><a href=\"https:\/\/dergipark.org.tr\/tr\/pub\/iuoba\"> <span style=\"font-weight: 400\">Link<\/span><\/a><\/li>\n<\/ul>\n<p>&nbsp;<\/p>\n<ul>\n<li style=\"font-weight: 400\"><b>T\u00fcrk T\u0131p Tarihi Kurumu Dergisi<\/b><span style=\"font-weight: 400\">: Turkish Journal of Medical History.<\/span><a href=\"https:\/\/tttk.org.tr\/yayinlar\/\"> <span style=\"font-weight: 400\">Link<\/span><\/a><\/li>\n<\/ul>\n<p>&nbsp;<\/p>\n<ul>\n<li style=\"font-weight: 400\"><b>Ankara \u00dcniversitesi T\u0131p Fak\u00fcltesi Mecmuas\u0131<\/b><span style=\"font-weight: 400\">: Journal of the Faculty of Medicine, Ankara University.<\/span><a href=\"https:\/\/ankaratipfakultesimecmuasi.net\/tr\"> <span style=\"font-weight: 400\">Link<\/span><\/a><\/li>\n<\/ul>\n<p>&nbsp;<\/p>\n<ul>\n<li><b>Epidemiology and Infection<\/b><span style=\"font-weight: 400\">: A journal focused on the study of epidemiology and infectious diseases.<\/span><a href=\"https:\/\/www.cambridge.org\/core\/journals\/epidemiology-and-infection\"> <span style=\"font-weight: 400\">Link<\/span><span style=\"font-weight: 400\"><br \/>\n<\/span><\/a><\/li>\n<\/ul>\n","protected":false},"excerpt":{"rendered":"<p>Society &amp; Animals: Focuses on the relationship between humans and animals, exploring the social, cultural, and ethical aspects. Link &nbsp; Journal of Human-Animal Studies: A multidisciplinary journal examining the interaction &hellip; <a href=\"https:\/\/sites.rutgers.edu\/shifa-ana\/resources\/journals\/\" class=\"\">Read More<\/a><\/p>\n","protected":false},"author":3684,"featured_media":0,"parent":433,"menu_order":0,"comment_status":"closed","ping_status":"closed","template":"","meta":{"_acf_changed":false,"footnotes":""},"class_list":["post-779","page","type-page","status-publish","hentry"],"acf":[],"yoast_head":"<!-- This site is optimized with the Yoast SEO plugin v23.5 - https:\/\/yoast.com\/wordpress\/plugins\/seo\/ -->\n<title>Journals - SHIFA-ANA: Healing Histories of Death and Disease in Anatolia<\/title>\n<meta name=\"robots\" content=\"index, follow, max-snippet:-1, max-image-preview:large, max-video-preview:-1\" \/>\n<link rel=\"canonical\" href=\"https:\/\/sites.rutgers.edu\/shifa-ana\/resources\/journals\/\" \/>\n<meta property=\"og:locale\" content=\"en_US\" \/>\n<meta property=\"og:type\" content=\"article\" \/>\n<meta property=\"og:title\" content=\"Journals - SHIFA-ANA: Healing Histories of Death and Disease in Anatolia\" \/>\n<meta property=\"og:description\" content=\"Society &amp; Animals: Focuses on the relationship between humans and animals, exploring the social, cultural, and ethical aspects. Link &nbsp; Journal of Human-Animal Studies: A multidisciplinary journal examining the interaction &hellip; Read More\" \/>\n<meta property=\"og:url\" content=\"https:\/\/sites.rutgers.edu\/shifa-ana\/resources\/journals\/\" \/>\n<meta property=\"og:site_name\" content=\"SHIFA-ANA: Healing Histories of Death and Disease in Anatolia\" \/>\n<meta property=\"article:modified_time\" content=\"2025-05-06T13:32:34+00:00\" \/>\n<meta name=\"twitter:card\" content=\"summary_large_image\" \/>\n<meta name=\"twitter:label1\" content=\"Est. reading time\" \/>\n\t<meta name=\"twitter:data1\" content=\"2 minutes\" \/>\n<script type=\"application\/ld+json\" class=\"yoast-schema-graph\">{\"@context\":\"https:\/\/schema.org\",\"@graph\":[{\"@type\":\"WebPage\",\"@id\":\"https:\/\/sites.rutgers.edu\/shifa-ana\/resources\/journals\/\",\"url\":\"https:\/\/sites.rutgers.edu\/shifa-ana\/resources\/journals\/\",\"name\":\"Journals - SHIFA-ANA: Healing Histories of Death and Disease in Anatolia\",\"isPartOf\":{\"@id\":\"https:\/\/sites.rutgers.edu\/shifa-ana\/#website\"},\"datePublished\":\"2025-05-06T13:28:50+00:00\",\"dateModified\":\"2025-05-06T13:32:34+00:00\",\"breadcrumb\":{\"@id\":\"https:\/\/sites.rutgers.edu\/shifa-ana\/resources\/journals\/#breadcrumb\"},\"inLanguage\":\"en-US\",\"potentialAction\":[{\"@type\":\"ReadAction\",\"target\":[\"https:\/\/sites.rutgers.edu\/shifa-ana\/resources\/journals\/\"]}]},{\"@type\":\"BreadcrumbList\",\"@id\":\"https:\/\/sites.rutgers.edu\/shifa-ana\/resources\/journals\/#breadcrumb\",\"itemListElement\":[{\"@type\":\"ListItem\",\"position\":1,\"name\":\"Home\",\"item\":\"https:\/\/sites.rutgers.edu\/shifa-ana\/\"},{\"@type\":\"ListItem\",\"position\":2,\"name\":\"Resources\",\"item\":\"https:\/\/sites.rutgers.edu\/shifa-ana\/resources\/\"},{\"@type\":\"ListItem\",\"position\":3,\"name\":\"Journals\"}]},{\"@type\":\"WebSite\",\"@id\":\"https:\/\/sites.rutgers.edu\/shifa-ana\/#website\",\"url\":\"https:\/\/sites.rutgers.edu\/shifa-ana\/\",\"name\":\"SHIFA-ANA: Healing Histories of Death and Disease in Anatolia\",\"description\":\"\",\"potentialAction\":[{\"@type\":\"SearchAction\",\"target\":{\"@type\":\"EntryPoint\",\"urlTemplate\":\"https:\/\/sites.rutgers.edu\/shifa-ana\/?s={search_term_string}\"},\"query-input\":{\"@type\":\"PropertyValueSpecification\",\"valueRequired\":true,\"valueName\":\"search_term_string\"}}],\"inLanguage\":\"en-US\"}]}<\/script>\n<!-- \/ Yoast SEO plugin. -->","yoast_head_json":{"title":"Journals - SHIFA-ANA: Healing Histories of Death and Disease in Anatolia","robots":{"index":"index","follow":"follow","max-snippet":"max-snippet:-1","max-image-preview":"max-image-preview:large","max-video-preview":"max-video-preview:-1"},"canonical":"https:\/\/sites.rutgers.edu\/shifa-ana\/resources\/journals\/","og_locale":"en_US","og_type":"article","og_title":"Journals - SHIFA-ANA: Healing Histories of Death and Disease in Anatolia","og_description":"Society &amp; Animals: Focuses on the relationship between humans and animals, exploring the social, cultural, and ethical aspects. Link &nbsp; Journal of Human-Animal Studies: A multidisciplinary journal examining the interaction &hellip; Read More","og_url":"https:\/\/sites.rutgers.edu\/shifa-ana\/resources\/journals\/","og_site_name":"SHIFA-ANA: Healing Histories of Death and Disease in Anatolia","article_modified_time":"2025-05-06T13:32:34+00:00","twitter_card":"summary_large_image","twitter_misc":{"Est. reading time":"2 minutes"},"schema":{"@context":"https:\/\/schema.org","@graph":[{"@type":"WebPage","@id":"https:\/\/sites.rutgers.edu\/shifa-ana\/resources\/journals\/","url":"https:\/\/sites.rutgers.edu\/shifa-ana\/resources\/journals\/","name":"Journals - SHIFA-ANA: Healing Histories of Death and Disease in Anatolia","isPartOf":{"@id":"https:\/\/sites.rutgers.edu\/shifa-ana\/#website"},"datePublished":"2025-05-06T13:28:50+00:00","dateModified":"2025-05-06T13:32:34+00:00","breadcrumb":{"@id":"https:\/\/sites.rutgers.edu\/shifa-ana\/resources\/journals\/#breadcrumb"},"inLanguage":"en-US","potentialAction":[{"@type":"ReadAction","target":["https:\/\/sites.rutgers.edu\/shifa-ana\/resources\/journals\/"]}]},{"@type":"BreadcrumbList","@id":"https:\/\/sites.rutgers.edu\/shifa-ana\/resources\/journals\/#breadcrumb","itemListElement":[{"@type":"ListItem","position":1,"name":"Home","item":"https:\/\/sites.rutgers.edu\/shifa-ana\/"},{"@type":"ListItem","position":2,"name":"Resources","item":"https:\/\/sites.rutgers.edu\/shifa-ana\/resources\/"},{"@type":"ListItem","position":3,"name":"Journals"}]},{"@type":"WebSite","@id":"https:\/\/sites.rutgers.edu\/shifa-ana\/#website","url":"https:\/\/sites.rutgers.edu\/shifa-ana\/","name":"SHIFA-ANA: Healing Histories of Death and Disease in Anatolia","description":"","potentialAction":[{"@type":"SearchAction","target":{"@type":"EntryPoint","urlTemplate":"https:\/\/sites.rutgers.edu\/shifa-ana\/?s={search_term_string}"},"query-input":{"@type":"PropertyValueSpecification","valueRequired":true,"valueName":"search_term_string"}}],"inLanguage":"en-US"}]}},"_links":{"self":[{"href":"https:\/\/sites.rutgers.edu\/shifa-ana\/wp-json\/wp\/v2\/pages\/779"}],"collection":[{"href":"https:\/\/sites.rutgers.edu\/shifa-ana\/wp-json\/wp\/v2\/pages"}],"about":[{"href":"https:\/\/sites.rutgers.edu\/shifa-ana\/wp-json\/wp\/v2\/types\/page"}],"author":[{"embeddable":true,"href":"https:\/\/sites.rutgers.edu\/shifa-ana\/wp-json\/wp\/v2\/users\/3684"}],"replies":[{"embeddable":true,"href":"https:\/\/sites.rutgers.edu\/shifa-ana\/wp-json\/wp\/v2\/comments?post=779"}],"version-history":[{"count":4,"href":"https:\/\/sites.rutgers.edu\/shifa-ana\/wp-json\/wp\/v2\/pages\/779\/revisions"}],"predecessor-version":[{"id":783,"href":"https:\/\/sites.rutgers.edu\/shifa-ana\/wp-json\/wp\/v2\/pages\/779\/revisions\/783"}],"up":[{"embeddable":true,"href":"https:\/\/sites.rutgers.edu\/shifa-ana\/wp-json\/wp\/v2\/pages\/433"}],"wp:attachment":[{"href":"https:\/\/sites.rutgers.edu\/shifa-ana\/wp-json\/wp\/v2\/media?parent=779"}],"curies":[{"name":"wp","href":"https:\/\/api.w.org\/{rel}","templated":true}]}}