{"id":786,"date":"2025-05-06T13:36:31","date_gmt":"2025-05-06T13:36:31","guid":{"rendered":"https:\/\/sites.rutgers.edu\/shifa-ana\/?page_id=786"},"modified":"2025-05-06T13:36:31","modified_gmt":"2025-05-06T13:36:31","slug":"digital-collections","status":"publish","type":"page","link":"https:\/\/sites.rutgers.edu\/shifa-ana\/digital-collections\/","title":{"rendered":"Digital Collections"},"content":{"rendered":"<ul>\n<li style=\"font-weight: 400\"><b>Encyclopaedia of Islam (Brill)<\/b><span style=\"font-weight: 400\">: A comprehensive reference work on Islam. <\/span><a href=\"https:\/\/referenceworks.brill.com\/display\/package\/eio\"><span style=\"font-weight: 400\">Link<\/span><span style=\"font-weight: 400\">\n<p><\/span><\/a><\/li>\n<\/ul>\n<p>&nbsp;<\/p>\n<ul>\n<li style=\"font-weight: 400\"><b>T\u00fcrkiye Diyanet Foundation Encyclopedia<\/b><span style=\"font-weight: 400\">: A Turkish encyclopedia of Islam. <\/span><a href=\"https:\/\/islamansiklopedisi.org.tr\"><span style=\"font-weight: 400\">Link<\/span><span style=\"font-weight: 400\">\n<p><\/span><\/a><\/li>\n<\/ul>\n<p>&nbsp;<\/p>\n<ul>\n<li style=\"font-weight: 400\"><b>B\u00fcy\u00fck \u0130stanbul Tarihi<\/b><span style=\"font-weight: 400\">: History of Istanbul. <\/span><a href=\"https:\/\/istanbultarihi.ist\"><span style=\"font-weight: 400\">Link<\/span><span style=\"font-weight: 400\">\n<p><\/span><\/a><\/li>\n<\/ul>\n<p>&nbsp;<\/p>\n<ul>\n<li style=\"font-weight: 400\"><b>Ulema Veri Taban\u0131<\/b><span style=\"font-weight: 400\">: Database for scholars interested in Islamic scholarship. <\/span><a href=\"https:\/\/ulema.isam.org.tr\/\"><span style=\"font-weight: 400\">Link<\/span><span style=\"font-weight: 400\">\n<p><\/span><\/a><\/li>\n<\/ul>\n<p>&nbsp;<\/p>\n<ul>\n<li style=\"font-weight: 400\"><b>Re\u015fat Ekrem Ko\u00e7u\u2019s Istanbul Encyclopedia<\/b><span style=\"font-weight: 400\">: Digitized version of Ko\u00e7u&#8217;s encyclopedia on Istanbul. <\/span><a href=\"https:\/\/istanbulansiklopedisi.org\"><span style=\"font-weight: 400\">Link<\/span><span style=\"font-weight: 400\">\n<p><\/span><\/a><\/li>\n<\/ul>\n<p>&nbsp;<\/p>\n<ul>\n<li style=\"font-weight: 400\"><b>Istanbul Qadi Sidjills<\/b><span style=\"font-weight: 400\">: Records of judicial proceedings from Istanbul&#8217;s Qadi courts. <\/span><a href=\"https:\/\/kadisicilleri.org\"><span style=\"font-weight: 400\">Link<\/span><span style=\"font-weight: 400\">\n<p><\/span><\/a><\/li>\n<\/ul>\n<p>&nbsp;<\/p>\n<ul>\n<li style=\"font-weight: 400\"><b>Hayvan\u00e2t: Animal History Network<\/b><span style=\"font-weight: 400\">: A network for animal history scholars. <\/span><a href=\"https:\/\/hayvanat.bilgi.org.tr\/\"><span style=\"font-weight: 400\">Link<\/span><span style=\"font-weight: 400\">\n<p><\/span><\/a><\/li>\n<\/ul>\n<p>&nbsp;<\/p>\n<ul>\n<li style=\"font-weight: 400\"><b>Animals &amp; Society Institute<\/b><span style=\"font-weight: 400\">: Focuses on the social sciences and animals. <\/span><a href=\"https:\/\/www.animalsandsociety.org\/\"><span style=\"font-weight: 400\">Link<\/span><span style=\"font-weight: 400\">\n<p><\/span><\/a><\/li>\n<\/ul>\n<p>&nbsp;<\/p>\n<ul>\n<li style=\"font-weight: 400\"><b>TORCH | The Oxford Research Centre in the Humanities<\/b><span style=\"font-weight: 400\">: A hub for interdisciplinary research. <\/span><a href=\"https:\/\/torch.ox.ac.uk\/\"><span style=\"font-weight: 400\">Link<\/span><span style=\"font-weight: 400\">\n<p><\/span><\/a><\/li>\n<\/ul>\n<p>&nbsp;<\/p>\n<ul>\n<li style=\"font-weight: 400\"><b>History of Medicine at the National Library of Medicine<\/b><span style=\"font-weight: 400\">: Collection and research resources in medical <\/span><span style=\"font-weight: 400\">history. <\/span><a href=\"https:\/\/www.nlm.nih.gov\/hmd\/index.html\"><span style=\"font-weight: 400\">Link<\/span><span style=\"font-weight: 400\">\n<p><\/span><\/a><\/li>\n<\/ul>\n<p>&nbsp;<\/p>\n<ul>\n<li style=\"font-weight: 400\"><b>Library of Congress Digital Collections<\/b><span style=\"font-weight: 400\">: A vast digital collection across many disciplines. <\/span><a href=\"https:\/\/www.loc.gov\/collections\/\"><span style=\"font-weight: 400\">Link<\/span><span style=\"font-weight: 400\">\n<p><\/span><\/a><\/li>\n<\/ul>\n<p>&nbsp;<\/p>\n<ul>\n<li style=\"font-weight: 400\"><b>The Preprint Server for Biology (bioRxiv)<\/b><span style=\"font-weight: 400\">: Platform for biology-related preprints. <\/span><a href=\"https:\/\/osf.io\/preprints\/bodoarxiv\"><span style=\"font-weight: 400\">Link<\/span><span style=\"font-weight: 400\">\n<p><\/span><\/a><\/li>\n<\/ul>\n<p>&nbsp;<\/p>\n<ul>\n<li style=\"font-weight: 400\"><b>History of Science Society<\/b><span style=\"font-weight: 400\">: Promotes research in the history of science. <\/span><a href=\"https:\/\/hssonline.org\/\"><span style=\"font-weight: 400\">Link<\/span><span style=\"font-weight: 400\">\n<p><\/span><\/a><\/li>\n<\/ul>\n<p>&nbsp;<\/p>\n<ul>\n<li style=\"font-weight: 400\"><b>The Ferik\u00f6y Protestant Cemetery Initiative<\/b><span style=\"font-weight: 400\">: Research project on an important Ottoman-era cemetery. <\/span><a href=\"https:\/\/ferikoycemetery.org\/\"><span style=\"font-weight: 400\">Link<\/span><span style=\"font-weight: 400\">\n<p><\/span><\/a><\/li>\n<\/ul>\n<p>&nbsp;<\/p>\n<ul>\n<li style=\"font-weight: 400\"><b>Consortium for History of Science, Technology and Medicine<\/b><span style=\"font-weight: 400\">: A collaborative group for historical research in science, technology, and medicine. <\/span><a href=\"https:\/\/www.chstm.org\/\"><span style=\"font-weight: 400\">Link<\/span><span style=\"font-weight: 400\">\n<p><\/span><\/a><\/li>\n<\/ul>\n<p>&nbsp;<\/p>\n<ul>\n<li style=\"font-weight: 400\"><b>Society for the Social History of Medicine<\/b><span style=\"font-weight: 400\">: Focuses on the social history of health and medicine. <\/span><a href=\"https:\/\/sshm.org\/\"><span style=\"font-weight: 400\">Link<\/span><span style=\"font-weight: 400\">\n<p><\/span><\/a><\/li>\n<\/ul>\n<p>&nbsp;<\/p>\n<ul>\n<li style=\"font-weight: 400\"><b>Rachel Carson Center<\/b><span style=\"font-weight: 400\">: A hub for environmental history research. <\/span><a href=\"https:\/\/www.carsoncenter.uni-muenchen.de\/index.html\"><span style=\"font-weight: 400\">Link<\/span><span style=\"font-weight: 400\">\n<p><\/span><\/a><\/li>\n<\/ul>\n<p>&nbsp;<\/p>\n<ul>\n<li style=\"font-weight: 400\"><b>The Global War Against the Rat and the Epistemic Emergence of Zoonosis<\/b><span style=\"font-weight: 400\">: Research focused on zoonotic diseases. <\/span><a href=\"https:\/\/wwrat.wp.st-andrews.ac.uk\/\"><span style=\"font-weight: 400\">Link<\/span><span style=\"font-weight: 400\">\n<p><\/span><\/a><\/li>\n<\/ul>\n<p>&nbsp;<\/p>\n<ul>\n<li style=\"font-weight: 400\"><b>Health in the Ottoman Empire<\/b><span style=\"font-weight: 400\">: Collection of research on Ottoman health practices. <\/span><a href=\"https:\/\/muslimheritage.com\/health-ottoman-empire\/\"><span style=\"font-weight: 400\">Link<\/span><span style=\"font-weight: 400\">\n<p><\/span><\/a><\/li>\n<\/ul>\n<p>&nbsp;<\/p>\n<ul>\n<li style=\"font-weight: 400\"><b>Ottoman Empire Family Tree<\/b><span style=\"font-weight: 400\">: A resource for family history of the Ottoman Empire. <\/span><a href=\"https:\/\/www.familysearch.org\/en\/blog\/ottoman-empire-family-tree\"><span style=\"font-weight: 400\">Link<\/span><span style=\"font-weight: 400\">\n<p><\/span><\/a><\/li>\n<\/ul>\n<p>&nbsp;<\/p>\n<ul>\n<li style=\"font-weight: 400\"><b>Find a Grave<\/b><span style=\"font-weight: 400\">: A website for finding burial locations of notable individuals. <\/span><a href=\"https:\/\/www.findagrave.com\"><span style=\"font-weight: 400\">Link<\/span><span style=\"font-weight: 400\">\n<p><\/span><\/a><\/li>\n<\/ul>\n<p>&nbsp;<\/p>\n<ul>\n<li style=\"font-weight: 400\"><b>BodoArXiv Works<\/b><span style=\"font-weight: 400\">: Preprints for scientific research. <\/span><a href=\"https:\/\/osf.io\/preprints\/bodoarxiv\"><span style=\"font-weight: 400\">Link<\/span><span style=\"font-weight: 400\">\n<p><\/span><\/a><\/li>\n<\/ul>\n<p>&nbsp;<\/p>\n<ul>\n<li style=\"font-weight: 400\"><b>bioRxiv<\/b><span style=\"font-weight: 400\">: Platform for biology research preprints. <\/span><a href=\"https:\/\/www.biorxiv.org\/\"><span style=\"font-weight: 400\">Link<\/span><span style=\"font-weight: 400\">\n<p><\/span><\/a><\/li>\n<\/ul>\n<p>&nbsp;<\/p>\n<ul>\n<li style=\"font-weight: 400\"><b>Cholera Digital Collection<\/b><span style=\"font-weight: 400\">: Overview and collection of cholera-related images and research.<\/span><a href=\"https:\/\/www.nlm.nih.gov\/hmd\/collections\/books\/digitized\/cholera\/index.html\"> <span style=\"font-weight: 400\">Link<\/span><span style=\"font-weight: 400\">\n<p><\/span><\/a><\/li>\n<\/ul>\n<p>&nbsp;<\/p>\n<ul>\n<li style=\"font-weight: 400\"><b>Contagion: Historical Views of Diseases and Epidemics<\/b><span style=\"font-weight: 400\">: Harvard&#8217;s online collection on diseases. <\/span><a href=\"https:\/\/library.harvard.edu\/collections\/contagion-historical-views-diseases-and-epidemics\"><span style=\"font-weight: 400\">Link<\/span><span style=\"font-weight: 400\">\n<p><\/span><\/a><\/li>\n<\/ul>\n<p>&nbsp;<\/p>\n<ul>\n<li style=\"font-weight: 400\"><b>GTOT (Gesellschaft f\u00fcr Turkologie, Osmanistik und T\u00fcrkeiforschung)<\/b><span style=\"font-weight: 400\">: A society for research on Turkic <\/span><span style=\"font-weight: 400\">and Ottoman studies. <\/span><a href=\"https:\/\/gtot.org\/en\/home-en\/\"><span style=\"font-weight: 400\">Link<\/span><span style=\"font-weight: 400\">\n<p><\/span><\/a><\/li>\n<\/ul>\n<p>&nbsp;<\/p>\n<ul>\n<li style=\"font-weight: 400\"><b>NEHT (Network for the Study of Environmental History of Turkey)<\/b><span style=\"font-weight: 400\">: A network focusing on environmental history in Turkey. <\/span><a href=\"https:\/\/www.envhistturkey.com\/\"><span style=\"font-weight: 400\">Link<\/span><span style=\"font-weight: 400\">\n<p><\/span><\/a><\/li>\n<\/ul>\n<p>&nbsp;<\/p>\n<ul>\n<li style=\"font-weight: 400\"><b>Springs Journal (Rachel Carson Center)<\/b><span style=\"font-weight: 400\">: Journal for environmental history research. <\/span><a href=\"https:\/\/springs-rcc.org\/\"><span style=\"font-weight: 400\">Link<\/span><span style=\"font-weight: 400\">\n<p><\/span><\/a><\/li>\n<\/ul>\n<p>&nbsp;<\/p>\n<ul>\n<li><b>Directory of Open Access Journals<\/b><span style=\"font-weight: 400\">: A collection of open-access journals.<\/span><a href=\"https:\/\/doaj.org\/\"> <span style=\"font-weight: 400\">Link<\/span><span style=\"font-weight: 400\"><br \/>\n<\/span><\/a><\/li>\n<\/ul>\n<p>&nbsp;<\/p>\n","protected":false},"excerpt":{"rendered":"<p>Encyclopaedia of Islam (Brill): A comprehensive reference work on Islam. Link &nbsp; T\u00fcrkiye Diyanet Foundation Encyclopedia: A Turkish encyclopedia of Islam. Link &nbsp; B\u00fcy\u00fck \u0130stanbul Tarihi: History of Istanbul. Link &hellip; <a href=\"https:\/\/sites.rutgers.edu\/shifa-ana\/digital-collections\/\" class=\"\">Read More<\/a><\/p>\n","protected":false},"author":3684,"featured_media":0,"parent":0,"menu_order":0,"comment_status":"closed","ping_status":"closed","template":"","meta":{"_acf_changed":false,"footnotes":""},"class_list":["post-786","page","type-page","status-publish","hentry"],"acf":[],"yoast_head":"<!-- This site is optimized with the Yoast SEO plugin v23.5 - https:\/\/yoast.com\/wordpress\/plugins\/seo\/ -->\n<title>Digital Collections - SHIFA-ANA: Healing Histories of Death and Disease in Anatolia<\/title>\n<meta name=\"robots\" content=\"index, follow, max-snippet:-1, max-image-preview:large, max-video-preview:-1\" \/>\n<link rel=\"canonical\" href=\"https:\/\/sites.rutgers.edu\/shifa-ana\/digital-collections\/\" \/>\n<meta property=\"og:locale\" content=\"en_US\" \/>\n<meta property=\"og:type\" content=\"article\" \/>\n<meta property=\"og:title\" content=\"Digital Collections - SHIFA-ANA: Healing Histories of Death and Disease in Anatolia\" \/>\n<meta property=\"og:description\" content=\"Encyclopaedia of Islam (Brill): A comprehensive reference work on Islam. Link &nbsp; T\u00fcrkiye Diyanet Foundation Encyclopedia: A Turkish encyclopedia of Islam. Link &nbsp; B\u00fcy\u00fck \u0130stanbul Tarihi: History of Istanbul. Link &hellip; Read More\" \/>\n<meta property=\"og:url\" content=\"https:\/\/sites.rutgers.edu\/shifa-ana\/digital-collections\/\" \/>\n<meta property=\"og:site_name\" content=\"SHIFA-ANA: Healing Histories of Death and Disease in Anatolia\" \/>\n<meta name=\"twitter:card\" content=\"summary_large_image\" \/>\n<meta name=\"twitter:label1\" content=\"Est. reading time\" \/>\n\t<meta name=\"twitter:data1\" content=\"2 minutes\" \/>\n<script type=\"application\/ld+json\" class=\"yoast-schema-graph\">{\"@context\":\"https:\/\/schema.org\",\"@graph\":[{\"@type\":\"WebPage\",\"@id\":\"https:\/\/sites.rutgers.edu\/shifa-ana\/digital-collections\/\",\"url\":\"https:\/\/sites.rutgers.edu\/shifa-ana\/digital-collections\/\",\"name\":\"Digital Collections - SHIFA-ANA: Healing Histories of Death and Disease in Anatolia\",\"isPartOf\":{\"@id\":\"https:\/\/sites.rutgers.edu\/shifa-ana\/#website\"},\"datePublished\":\"2025-05-06T13:36:31+00:00\",\"dateModified\":\"2025-05-06T13:36:31+00:00\",\"breadcrumb\":{\"@id\":\"https:\/\/sites.rutgers.edu\/shifa-ana\/digital-collections\/#breadcrumb\"},\"inLanguage\":\"en-US\",\"potentialAction\":[{\"@type\":\"ReadAction\",\"target\":[\"https:\/\/sites.rutgers.edu\/shifa-ana\/digital-collections\/\"]}]},{\"@type\":\"BreadcrumbList\",\"@id\":\"https:\/\/sites.rutgers.edu\/shifa-ana\/digital-collections\/#breadcrumb\",\"itemListElement\":[{\"@type\":\"ListItem\",\"position\":1,\"name\":\"Home\",\"item\":\"https:\/\/sites.rutgers.edu\/shifa-ana\/\"},{\"@type\":\"ListItem\",\"position\":2,\"name\":\"Digital Collections\"}]},{\"@type\":\"WebSite\",\"@id\":\"https:\/\/sites.rutgers.edu\/shifa-ana\/#website\",\"url\":\"https:\/\/sites.rutgers.edu\/shifa-ana\/\",\"name\":\"SHIFA-ANA: Healing Histories of Death and Disease in Anatolia\",\"description\":\"\",\"potentialAction\":[{\"@type\":\"SearchAction\",\"target\":{\"@type\":\"EntryPoint\",\"urlTemplate\":\"https:\/\/sites.rutgers.edu\/shifa-ana\/?s={search_term_string}\"},\"query-input\":{\"@type\":\"PropertyValueSpecification\",\"valueRequired\":true,\"valueName\":\"search_term_string\"}}],\"inLanguage\":\"en-US\"}]}<\/script>\n<!-- \/ Yoast SEO plugin. -->","yoast_head_json":{"title":"Digital Collections - SHIFA-ANA: Healing Histories of Death and Disease in Anatolia","robots":{"index":"index","follow":"follow","max-snippet":"max-snippet:-1","max-image-preview":"max-image-preview:large","max-video-preview":"max-video-preview:-1"},"canonical":"https:\/\/sites.rutgers.edu\/shifa-ana\/digital-collections\/","og_locale":"en_US","og_type":"article","og_title":"Digital Collections - SHIFA-ANA: Healing Histories of Death and Disease in Anatolia","og_description":"Encyclopaedia of Islam (Brill): A comprehensive reference work on Islam. Link &nbsp; T\u00fcrkiye Diyanet Foundation Encyclopedia: A Turkish encyclopedia of Islam. Link &nbsp; B\u00fcy\u00fck \u0130stanbul Tarihi: History of Istanbul. Link &hellip; Read More","og_url":"https:\/\/sites.rutgers.edu\/shifa-ana\/digital-collections\/","og_site_name":"SHIFA-ANA: Healing Histories of Death and Disease in Anatolia","twitter_card":"summary_large_image","twitter_misc":{"Est. reading time":"2 minutes"},"schema":{"@context":"https:\/\/schema.org","@graph":[{"@type":"WebPage","@id":"https:\/\/sites.rutgers.edu\/shifa-ana\/digital-collections\/","url":"https:\/\/sites.rutgers.edu\/shifa-ana\/digital-collections\/","name":"Digital Collections - SHIFA-ANA: Healing Histories of Death and Disease in Anatolia","isPartOf":{"@id":"https:\/\/sites.rutgers.edu\/shifa-ana\/#website"},"datePublished":"2025-05-06T13:36:31+00:00","dateModified":"2025-05-06T13:36:31+00:00","breadcrumb":{"@id":"https:\/\/sites.rutgers.edu\/shifa-ana\/digital-collections\/#breadcrumb"},"inLanguage":"en-US","potentialAction":[{"@type":"ReadAction","target":["https:\/\/sites.rutgers.edu\/shifa-ana\/digital-collections\/"]}]},{"@type":"BreadcrumbList","@id":"https:\/\/sites.rutgers.edu\/shifa-ana\/digital-collections\/#breadcrumb","itemListElement":[{"@type":"ListItem","position":1,"name":"Home","item":"https:\/\/sites.rutgers.edu\/shifa-ana\/"},{"@type":"ListItem","position":2,"name":"Digital Collections"}]},{"@type":"WebSite","@id":"https:\/\/sites.rutgers.edu\/shifa-ana\/#website","url":"https:\/\/sites.rutgers.edu\/shifa-ana\/","name":"SHIFA-ANA: Healing Histories of Death and Disease in Anatolia","description":"","potentialAction":[{"@type":"SearchAction","target":{"@type":"EntryPoint","urlTemplate":"https:\/\/sites.rutgers.edu\/shifa-ana\/?s={search_term_string}"},"query-input":{"@type":"PropertyValueSpecification","valueRequired":true,"valueName":"search_term_string"}}],"inLanguage":"en-US"}]}},"_links":{"self":[{"href":"https:\/\/sites.rutgers.edu\/shifa-ana\/wp-json\/wp\/v2\/pages\/786"}],"collection":[{"href":"https:\/\/sites.rutgers.edu\/shifa-ana\/wp-json\/wp\/v2\/pages"}],"about":[{"href":"https:\/\/sites.rutgers.edu\/shifa-ana\/wp-json\/wp\/v2\/types\/page"}],"author":[{"embeddable":true,"href":"https:\/\/sites.rutgers.edu\/shifa-ana\/wp-json\/wp\/v2\/users\/3684"}],"replies":[{"embeddable":true,"href":"https:\/\/sites.rutgers.edu\/shifa-ana\/wp-json\/wp\/v2\/comments?post=786"}],"version-history":[{"count":1,"href":"https:\/\/sites.rutgers.edu\/shifa-ana\/wp-json\/wp\/v2\/pages\/786\/revisions"}],"predecessor-version":[{"id":787,"href":"https:\/\/sites.rutgers.edu\/shifa-ana\/wp-json\/wp\/v2\/pages\/786\/revisions\/787"}],"wp:attachment":[{"href":"https:\/\/sites.rutgers.edu\/shifa-ana\/wp-json\/wp\/v2\/media?parent=786"}],"curies":[{"name":"wp","href":"https:\/\/api.w.org\/{rel}","templated":true}]}}