{"id":790,"date":"2025-05-06T13:41:55","date_gmt":"2025-05-06T13:41:55","guid":{"rendered":"https:\/\/sites.rutgers.edu\/shifa-ana\/?page_id=790"},"modified":"2025-05-06T13:41:55","modified_gmt":"2025-05-06T13:41:55","slug":"libraries","status":"publish","type":"page","link":"https:\/\/sites.rutgers.edu\/shifa-ana\/libraries\/","title":{"rendered":"Libraries"},"content":{"rendered":"<ul>\n<li style=\"font-weight: 400\"><b>Libraries of Istanbul Municipality<\/b><span style=\"font-weight: 400\">: Public libraries in Istanbul. <\/span><a href=\"https:\/\/ataturkkitapligi.ibb.gov.tr\/tr\/Kitaplik\/Kutuphanelerimiz\"><span style=\"font-weight: 400\">Link<\/span><span style=\"font-weight: 400\">\n<p><\/span><\/a><\/li>\n<\/ul>\n<p>&nbsp;<\/p>\n<ul>\n<li style=\"font-weight: 400\"><b>ISAM Library<\/b><span style=\"font-weight: 400\">: Library focused on Islamic studies. <\/span><a href=\"https:\/\/kutuphane.isam.org.tr\/?navdil=eng\"><span style=\"font-weight: 400\">Link<\/span><span style=\"font-weight: 400\">\n<p><\/span><\/a><\/li>\n<\/ul>\n<p>&nbsp;<\/p>\n<ul>\n<li style=\"font-weight: 400\"><b>Bursa Metropolitan Municipality Libraries<\/b><span style=\"font-weight: 400\">: A searchable library system. <\/span><a href=\"http:\/\/kutuphane.bursa.bel.tr\/yordam\/\"><span style=\"font-weight: 400\">Link<\/span><span style=\"font-weight: 400\">\n<p><\/span><\/a><\/li>\n<\/ul>\n<p>&nbsp;<\/p>\n<ul>\n<li style=\"font-weight: 400\"><b>Countway Library (Harvard)<\/b><span style=\"font-weight: 400\">: Medical and historical research library. <\/span><a href=\"https:\/\/countway.harvard.edu\/\"><span style=\"font-weight: 400\">Link<\/span><span style=\"font-weight: 400\">\n<p><\/span><\/a><\/li>\n<\/ul>\n<p>&nbsp;<\/p>\n<ul>\n<li style=\"font-weight: 400\"><b>Medical Historical Library | Harvey Cushing\/John Hay Whitney Medical Library<\/b><span style=\"font-weight: 400\">: A medical history library <\/span><span style=\"font-weight: 400\">at Yale. <\/span><a href=\"http:\/\/www.nlm.nih.gov\/hmd\/\"><span style=\"font-weight: 400\">Link<\/span><span style=\"font-weight: 400\">\n<p><\/span><\/a><\/li>\n<\/ul>\n<p>&nbsp;<\/p>\n<ul>\n<li style=\"font-weight: 400\"><b>Lloyd Library<\/b><span style=\"font-weight: 400\">: Historical research on natural health. <\/span><a href=\"https:\/\/lloydlibrary.org\/\"><span style=\"font-weight: 400\">Link<\/span><span style=\"font-weight: 400\">\n<p><\/span><\/a><\/li>\n<\/ul>\n<p>&nbsp;<\/p>\n<ul>\n<li style=\"font-weight: 400\"><b>Welch Medical Library<\/b><span style=\"font-weight: 400\">: Historical collection at Johns Hopkins. <\/span><a href=\"https:\/\/hopkinshistoryofmedicine.org\/library\/\"><span style=\"font-weight: 400\">Link<\/span><span style=\"font-weight: 400\">\n<p><\/span><\/a><\/li>\n<\/ul>\n<p>&nbsp;<\/p>\n<ul>\n<li style=\"font-weight: 400\"><b>WHO Library<\/b><span style=\"font-weight: 400\">: World Health Organization&#8217;s library. <\/span><a href=\"http:\/\/www.who.int\/library\/en\/\"><span style=\"font-weight: 400\">Link<\/span><span style=\"font-weight: 400\">\n<p><\/span><\/a><\/li>\n<\/ul>\n<p>&nbsp;<\/p>\n<ul>\n<li style=\"font-weight: 400\"><b>Royal College of Physicians of Edinburgh | Library &amp; Archives<\/b><span style=\"font-weight: 400\">: Historical medical collection. <\/span><a href=\"https:\/\/www.rcpe.ac.uk\/library-archives\/sibbald-library-blog\/archives\"><span style=\"font-weight: 400\">Link<\/span><span style=\"font-weight: 400\">\n<p><\/span><\/a><\/li>\n<\/ul>\n<p>&nbsp;<\/p>\n<ul>\n<li style=\"font-weight: 400\"><b>Osler Library of the History of Medicine | McGill University<\/b><span style=\"font-weight: 400\">: Medical history library. <\/span><a href=\"http:\/\/www.mcgill.ca\/library\/branches\/osler\"><span style=\"font-weight: 400\">Link<\/span><span style=\"font-weight: 400\">\n<p><\/span><\/a><\/li>\n<\/ul>\n<p>&nbsp;<\/p>\n<ul>\n<li style=\"font-weight: 400\"><b>Milli K\u00fct\u00fcphane<\/b><span style=\"font-weight: 400\">: The National Library of Turkey. <\/span><a href=\"https:\/\/www.millikutuphane.gov.tr\"><span style=\"font-weight: 400\">Link<\/span><span style=\"font-weight: 400\">\n<p><\/span><\/a><\/li>\n<\/ul>\n<p>&nbsp;<\/p>\n<ul>\n<li style=\"font-weight: 400\"><b>S\u00fcleymaniye Yazma Eserler K\u00fct\u00fcphanesi<\/b><span style=\"font-weight: 400\">: Manuscript library in Istanbul. <\/span><a href=\"https:\/\/mk.gov.tr\/\"><span style=\"font-weight: 400\">Link<\/span><span style=\"font-weight: 400\">\n<p><\/span><\/a><\/li>\n<\/ul>\n<p>&nbsp;<\/p>\n<ul>\n<li style=\"font-weight: 400\"><b>Bilkent University Institutional Repository<\/b><span style=\"font-weight: 400\">: Digital repository of research at Bilkent University.<\/span><a href=\"https:\/\/repository.bilkent.edu.tr\/home\"> <span style=\"font-weight: 400\">Link<\/span><span style=\"font-weight: 400\">\n<p><\/span><\/a><\/li>\n<\/ul>\n<p>&nbsp;<\/p>\n<ul>\n<li style=\"font-weight: 400\"><b>METU Theses Collection<\/b><span style=\"font-weight: 400\">: Digital collection of graduate theses from METU. <\/span><a href=\"https:\/\/lib.metu.edu.tr\/metu-theses-collection-search\"><span style=\"font-weight: 400\">Link<\/span><span style=\"font-weight: 400\">\n<p><\/span><\/a><\/li>\n<\/ul>\n<p>&nbsp;<\/p>\n<ul>\n<li style=\"font-weight: 400\"><b>Ulusal Tez Merkezi<\/b><span style=\"font-weight: 400\">: Repository for graduate theses from Turkish universities. <\/span><a href=\"https:\/\/tez.yok.gov.tr\/UlusalTezMerkezi\"><span style=\"font-weight: 400\">Link<\/span><\/a><\/li>\n<\/ul>\n<p>&nbsp;<\/p>\n<ul>\n<li style=\"font-weight: 400\"><b>Ministry of Forest and Agriculture Istanbul Veterinary Control Institute (Tar\u0131m ve Orman Bakanl\u0131\u011f\u0131 \u0130stanbul Pendik Veteriner Kontrol Enstit\u00fcs\u00fc): <\/b><span style=\"font-weight: 400\">This institute operates under the Ministry of Agriculture and Forestry of Turkey and focuses on veterinary control and public health safety related to animal products. It is located in Pendik, Istanbul. <\/span><a href=\"https:\/\/vetkontrol.tarimorman.gov.tr\/pendik\/Menu\/58\/Proje-Ve-Yayin-Arsivi\"><span style=\"font-weight: 400\">Link<\/span><\/a><\/li>\n<\/ul>\n<p>&nbsp;<\/p>\n<ul>\n<li style=\"font-weight: 400\"><b>Clendening History of Medicine Library, The University of Kansas: <\/b><span style=\"font-weight: 400\">This library is dedicated to the history of medicine and provides resources for the study of medical history, including rare books, manuscripts, and historical medical records. <\/span><a href=\"https:\/\/www.kumc.edu\/school-of-medicine\/academics\/departments\/history-and-philosophy-of-medicine\/library.html\"><span style=\"font-weight: 400\">Link<\/span><span style=\"font-weight: 400\">\n<p><\/span><\/a><\/li>\n<\/ul>\n<p>&nbsp;<\/p>\n<ul>\n<li style=\"font-weight: 400\"><b>Historical Medical Library Collections | The College of Physicians of Philadelphia:<\/b><span style=\"font-weight: 400\"> Known for being one of the oldest medical libraries in the U.S., this collection features materials that trace the development of medicine and healthcare, including rare texts and medical artifacts. <\/span><a href=\"https:\/\/collegeofphysicians.org\/our-work\/historical-medical-library\"><span style=\"font-weight: 400\">Link<\/span><span style=\"font-weight: 400\">\n<p><\/span><\/a><\/li>\n<\/ul>\n<p>&nbsp;<\/p>\n<ul>\n<li style=\"font-weight: 400\"><b>Harvard University Center for the History of Medicine Libraries and Archives:<\/b><span style=\"font-weight: 400\"> Part of Harvard Medical School, this center holds a vast collection of rare medical books, manuscripts, and archives related to the history of medicine and healthcare. <\/span><a href=\"https:\/\/countway.harvard.edu\/center-history-medicine\"><span style=\"font-weight: 400\">Link<\/span><span style=\"font-weight: 400\">\n<p><\/span><\/a><\/li>\n<\/ul>\n<p>&nbsp;<\/p>\n<ul>\n<li style=\"font-weight: 400\"><b>DergiPark Digital Repository of Journal Articles Published in Turkey: <\/b><span style=\"font-weight: 400\">DergiPark is a digital platform for scholarly journals published in Turkey. It provides open access to research articles, journals, and other scholarly materials in various academic fields. <\/span><a href=\"https:\/\/dergipark.org.tr\/tr\/\"><span style=\"font-weight: 400\">Link<\/span><span style=\"font-weight: 400\">\n<p><\/span><\/a><\/li>\n<\/ul>\n<p>&nbsp;<\/p>\n<ul>\n<li style=\"font-weight: 400\"><b>Vak\u0131flar Genel M\u00fcd\u00fcrl\u00fc\u011f\u00fc K\u00fct\u00fcphanesi (Republic of Turkey General Directorate of Foundations Library): <\/b><span style=\"font-weight: 400\">This library is managed by the Turkish General Directorate of Foundations and holds a significant collection of rare books, manuscripts, and documents pertaining to Turkish culture, history, and foundations. <\/span><a href=\"https:\/\/kutuphane.vgm.gov.tr\/yordam\/?p=0&amp;dil=0\"><span style=\"font-weight: 400\">Link<\/span><span style=\"font-weight: 400\">\n<p><\/span><\/a><\/li>\n<\/ul>\n<p>&nbsp;<\/p>\n<ul>\n<li style=\"font-weight: 400\"><b>biblioPera Beyo\u011flu Ara\u015ft\u0131rma Merkezleri A\u011f\u0131: <\/b><span style=\"font-weight: 400\">A research library network in Beyo\u011flu, Istanbul, focused on providing access to a variety of academic resources, including books, journals, and research papers related to different fields of study. <\/span><a href=\"https:\/\/bibliopera.org\"><span style=\"font-weight: 400\">Link<\/span><span style=\"font-weight: 400\">\n<p><\/span><\/a><\/li>\n<\/ul>\n<p>&nbsp;<\/p>\n<ul>\n<li style=\"font-weight: 400\"><b>IRCICA (Islamic Research Center for Islamic Civilization and History): <\/b><span style=\"font-weight: 400\">IRCICA is an institution that promotes research on Islamic culture and civilization. It has a collection of rare books, manuscripts, and other resources related to Islamic history, science, and culture. <\/span><a href=\"https:\/\/www.ircica.org\/\"><span style=\"font-weight: 400\">Link<\/span><span style=\"font-weight: 400\">\n<p><\/span><\/a><\/li>\n<\/ul>\n<p>&nbsp;<\/p>\n<ul>\n<li style=\"font-weight: 400\"><b>Europeana: <\/b><span style=\"font-weight: 400\">Europeana is a digital platform that provides access to millions of digitized items from Europe\u2019s cultural heritage. This includes books, artworks, music, and archival materials from libraries, museums, and galleries across Europe. <\/span><a href=\"https:\/\/www.europeana.eu\/en\"><span style=\"font-weight: 400\">Link<\/span><span style=\"font-weight: 400\">\n<p><\/span><\/a><\/li>\n<\/ul>\n<p>&nbsp;<\/p>\n<ul>\n<li style=\"font-weight: 400\"><b>Internet Archive: <\/b><span style=\"font-weight: 400\">The Internet Archive is a nonprofit digital library offering free access to a vast collection of digitized books, websites, audio, and video. It is dedicated to preserving the digital history of the world.<\/span><span style=\"font-weight: 400\">\n<p><\/span><\/li>\n<\/ul>\n<p>&nbsp;<\/p>\n<ul>\n<li style=\"font-weight: 400\"><b>HathiTrust Digital Library: <\/b><span style=\"font-weight: 400\">HathiTrust is a partnership of academic and research institutions that offers a collection of millions of digitized books, journals, and other materials, many of which are in the public domain. <\/span><a href=\"https:\/\/www.hathitrust.org\/\"><span style=\"font-weight: 400\">Link<\/span><span style=\"font-weight: 400\">\n<p><\/span><\/a><\/li>\n<\/ul>\n<p>&nbsp;<\/p>\n<ul>\n<li style=\"font-weight: 400\"><b>World Digital Library: <\/b><span style=\"font-weight: 400\">Managed by the Library of Congress, the World Digital Library provides free access to significant cultural materials from libraries and archives around the world, including rare manuscripts, maps, photographs, and more. <\/span><a href=\"https:\/\/www.loc.gov\/collections\/world-digital-library\/\"><span style=\"font-weight: 400\">Link<\/span><span style=\"font-weight: 400\">\n<p><\/span><\/a><\/li>\n<\/ul>\n<p>&nbsp;<\/p>\n<ul>\n<li style=\"font-weight: 400\"><b>National Library of Medicine: <\/b><span style=\"font-weight: 400\">The National Library of Medicine (NLM) is a division of the U.S. National Institutes of Health. It houses a wealth of medical information, including articles, journals, and medical research papers, accessible through PubMed Central (PMC). <\/span><a href=\"https:\/\/pmc.ncbi.nlm.nih.gov\/\"><span style=\"font-weight: 400\">Link<\/span><\/a><\/li>\n<\/ul>\n","protected":false},"excerpt":{"rendered":"<p>Libraries of Istanbul Municipality: Public libraries in Istanbul. Link &nbsp; ISAM Library: Library focused on Islamic studies. Link &nbsp; Bursa Metropolitan Municipality Libraries: A searchable library system. Link &nbsp; Countway &hellip; <a href=\"https:\/\/sites.rutgers.edu\/shifa-ana\/libraries\/\" class=\"\">Read More<\/a><\/p>\n","protected":false},"author":3684,"featured_media":0,"parent":0,"menu_order":0,"comment_status":"closed","ping_status":"closed","template":"","meta":{"_acf_changed":false,"footnotes":""},"class_list":["post-790","page","type-page","status-publish","hentry"],"acf":[],"yoast_head":"<!-- This site is optimized with the Yoast SEO plugin v23.5 - https:\/\/yoast.com\/wordpress\/plugins\/seo\/ -->\n<title>Libraries - SHIFA-ANA: Healing Histories of Death and Disease in Anatolia<\/title>\n<meta name=\"robots\" content=\"index, follow, max-snippet:-1, max-image-preview:large, max-video-preview:-1\" \/>\n<link rel=\"canonical\" href=\"https:\/\/sites.rutgers.edu\/shifa-ana\/libraries\/\" \/>\n<meta property=\"og:locale\" content=\"en_US\" \/>\n<meta property=\"og:type\" content=\"article\" \/>\n<meta property=\"og:title\" content=\"Libraries - SHIFA-ANA: Healing Histories of Death and Disease in Anatolia\" \/>\n<meta property=\"og:description\" content=\"Libraries of Istanbul Municipality: Public libraries in Istanbul. Link &nbsp; ISAM Library: Library focused on Islamic studies. Link &nbsp; Bursa Metropolitan Municipality Libraries: A searchable library system. Link &nbsp; Countway &hellip; Read More\" \/>\n<meta property=\"og:url\" content=\"https:\/\/sites.rutgers.edu\/shifa-ana\/libraries\/\" \/>\n<meta property=\"og:site_name\" content=\"SHIFA-ANA: Healing Histories of Death and Disease in Anatolia\" \/>\n<meta name=\"twitter:card\" content=\"summary_large_image\" \/>\n<meta name=\"twitter:label1\" content=\"Est. reading time\" \/>\n\t<meta name=\"twitter:data1\" content=\"3 minutes\" \/>\n<script type=\"application\/ld+json\" class=\"yoast-schema-graph\">{\"@context\":\"https:\/\/schema.org\",\"@graph\":[{\"@type\":\"WebPage\",\"@id\":\"https:\/\/sites.rutgers.edu\/shifa-ana\/libraries\/\",\"url\":\"https:\/\/sites.rutgers.edu\/shifa-ana\/libraries\/\",\"name\":\"Libraries - SHIFA-ANA: Healing Histories of Death and Disease in Anatolia\",\"isPartOf\":{\"@id\":\"https:\/\/sites.rutgers.edu\/shifa-ana\/#website\"},\"datePublished\":\"2025-05-06T13:41:55+00:00\",\"dateModified\":\"2025-05-06T13:41:55+00:00\",\"breadcrumb\":{\"@id\":\"https:\/\/sites.rutgers.edu\/shifa-ana\/libraries\/#breadcrumb\"},\"inLanguage\":\"en-US\",\"potentialAction\":[{\"@type\":\"ReadAction\",\"target\":[\"https:\/\/sites.rutgers.edu\/shifa-ana\/libraries\/\"]}]},{\"@type\":\"BreadcrumbList\",\"@id\":\"https:\/\/sites.rutgers.edu\/shifa-ana\/libraries\/#breadcrumb\",\"itemListElement\":[{\"@type\":\"ListItem\",\"position\":1,\"name\":\"Home\",\"item\":\"https:\/\/sites.rutgers.edu\/shifa-ana\/\"},{\"@type\":\"ListItem\",\"position\":2,\"name\":\"Libraries\"}]},{\"@type\":\"WebSite\",\"@id\":\"https:\/\/sites.rutgers.edu\/shifa-ana\/#website\",\"url\":\"https:\/\/sites.rutgers.edu\/shifa-ana\/\",\"name\":\"SHIFA-ANA: Healing Histories of Death and Disease in Anatolia\",\"description\":\"\",\"potentialAction\":[{\"@type\":\"SearchAction\",\"target\":{\"@type\":\"EntryPoint\",\"urlTemplate\":\"https:\/\/sites.rutgers.edu\/shifa-ana\/?s={search_term_string}\"},\"query-input\":{\"@type\":\"PropertyValueSpecification\",\"valueRequired\":true,\"valueName\":\"search_term_string\"}}],\"inLanguage\":\"en-US\"}]}<\/script>\n<!-- \/ Yoast SEO plugin. -->","yoast_head_json":{"title":"Libraries - SHIFA-ANA: Healing Histories of Death and Disease in Anatolia","robots":{"index":"index","follow":"follow","max-snippet":"max-snippet:-1","max-image-preview":"max-image-preview:large","max-video-preview":"max-video-preview:-1"},"canonical":"https:\/\/sites.rutgers.edu\/shifa-ana\/libraries\/","og_locale":"en_US","og_type":"article","og_title":"Libraries - SHIFA-ANA: Healing Histories of Death and Disease in Anatolia","og_description":"Libraries of Istanbul Municipality: Public libraries in Istanbul. Link &nbsp; ISAM Library: Library focused on Islamic studies. Link &nbsp; Bursa Metropolitan Municipality Libraries: A searchable library system. Link &nbsp; Countway &hellip; Read More","og_url":"https:\/\/sites.rutgers.edu\/shifa-ana\/libraries\/","og_site_name":"SHIFA-ANA: Healing Histories of Death and Disease in Anatolia","twitter_card":"summary_large_image","twitter_misc":{"Est. reading time":"3 minutes"},"schema":{"@context":"https:\/\/schema.org","@graph":[{"@type":"WebPage","@id":"https:\/\/sites.rutgers.edu\/shifa-ana\/libraries\/","url":"https:\/\/sites.rutgers.edu\/shifa-ana\/libraries\/","name":"Libraries - SHIFA-ANA: Healing Histories of Death and Disease in Anatolia","isPartOf":{"@id":"https:\/\/sites.rutgers.edu\/shifa-ana\/#website"},"datePublished":"2025-05-06T13:41:55+00:00","dateModified":"2025-05-06T13:41:55+00:00","breadcrumb":{"@id":"https:\/\/sites.rutgers.edu\/shifa-ana\/libraries\/#breadcrumb"},"inLanguage":"en-US","potentialAction":[{"@type":"ReadAction","target":["https:\/\/sites.rutgers.edu\/shifa-ana\/libraries\/"]}]},{"@type":"BreadcrumbList","@id":"https:\/\/sites.rutgers.edu\/shifa-ana\/libraries\/#breadcrumb","itemListElement":[{"@type":"ListItem","position":1,"name":"Home","item":"https:\/\/sites.rutgers.edu\/shifa-ana\/"},{"@type":"ListItem","position":2,"name":"Libraries"}]},{"@type":"WebSite","@id":"https:\/\/sites.rutgers.edu\/shifa-ana\/#website","url":"https:\/\/sites.rutgers.edu\/shifa-ana\/","name":"SHIFA-ANA: Healing Histories of Death and Disease in Anatolia","description":"","potentialAction":[{"@type":"SearchAction","target":{"@type":"EntryPoint","urlTemplate":"https:\/\/sites.rutgers.edu\/shifa-ana\/?s={search_term_string}"},"query-input":{"@type":"PropertyValueSpecification","valueRequired":true,"valueName":"search_term_string"}}],"inLanguage":"en-US"}]}},"_links":{"self":[{"href":"https:\/\/sites.rutgers.edu\/shifa-ana\/wp-json\/wp\/v2\/pages\/790"}],"collection":[{"href":"https:\/\/sites.rutgers.edu\/shifa-ana\/wp-json\/wp\/v2\/pages"}],"about":[{"href":"https:\/\/sites.rutgers.edu\/shifa-ana\/wp-json\/wp\/v2\/types\/page"}],"author":[{"embeddable":true,"href":"https:\/\/sites.rutgers.edu\/shifa-ana\/wp-json\/wp\/v2\/users\/3684"}],"replies":[{"embeddable":true,"href":"https:\/\/sites.rutgers.edu\/shifa-ana\/wp-json\/wp\/v2\/comments?post=790"}],"version-history":[{"count":1,"href":"https:\/\/sites.rutgers.edu\/shifa-ana\/wp-json\/wp\/v2\/pages\/790\/revisions"}],"predecessor-version":[{"id":791,"href":"https:\/\/sites.rutgers.edu\/shifa-ana\/wp-json\/wp\/v2\/pages\/790\/revisions\/791"}],"wp:attachment":[{"href":"https:\/\/sites.rutgers.edu\/shifa-ana\/wp-json\/wp\/v2\/media?parent=790"}],"curies":[{"name":"wp","href":"https:\/\/api.w.org\/{rel}","templated":true}]}}