{"id":419,"date":"2020-07-10T14:33:24","date_gmt":"2020-07-10T14:33:24","guid":{"rendered":"http:\/\/sites.rutgers.edu\/yourhealthkiosks\/?page_id=419"},"modified":"2023-06-15T18:23:28","modified_gmt":"2023-06-15T18:23:28","slug":"about-us","status":"publish","type":"page","link":"https:\/\/sites.rutgers.edu\/yourhealthkiosk\/about-us\/","title":{"rendered":"About Us"},"content":{"rendered":"<div class=\"page-header\">\n<p><strong>Your Health Kiosk is a non-profit organization centered around promoting access to healthcare services via a digital platform that can be used in-person or over text. Based on your responses to our surveys, we will provide tailored messaging regarding relevant local healthcare and social services. Our community healthcare workers and navigators will also guide you through the process of utilizing these services.<\/strong><\/p>\n<\/div>\n<p><strong>Our mission is to use technology to reduce health inequity within our community. For you, that means we are dedicated to making it easier to find the resources you need within our network.<\/strong><\/p>\n<p><strong>We were founded at the Rutgers Robert Wood Johnson Medical School in New Brunswick, New Jersey, and will expand our services in the near future.<\/strong><\/p>\n<p>Your Health Kiosk es una organizaci\u00f3n sin fines de lucro centrada en promover el acceso a los servicios de atenci\u00f3n m\u00e9dica a trav\u00e9s de una plataforma digital que se puede usar en persona o por texto. Bas\u00e1ndonos en sus respuestas a nuestras encuestas, le proporcionaremos mensajes personalizados sobre servicios de atenci\u00f3n m\u00e9dica y sociales relevantes locales. Nuestros trabajadores de atenci\u00f3n m\u00e9dica y navegadores comunitarios tambi\u00e9n lo guiar\u00e1n en el proceso de utilizar estos servicios.<\/p>\n<p>Nuestra misi\u00f3n es usar la tecnolog\u00eda para reducir la desigualdad en la salud dentro de nuestra comunidad. Para usted, eso significa que estamos dedicados a hacer que sea m\u00e1s f\u00e1cil encontrar los recursos que necesita dentro de nuestra red.<\/p>\n<p>Fuimos fundados en la Escuela de Medicina Rutgers Robert Wood Johnson en New Brunswick, Nueva Jersey y expandiremos nuestros servicios en un futuro cercano.<\/p>\n","protected":false},"excerpt":{"rendered":"<p>Your Health Kiosk is a non-profit organization centered around promoting access to healthcare services via a digital platform that can be used in-person or over text. Based on your responses &hellip; <a href=\"https:\/\/sites.rutgers.edu\/yourhealthkiosk\/about-us\/\" class=\"\">Read More<\/a><\/p>\n","protected":false},"author":21,"featured_media":0,"parent":0,"menu_order":0,"comment_status":"closed","ping_status":"closed","template":"","meta":{"_acf_changed":false,"footnotes":""},"class_list":["post-419","page","type-page","status-publish","hentry"],"acf":[],"yoast_head":"<!-- This site is optimized with the Yoast SEO plugin v23.5 - https:\/\/yoast.com\/wordpress\/plugins\/seo\/ -->\n<title>About Us - Your Health Kiosk<\/title>\n<meta name=\"robots\" content=\"index, follow, max-snippet:-1, max-image-preview:large, max-video-preview:-1\" \/>\n<link rel=\"canonical\" href=\"https:\/\/sites.rutgers.edu\/yourhealthkiosk\/about-us\/\" \/>\n<meta property=\"og:locale\" content=\"en_US\" \/>\n<meta property=\"og:type\" content=\"article\" \/>\n<meta property=\"og:title\" content=\"About Us - Your Health Kiosk\" \/>\n<meta property=\"og:description\" content=\"Your Health Kiosk is a non-profit organization centered around promoting access to healthcare services via a digital platform that can be used in-person or over text. Based on your responses &hellip; Read More\" \/>\n<meta property=\"og:url\" content=\"https:\/\/sites.rutgers.edu\/yourhealthkiosk\/about-us\/\" \/>\n<meta property=\"og:site_name\" content=\"Your Health Kiosk\" \/>\n<meta property=\"article:modified_time\" content=\"2023-06-15T18:23:28+00:00\" \/>\n<meta name=\"twitter:card\" content=\"summary_large_image\" \/>\n<meta name=\"twitter:label1\" content=\"Est. reading time\" \/>\n\t<meta name=\"twitter:data1\" content=\"1 minute\" \/>\n<script type=\"application\/ld+json\" class=\"yoast-schema-graph\">{\"@context\":\"https:\/\/schema.org\",\"@graph\":[{\"@type\":\"WebPage\",\"@id\":\"https:\/\/sites.rutgers.edu\/yourhealthkiosk\/about-us\/\",\"url\":\"https:\/\/sites.rutgers.edu\/yourhealthkiosk\/about-us\/\",\"name\":\"About Us - Your Health Kiosk\",\"isPartOf\":{\"@id\":\"https:\/\/sites.rutgers.edu\/yourhealthkiosk\/#website\"},\"datePublished\":\"2020-07-10T14:33:24+00:00\",\"dateModified\":\"2023-06-15T18:23:28+00:00\",\"breadcrumb\":{\"@id\":\"https:\/\/sites.rutgers.edu\/yourhealthkiosk\/about-us\/#breadcrumb\"},\"inLanguage\":\"en-US\",\"potentialAction\":[{\"@type\":\"ReadAction\",\"target\":[\"https:\/\/sites.rutgers.edu\/yourhealthkiosk\/about-us\/\"]}]},{\"@type\":\"BreadcrumbList\",\"@id\":\"https:\/\/sites.rutgers.edu\/yourhealthkiosk\/about-us\/#breadcrumb\",\"itemListElement\":[{\"@type\":\"ListItem\",\"position\":1,\"name\":\"Home\",\"item\":\"https:\/\/sites.rutgers.edu\/yourhealthkiosk\/\"},{\"@type\":\"ListItem\",\"position\":2,\"name\":\"About Us\"}]},{\"@type\":\"WebSite\",\"@id\":\"https:\/\/sites.rutgers.edu\/yourhealthkiosk\/#website\",\"url\":\"https:\/\/sites.rutgers.edu\/yourhealthkiosk\/\",\"name\":\"Your Health Kiosk\",\"description\":\"\",\"potentialAction\":[{\"@type\":\"SearchAction\",\"target\":{\"@type\":\"EntryPoint\",\"urlTemplate\":\"https:\/\/sites.rutgers.edu\/yourhealthkiosk\/?s={search_term_string}\"},\"query-input\":{\"@type\":\"PropertyValueSpecification\",\"valueRequired\":true,\"valueName\":\"search_term_string\"}}],\"inLanguage\":\"en-US\"}]}<\/script>\n<!-- \/ Yoast SEO plugin. -->","yoast_head_json":{"title":"About Us - Your Health Kiosk","robots":{"index":"index","follow":"follow","max-snippet":"max-snippet:-1","max-image-preview":"max-image-preview:large","max-video-preview":"max-video-preview:-1"},"canonical":"https:\/\/sites.rutgers.edu\/yourhealthkiosk\/about-us\/","og_locale":"en_US","og_type":"article","og_title":"About Us - Your Health Kiosk","og_description":"Your Health Kiosk is a non-profit organization centered around promoting access to healthcare services via a digital platform that can be used in-person or over text. Based on your responses &hellip; Read More","og_url":"https:\/\/sites.rutgers.edu\/yourhealthkiosk\/about-us\/","og_site_name":"Your Health Kiosk","article_modified_time":"2023-06-15T18:23:28+00:00","twitter_card":"summary_large_image","twitter_misc":{"Est. reading time":"1 minute"},"schema":{"@context":"https:\/\/schema.org","@graph":[{"@type":"WebPage","@id":"https:\/\/sites.rutgers.edu\/yourhealthkiosk\/about-us\/","url":"https:\/\/sites.rutgers.edu\/yourhealthkiosk\/about-us\/","name":"About Us - Your Health Kiosk","isPartOf":{"@id":"https:\/\/sites.rutgers.edu\/yourhealthkiosk\/#website"},"datePublished":"2020-07-10T14:33:24+00:00","dateModified":"2023-06-15T18:23:28+00:00","breadcrumb":{"@id":"https:\/\/sites.rutgers.edu\/yourhealthkiosk\/about-us\/#breadcrumb"},"inLanguage":"en-US","potentialAction":[{"@type":"ReadAction","target":["https:\/\/sites.rutgers.edu\/yourhealthkiosk\/about-us\/"]}]},{"@type":"BreadcrumbList","@id":"https:\/\/sites.rutgers.edu\/yourhealthkiosk\/about-us\/#breadcrumb","itemListElement":[{"@type":"ListItem","position":1,"name":"Home","item":"https:\/\/sites.rutgers.edu\/yourhealthkiosk\/"},{"@type":"ListItem","position":2,"name":"About Us"}]},{"@type":"WebSite","@id":"https:\/\/sites.rutgers.edu\/yourhealthkiosk\/#website","url":"https:\/\/sites.rutgers.edu\/yourhealthkiosk\/","name":"Your Health Kiosk","description":"","potentialAction":[{"@type":"SearchAction","target":{"@type":"EntryPoint","urlTemplate":"https:\/\/sites.rutgers.edu\/yourhealthkiosk\/?s={search_term_string}"},"query-input":{"@type":"PropertyValueSpecification","valueRequired":true,"valueName":"search_term_string"}}],"inLanguage":"en-US"}]}},"_links":{"self":[{"href":"https:\/\/sites.rutgers.edu\/yourhealthkiosk\/wp-json\/wp\/v2\/pages\/419"}],"collection":[{"href":"https:\/\/sites.rutgers.edu\/yourhealthkiosk\/wp-json\/wp\/v2\/pages"}],"about":[{"href":"https:\/\/sites.rutgers.edu\/yourhealthkiosk\/wp-json\/wp\/v2\/types\/page"}],"author":[{"embeddable":true,"href":"https:\/\/sites.rutgers.edu\/yourhealthkiosk\/wp-json\/wp\/v2\/users\/21"}],"replies":[{"embeddable":true,"href":"https:\/\/sites.rutgers.edu\/yourhealthkiosk\/wp-json\/wp\/v2\/comments?post=419"}],"version-history":[{"count":9,"href":"https:\/\/sites.rutgers.edu\/yourhealthkiosk\/wp-json\/wp\/v2\/pages\/419\/revisions"}],"predecessor-version":[{"id":611,"href":"https:\/\/sites.rutgers.edu\/yourhealthkiosk\/wp-json\/wp\/v2\/pages\/419\/revisions\/611"}],"wp:attachment":[{"href":"https:\/\/sites.rutgers.edu\/yourhealthkiosk\/wp-json\/wp\/v2\/media?parent=419"}],"curies":[{"name":"wp","href":"https:\/\/api.w.org\/{rel}","templated":true}]}}