{"id":433,"date":"2020-07-10T15:02:44","date_gmt":"2020-07-10T15:02:44","guid":{"rendered":"http:\/\/sites.rutgers.edu\/yourhealthkiosks\/?page_id=433"},"modified":"2023-07-24T14:05:55","modified_gmt":"2023-07-24T14:05:55","slug":"resources","status":"publish","type":"page","link":"https:\/\/sites.rutgers.edu\/yourhealthkiosk\/resources\/","title":{"rendered":"Resources"},"content":{"rendered":"<p>Your Health Kiosk partnered with GOMO Health to develop a secure platform for us to learn more about you. Information you share with us will not leave our system and will only be used to recommend you services and guide the development of our organization. Click below to access the forms.<\/p>\n<p>Sus quioscos de salud se asociaron con GOMO Health para desarrollar una plataforma segura para aprender m\u00e1s sobre usted. La informaci\u00f3n que comparte con nosotros no saldr\u00e1 de nuestro sistema y solo se usar\u00e1 para recomendarle servicios y guiar el desarrollo de nuestra organizaci\u00f3n. Haga clic a continuaci\u00f3n para acceder a los formularios.<\/p>\n<p><a class=\"btn btn-primary\" href=\"https:\/\/rwjmyhealthkiosk.gomohealth.care\/enroll\/\" target=\"_self\" rel=\"noopener\">Forms<\/a><\/p>\n","protected":false},"excerpt":{"rendered":"<p>Your Health Kiosk partnered with GOMO Health to develop a secure platform for us to learn more about you. Information you share with us will not leave our system and &hellip; <a href=\"https:\/\/sites.rutgers.edu\/yourhealthkiosk\/resources\/\" class=\"\">Read More<\/a><\/p>\n","protected":false},"author":21,"featured_media":0,"parent":0,"menu_order":0,"comment_status":"closed","ping_status":"closed","template":"","meta":{"_acf_changed":false,"footnotes":""},"class_list":["post-433","page","type-page","status-publish","hentry"],"acf":[],"yoast_head":"<!-- This site is optimized with the Yoast SEO plugin v23.5 - https:\/\/yoast.com\/wordpress\/plugins\/seo\/ -->\n<title>Resources - Your Health Kiosk<\/title>\n<meta name=\"robots\" content=\"index, follow, max-snippet:-1, max-image-preview:large, max-video-preview:-1\" \/>\n<link rel=\"canonical\" href=\"https:\/\/sites.rutgers.edu\/yourhealthkiosk\/resources\/\" \/>\n<meta property=\"og:locale\" content=\"en_US\" \/>\n<meta property=\"og:type\" content=\"article\" \/>\n<meta property=\"og:title\" content=\"Resources - Your Health Kiosk\" \/>\n<meta property=\"og:description\" content=\"Your Health Kiosk partnered with GOMO Health to develop a secure platform for us to learn more about you. Information you share with us will not leave our system and &hellip; Read More\" \/>\n<meta property=\"og:url\" content=\"https:\/\/sites.rutgers.edu\/yourhealthkiosk\/resources\/\" \/>\n<meta property=\"og:site_name\" content=\"Your Health Kiosk\" \/>\n<meta property=\"article:modified_time\" content=\"2023-07-24T14:05:55+00:00\" \/>\n<meta name=\"twitter:card\" content=\"summary_large_image\" \/>\n<meta name=\"twitter:label1\" content=\"Est. reading time\" \/>\n\t<meta name=\"twitter:data1\" content=\"1 minute\" \/>\n<script type=\"application\/ld+json\" class=\"yoast-schema-graph\">{\"@context\":\"https:\/\/schema.org\",\"@graph\":[{\"@type\":\"WebPage\",\"@id\":\"https:\/\/sites.rutgers.edu\/yourhealthkiosk\/resources\/\",\"url\":\"https:\/\/sites.rutgers.edu\/yourhealthkiosk\/resources\/\",\"name\":\"Resources - Your Health Kiosk\",\"isPartOf\":{\"@id\":\"https:\/\/sites.rutgers.edu\/yourhealthkiosk\/#website\"},\"datePublished\":\"2020-07-10T15:02:44+00:00\",\"dateModified\":\"2023-07-24T14:05:55+00:00\",\"breadcrumb\":{\"@id\":\"https:\/\/sites.rutgers.edu\/yourhealthkiosk\/resources\/#breadcrumb\"},\"inLanguage\":\"en-US\",\"potentialAction\":[{\"@type\":\"ReadAction\",\"target\":[\"https:\/\/sites.rutgers.edu\/yourhealthkiosk\/resources\/\"]}]},{\"@type\":\"BreadcrumbList\",\"@id\":\"https:\/\/sites.rutgers.edu\/yourhealthkiosk\/resources\/#breadcrumb\",\"itemListElement\":[{\"@type\":\"ListItem\",\"position\":1,\"name\":\"Home\",\"item\":\"https:\/\/sites.rutgers.edu\/yourhealthkiosk\/\"},{\"@type\":\"ListItem\",\"position\":2,\"name\":\"Resources\"}]},{\"@type\":\"WebSite\",\"@id\":\"https:\/\/sites.rutgers.edu\/yourhealthkiosk\/#website\",\"url\":\"https:\/\/sites.rutgers.edu\/yourhealthkiosk\/\",\"name\":\"Your Health Kiosk\",\"description\":\"\",\"potentialAction\":[{\"@type\":\"SearchAction\",\"target\":{\"@type\":\"EntryPoint\",\"urlTemplate\":\"https:\/\/sites.rutgers.edu\/yourhealthkiosk\/?s={search_term_string}\"},\"query-input\":{\"@type\":\"PropertyValueSpecification\",\"valueRequired\":true,\"valueName\":\"search_term_string\"}}],\"inLanguage\":\"en-US\"}]}<\/script>\n<!-- \/ Yoast SEO plugin. -->","yoast_head_json":{"title":"Resources - Your Health Kiosk","robots":{"index":"index","follow":"follow","max-snippet":"max-snippet:-1","max-image-preview":"max-image-preview:large","max-video-preview":"max-video-preview:-1"},"canonical":"https:\/\/sites.rutgers.edu\/yourhealthkiosk\/resources\/","og_locale":"en_US","og_type":"article","og_title":"Resources - Your Health Kiosk","og_description":"Your Health Kiosk partnered with GOMO Health to develop a secure platform for us to learn more about you. Information you share with us will not leave our system and &hellip; Read More","og_url":"https:\/\/sites.rutgers.edu\/yourhealthkiosk\/resources\/","og_site_name":"Your Health Kiosk","article_modified_time":"2023-07-24T14:05:55+00:00","twitter_card":"summary_large_image","twitter_misc":{"Est. reading time":"1 minute"},"schema":{"@context":"https:\/\/schema.org","@graph":[{"@type":"WebPage","@id":"https:\/\/sites.rutgers.edu\/yourhealthkiosk\/resources\/","url":"https:\/\/sites.rutgers.edu\/yourhealthkiosk\/resources\/","name":"Resources - Your Health Kiosk","isPartOf":{"@id":"https:\/\/sites.rutgers.edu\/yourhealthkiosk\/#website"},"datePublished":"2020-07-10T15:02:44+00:00","dateModified":"2023-07-24T14:05:55+00:00","breadcrumb":{"@id":"https:\/\/sites.rutgers.edu\/yourhealthkiosk\/resources\/#breadcrumb"},"inLanguage":"en-US","potentialAction":[{"@type":"ReadAction","target":["https:\/\/sites.rutgers.edu\/yourhealthkiosk\/resources\/"]}]},{"@type":"BreadcrumbList","@id":"https:\/\/sites.rutgers.edu\/yourhealthkiosk\/resources\/#breadcrumb","itemListElement":[{"@type":"ListItem","position":1,"name":"Home","item":"https:\/\/sites.rutgers.edu\/yourhealthkiosk\/"},{"@type":"ListItem","position":2,"name":"Resources"}]},{"@type":"WebSite","@id":"https:\/\/sites.rutgers.edu\/yourhealthkiosk\/#website","url":"https:\/\/sites.rutgers.edu\/yourhealthkiosk\/","name":"Your Health Kiosk","description":"","potentialAction":[{"@type":"SearchAction","target":{"@type":"EntryPoint","urlTemplate":"https:\/\/sites.rutgers.edu\/yourhealthkiosk\/?s={search_term_string}"},"query-input":{"@type":"PropertyValueSpecification","valueRequired":true,"valueName":"search_term_string"}}],"inLanguage":"en-US"}]}},"_links":{"self":[{"href":"https:\/\/sites.rutgers.edu\/yourhealthkiosk\/wp-json\/wp\/v2\/pages\/433"}],"collection":[{"href":"https:\/\/sites.rutgers.edu\/yourhealthkiosk\/wp-json\/wp\/v2\/pages"}],"about":[{"href":"https:\/\/sites.rutgers.edu\/yourhealthkiosk\/wp-json\/wp\/v2\/types\/page"}],"author":[{"embeddable":true,"href":"https:\/\/sites.rutgers.edu\/yourhealthkiosk\/wp-json\/wp\/v2\/users\/21"}],"replies":[{"embeddable":true,"href":"https:\/\/sites.rutgers.edu\/yourhealthkiosk\/wp-json\/wp\/v2\/comments?post=433"}],"version-history":[{"count":17,"href":"https:\/\/sites.rutgers.edu\/yourhealthkiosk\/wp-json\/wp\/v2\/pages\/433\/revisions"}],"predecessor-version":[{"id":773,"href":"https:\/\/sites.rutgers.edu\/yourhealthkiosk\/wp-json\/wp\/v2\/pages\/433\/revisions\/773"}],"wp:attachment":[{"href":"https:\/\/sites.rutgers.edu\/yourhealthkiosk\/wp-json\/wp\/v2\/media?parent=433"}],"curies":[{"name":"wp","href":"https:\/\/api.w.org\/{rel}","templated":true}]}}